This is the mail archive of the gcc-testresults@gcc.gnu.org mailing list for the GCC project.


Index Nav: [Date Index] [Subject Index] [Author Index] [Thread Index]
Message Nav: [Date Prev] [Date Next] [Thread Prev] [Thread Next]
Other format: [Raw text]

Results for 4.7.0 20110328 (experimental) [trunk revision 171605] (GCC) testsuite on armv7l-unknown-linux-gnueabi


LAST_UPDATED: Mon Mar 28 14:15:01 UTC 2011 (revision 171605)

Native configuration is armv7l-unknown-linux-gnueabi

		=== libgomp tests ===


Running target unix

		=== libgomp Summary ===

# of expected passes		266
		=== libmudflap tests ===


Running target unix
FAIL: libmudflap.c/fail40-frag.c output pattern test
FAIL: libmudflap.c/pass49-frag.c execution test
FAIL: libmudflap.c/pass49-frag.c output pattern test
FAIL: libmudflap.c/pass49-frag.c execution test
FAIL: libmudflap.c/pass49-frag.c output pattern test
FAIL: libmudflap.c/pass51-frag.c execution test
FAIL: libmudflap.c/pass51-frag.c execution test
FAIL: libmudflap.c/fail40-frag.c (-static) output pattern test
FAIL: libmudflap.c/pass49-frag.c (-static) execution test
FAIL: libmudflap.c/pass49-frag.c (-static) output pattern test
FAIL: libmudflap.c/pass49-frag.c (-static) execution test
FAIL: libmudflap.c/pass49-frag.c (-static) output pattern test
FAIL: libmudflap.c/pass51-frag.c (-static) execution test
FAIL: libmudflap.c/pass51-frag.c (-static) execution test
FAIL: libmudflap.c/fail40-frag.c (-O2) output pattern test
FAIL: libmudflap.c/pass49-frag.c (-O2) execution test
FAIL: libmudflap.c/pass49-frag.c (-O2) output pattern test
FAIL: libmudflap.c/pass49-frag.c (-O2) execution test
FAIL: libmudflap.c/pass49-frag.c (-O2) output pattern test
FAIL: libmudflap.c/pass51-frag.c (-O2) execution test
FAIL: libmudflap.c/pass51-frag.c (-O2) execution test
FAIL: libmudflap.c/fail40-frag.c (-O3) output pattern test
FAIL: libmudflap.c/pass49-frag.c (-O3) execution test
FAIL: libmudflap.c/pass49-frag.c (-O3) output pattern test
FAIL: libmudflap.c/pass49-frag.c (-O3) execution test
FAIL: libmudflap.c/pass49-frag.c (-O3) output pattern test
FAIL: libmudflap.c/pass51-frag.c (-O3) execution test
FAIL: libmudflap.c/pass51-frag.c (-O3) execution test

		=== libmudflap Summary ===

# of expected passes		1712
# of unexpected failures	28
# of unsupported tests		2
		=== gcc tests ===


Running target unix
FAIL: gcc.c-torture/compile/980504-1.c  -O3 -g  (internal compiler error)
FAIL: gcc.c-torture/compile/980504-1.c  -O3 -g  (test for excess errors)
FAIL: gcc.c-torture/execute/20000419-1.c compilation,  -O3 -g  (internal compiler error)
UNRESOLVED: gcc.c-torture/execute/20000419-1.c execution,  -O3 -g 
FAIL: gcc.c-torture/execute/20000707-1.c compilation,  -O3 -g  (internal compiler error)
UNRESOLVED: gcc.c-torture/execute/20000707-1.c execution,  -O3 -g 
FAIL: gcc.dg/c99-stdint-1.c (test for excess errors)
FAIL: gcc.dg/c99-stdint-7.c (test for excess errors)
FAIL: gcc.dg/cproj-fails-with-broken-glibc.c execution test
FAIL: gcc.dg/pr17957.c (internal compiler error)
FAIL: gcc.dg/pr17957.c (test for excess errors)
FAIL: gcc.dg/uninit-13.c unconditional (test for warnings, line 8)
FAIL: gcc.dg/uninit-13.c (test for excess errors)
FAIL: gcc.dg/pch/common-1.c   -O1  -I. (internal compiler error)
FAIL: gcc.dg/pch/common-1.c   -O1  -I. (test for excess errors)
FAIL: gcc.dg/pch/common-1.c   -O1  assembly comparison
FAIL: gcc.dg/pch/decl-2.c   -O0  -I. (internal compiler error)
FAIL: gcc.dg/pch/decl-2.c   -O0  -I. (test for excess errors)
FAIL: gcc.dg/pch/decl-2.c   -O0  assembly comparison
FAIL: gcc.dg/pch/decl-2.c   -O1  -I. (internal compiler error)
FAIL: gcc.dg/pch/decl-2.c   -O1  -I. (test for excess errors)
FAIL: gcc.dg/pch/decl-2.c   -O1  assembly comparison
FAIL: gcc.dg/pch/decl-2.c   -O2  -I. (internal compiler error)
FAIL: gcc.dg/pch/decl-2.c   -O2  -I. (test for excess errors)
FAIL: gcc.dg/pch/decl-2.c   -O2  assembly comparison
FAIL: gcc.dg/pch/empty.c   -O2  -I. (internal compiler error)
FAIL: gcc.dg/pch/empty.c   -O2  -I. (test for excess errors)
FAIL: gcc.dg/pch/empty.c   -O2  assembly comparison
FAIL: gcc.dg/pch/empty.c   -O3 -fomit-frame-pointer  -I. (internal compiler error)
FAIL: gcc.dg/pch/empty.c   -O3 -fomit-frame-pointer  -I. (test for excess errors)
FAIL: gcc.dg/pch/empty.c   -O3 -fomit-frame-pointer  assembly comparison
FAIL: gcc.dg/pch/macro-2.c   -O0  -I. (internal compiler error)
FAIL: gcc.dg/pch/macro-2.c   -O0  -I. (test for excess errors)
FAIL: gcc.dg/pch/macro-2.c   -O0  assembly comparison
FAIL: gcc.dg/pch/macro-3.c   -O0  -I. (internal compiler error)
FAIL: gcc.dg/pch/macro-3.c   -O0  -I. (test for excess errors)
FAIL: gcc.dg/pch/macro-3.c   -O0  assembly comparison
FAIL: gcc.dg/pch/macro-3.c   -Os  -I. (internal compiler error)
FAIL: gcc.dg/pch/macro-3.c   -Os  -I. (test for excess errors)
FAIL: gcc.dg/pch/macro-3.c   -Os  assembly comparison
FAIL: gcc.dg/pch/save-temps-1.c   -O1  -I. (internal compiler error)
FAIL: gcc.dg/pch/save-temps-1.c   -O1  -I. (test for excess errors)
FAIL: gcc.dg/pch/save-temps-1.c  -O1  assembly comparison
FAIL: gcc.dg/pch/static-2.c   -O2  -I. (internal compiler error)
FAIL: gcc.dg/pch/static-2.c   -O2  -I. (test for excess errors)
FAIL: gcc.dg/pch/static-2.c   -O2  assembly comparison
FAIL: gcc.dg/pch/static-2.c   -O3 -fomit-frame-pointer  -I. (internal compiler error)
FAIL: gcc.dg/pch/static-2.c   -O3 -fomit-frame-pointer  -I. (test for excess errors)
FAIL: gcc.dg/pch/static-2.c   -O3 -fomit-frame-pointer  assembly comparison
FAIL: gcc.dg/pch/static-3.c   -O1  -I. (test for excess errors)
FAIL: gcc.dg/pch/static-3.c  -O1  assembly comparison
FAIL: gcc.dg/pch/static-3.c   -O2  -I. (internal compiler error)
FAIL: gcc.dg/pch/static-3.c   -O2  -I. (test for excess errors)
FAIL: gcc.dg/pch/static-3.c   -O2  assembly comparison
FAIL: gcc.dg/pch/valid-5.c   -O1  -I. (internal compiler error)
FAIL: gcc.dg/pch/valid-5.c   -O1  -I. (test for excess errors)
FAIL: gcc.dg/pch/valid-5.c   -O1  assembly comparison
FAIL: gcc.dg/tls/pr45870.c (test for excess errors)
FAIL: gcc.dg/torture/pr47975.c  -O0  (internal compiler error)
FAIL: gcc.dg/torture/pr47975.c  -O0  (test for excess errors)
FAIL: gcc.dg/torture/pr47975.c  -O1  (internal compiler error)
FAIL: gcc.dg/torture/pr47975.c  -O1  (test for excess errors)
FAIL: gcc.dg/torture/pr47975.c  -O2  (internal compiler error)
FAIL: gcc.dg/torture/pr47975.c  -O2  (test for excess errors)
FAIL: gcc.dg/torture/pr47975.c  -O3 -fomit-frame-pointer  (internal compiler error)
FAIL: gcc.dg/torture/pr47975.c  -O3 -fomit-frame-pointer  (test for excess errors)
FAIL: gcc.dg/torture/pr47975.c  -O3 -g  (internal compiler error)
FAIL: gcc.dg/torture/pr47975.c  -O3 -g  (test for excess errors)
FAIL: gcc.dg/torture/pr47975.c  -Os  (internal compiler error)
FAIL: gcc.dg/torture/pr47975.c  -Os  (test for excess errors)
FAIL: gcc.dg/torture/pr47975.c  -O2 -flto -flto-partition=none  (internal compiler error)
FAIL: gcc.dg/torture/pr47975.c  -O2 -flto -flto-partition=none  (test for excess errors)
FAIL: gcc.dg/torture/pr47975.c  -O2 -flto  (internal compiler error)
FAIL: gcc.dg/torture/pr47975.c  -O2 -flto  (test for excess errors)
XPASS: gcc.dg/tree-ssa/20040204-1.c scan-tree-dump-times optimized "link_error" 0
FAIL: gcc.dg/tree-ssa/pr42585.c scan-tree-dump-times optimized "struct _fat_ptr _ans" 0
FAIL: gcc.dg/tree-ssa/pr42585.c scan-tree-dump-times optimized "struct _fat_ptr _T2" 0
FAIL: gcc.dg/vect/pr38529.c (internal compiler error)
FAIL: gcc.dg/vect/pr38529.c (test for excess errors)
FAIL: gcc.dg/vect/pr38529.c scan-tree-dump-times vect "OUTER LOOP VECTORIZED" 1
XPASS: gcc.dg/vect/vect-16.c scan-tree-dump-times vect "vectorized 1 loops" 1
FAIL: gcc.dg/vect/vect-72.c scan-tree-dump-times vect "Alignment of access forced using peeling" 0
FAIL: gcc.dg/vect/vect-peel-3.c scan-tree-dump-times vect "Vectorizing an unaligned access" 1
FAIL: gcc.dg/vect/vect-peel-4.c scan-tree-dump-times vect "Vectorizing an unaligned access" 1
FAIL: gcc.dg/vect/slp-reduc-6.c scan-tree-dump-times vect "vectorized 1 loops" 2
FAIL: gcc.dg/vect/bb-slp-10.c scan-tree-dump-times slp "unsupported alignment in basic block." 1
FAIL: gcc.target/arm/fp16-compile-none-1.c  (test for errors, line 6)
FAIL: gcc.target/arm/fp16-compile-none-1.c (test for excess errors)
FAIL: gcc.target/arm/pr42093.c scan-assembler-not tbb
FAIL: gcc.target/arm/pr42575.c scan-assembler-not mov

		=== gcc Summary ===

# of expected passes		74179
# of unexpected failures	86
# of unexpected successes	2
# of expected failures		170
# of unresolved testcases	2
# of unsupported tests		976
/var/builds/opt/trunk/objdir/gcc/xgcc  version 4.7.0 20110328 (experimental) [trunk revision 171605] (GCC) 


Compiler version: 4.7.0 20110328 (experimental) [trunk revision 171605] (GCC) 
Platform: armv7l-unknown-linux-gnueabi
configure flags: --prefix=/opt/install-gcc-trunk --enable-languages=c --with-cpu=cortex-a8 --with-fpu=neon --with-float=softfp

Build Logs: http://rcn-ee.homeip.net:81/dl/gcc/


Index Nav: [Date Index] [Subject Index] [Author Index] [Thread Index]
Message Nav: [Date Prev] [Date Next] [Thread Prev] [Thread Next]