This is the mail archive of the gcc-testresults@gcc.gnu.org mailing list for the GCC project.


Index Nav: [Date Index] [Subject Index] [Author Index] [Thread Index]
Message Nav: [Date Prev] [Date Next] [Thread Prev] [Thread Next]
Other format: [Raw text]

Results for 4.6.0 (GCC) testsuite on i386-pc-solaris2.11


LAST_UPDATED: Obtained from SVN: tags/gcc_4_6_0_release revision 171513

		=== acats tests ===

		=== acats Summary ===
# of expected passes		2321
# of unexpected failures	0
Native configuration is i386-pc-solaris2.11

		=== g++ tests ===


Running target unix

		=== g++ Summary for unix ===

# of expected passes		26637
# of expected failures		162
# of unsupported tests		189

Running target unix/-m64

		=== g++ Summary for unix/-m64 ===

# of expected passes		26869
# of expected failures		162
# of unsupported tests		388

		=== g++ Summary ===

# of expected passes		53506
# of expected failures		324
# of unsupported tests		577
/var/gcc/gcc-4.6.0/11-gcc-gas/gcc/testsuite/g++/../../g++  version 4.6.0 (GCC) 

		=== gcc tests ===


Running target unix
FAIL: gcc.dg/lto/20110201-1 c_lto_20110201-1_0.o-c_lto_20110201-1_0.o link,  -O0 -flto 
UNRESOLVED: gcc.dg/lto/20110201-1 c_lto_20110201-1_0.o-c_lto_20110201-1_0.o execute  -O0 -flto 

		=== gcc Summary for unix ===

# of expected passes		75471
# of unexpected failures	1
# of expected failures		213
# of unresolved testcases	1
# of unsupported tests		786

Running target unix/-m64

		=== gcc Summary for unix/-m64 ===

# of expected passes		75553
# of expected failures		212
# of unsupported tests		1200

		=== gcc Summary ===

# of expected passes		151024
# of unexpected failures	1
# of expected failures		425
# of unresolved testcases	1
# of unsupported tests		1986
/var/gcc/gcc-4.6.0/11-gcc-gas/gcc/xgcc  version 4.6.0 (GCC) 

		=== gfortran tests ===


Running target unix

		=== gfortran Summary for unix ===

# of expected passes		38212
# of expected failures		41
# of unsupported tests		228

Running target unix/-m64

		=== gfortran Summary for unix/-m64 ===

# of expected passes		38509
# of expected failures		41
# of unsupported tests		88

		=== gfortran Summary ===

# of expected passes		76721
# of expected failures		82
# of unsupported tests		316
/var/gcc/gcc-4.6.0/11-gcc-gas/gcc/testsuite/gfortran/../../gfortran  version 4.6.0 (GCC) 

		=== gnat tests ===


Running target unix

		=== gnat Summary for unix ===

# of expected passes		866
# of expected failures		10
# of unsupported tests		3

Running target unix/-m64

		=== gnat Summary for unix/-m64 ===

# of expected passes		866
# of expected failures		10
# of unsupported tests		3

		=== gnat Summary ===

# of expected passes		1732
# of expected failures		20
# of unsupported tests		6
/var/gcc/gcc-4.6.0/11-gcc-gas/gcc/gnatmake version 4.6.0

		=== objc tests ===


Running target unix

		=== objc Summary for unix ===

# of expected passes		2918
# of expected failures		6
# of unsupported tests		74

Running target unix/-m64

		=== objc Summary for unix/-m64 ===

# of expected passes		2908
# of expected failures		16
# of unsupported tests		74

		=== objc Summary ===

# of expected passes		5826
# of expected failures		22
# of unsupported tests		148
/var/gcc/gcc-4.6.0/11-gcc-gas/gcc/xgcc  version 4.6.0 (GCC) 

		=== libffi tests ===


Running target unix

		=== libffi Summary for unix ===

# of expected passes		1634
# of expected failures		10
# of unsupported tests		15

Running target unix/-m64

		=== libffi Summary for unix/-m64 ===

# of expected passes		1634
# of expected failures		10
# of unsupported tests		15

		=== libffi Summary ===

# of expected passes		3268
# of expected failures		20
# of unsupported tests		30
		=== libgomp tests ===


Running target unix

		=== libgomp Summary for unix ===

# of expected passes		2538
# of unsupported tests		2

Running target unix/-m64

		=== libgomp Summary for unix/-m64 ===

# of expected passes		2538
# of unsupported tests		2

		=== libgomp Summary ===

# of expected passes		5076
# of unsupported tests		4
		=== libjava tests ===


Running target unix

		=== libjava Summary for unix ===

# of expected passes		2574

Running target unix/-m64

		=== libjava Summary for unix/-m64 ===

# of expected passes		2574

		=== libjava Summary ===

# of expected passes		5148
		=== libstdc++ tests ===


Running target unix

		=== libstdc++ Summary for unix ===

# of expected passes		7359
# of expected failures		81
# of unsupported tests		460

Running target unix/-m64

		=== libstdc++ Summary for unix/-m64 ===

# of expected passes		7359
# of expected failures		81
# of unsupported tests		460

		=== libstdc++ Summary ===

# of expected passes		14718
# of expected failures		162
# of unsupported tests		920

Compiler version: 4.6.0 (GCC) 
Platform: i386-pc-solaris2.11
configure flags: --prefix=/vol/gcc-4.6 --with-gmp=/vol/gcc --with-mpfr=/vol/gcc --disable-nls --enable-languages=all,ada --without-ppl --without-cloog --with-gnu-as --with-as=/vol/gcc/bin/gas-2.21
BOOT_CFLAGS=-g -O2


Index Nav: [Date Index] [Subject Index] [Author Index] [Thread Index]
Message Nav: [Date Prev] [Date Next] [Thread Prev] [Thread Next]