This is the mail archive of the gcc-testresults@gcc.gnu.org mailing list for the GCC project.


Index Nav: [Date Index] [Subject Index] [Author Index] [Thread Index]
Message Nav: [Date Prev] [Date Next] [Thread Prev] [Thread Next]
Other format: [Raw text]

Results for 4.5.3 20110325 (prerelease) [gcc-4_5-branch revision 171463] (GCC) testsuite on i386-pc-solaris2.9


LAST_UPDATED: Fri Mar 25 18:23:03 UTC 2011 (revision 171463)

		=== acats tests ===

		=== acats Summary ===
# of expected passes		2321
# of unexpected failures	0
Native configuration is i386-pc-solaris2.9

		=== g++ tests ===


Running target unix
FAIL: g++.dg/cpp0x/move1.C (test for excess errors)

		=== g++ Summary ===

# of expected passes		22880
# of unexpected failures	1
# of expected failures		154
# of unsupported tests		245
/var/gcc/regression/gcc-4.5-branch/9-gcc/build/gcc/testsuite/g++/../../g++  version 4.5.3 20110325 (prerelease) [gcc-4_5-branch revision 171463] (GCC) 

		=== gcc tests ===


Running target unix
FAIL: gcc.dg/lto/20081201-2 c_lto_20081201-2_0.o-c_lto_20081201-2_1.o execute -O3 -fwhopr

		=== gcc Summary ===

# of expected passes		70045
# of unexpected failures	1
# of expected failures		166
# of unsupported tests		1385
/var/gcc/regression/gcc-4.5-branch/9-gcc/build/gcc/xgcc  version 4.5.3 20110325 (prerelease) [gcc-4_5-branch revision 171463] (GCC) 

		=== gfortran tests ===


Running target unix

		=== gfortran Summary ===

# of expected passes		34060
# of expected failures		20
# of unsupported tests		290
/var/gcc/regression/gcc-4.5-branch/9-gcc/build/gcc/testsuite/gfortran/../../gfortran  version 4.5.3 20110325 (prerelease) [gcc-4_5-branch revision 171463] (GCC) 

		=== gnat tests ===


Running target unix

		=== gnat Summary ===

# of expected passes		766
# of expected failures		7
# of unsupported tests		1
		=== objc tests ===


Running target unix

		=== objc Summary ===

# of expected passes		1882
# of expected failures		7
# of unsupported tests		20
/var/gcc/regression/gcc-4.5-branch/9-gcc/build/gcc/xgcc  version 4.5.3 20110325 (prerelease) [gcc-4_5-branch revision 171463] (GCC) 

		=== libffi tests ===


Running target unix

		=== libffi Summary ===

# of expected passes		1634
# of expected failures		10
# of unsupported tests		15
		=== libgomp tests ===


Running target unix

		=== libgomp Summary ===

# of expected passes		2538
# of unsupported tests		2
		=== libjava tests ===


Running target unix
FAIL: Divide_1 output - source compiled test
FAIL: Divide_1 -findirect-dispatch output - source compiled test
FAIL: Divide_1 -O3 output - source compiled test
FAIL: Divide_1 -O3 -findirect-dispatch output - source compiled test
FAIL: InvokeInterface execution - source compiled test
FAIL: InvokeInterface -O3 execution - source compiled test

		=== libjava Summary ===

# of expected passes		2566
# of unexpected failures	6
# of untested testcases		2
		=== libstdc++ tests ===


Running target unix

		=== libstdc++ Summary ===

# of expected passes		6335
# of expected failures		93
# of unsupported tests		622

		=== libstdc++ Summary ===


Compiler version: 4.5.3 20110325 (prerelease) [gcc-4_5-branch revision 171463] (GCC) 
Platform: i386-pc-solaris2.9
configure flags: --prefix=/vol/gcc --target=i386-pc-solaris2.9 --with-gmp=/vol/gcc --with-mpfr=/vol/gcc --with-mpc=/vol/gcc --enable-languages=all,ada --without-ppl --without-cloog
BOOT_CFLAGS=-g -O2


Index Nav: [Date Index] [Subject Index] [Author Index] [Thread Index]
Message Nav: [Date Prev] [Date Next] [Thread Prev] [Thread Next]