This is the mail archive of the gcc-testresults@gcc.gnu.org mailing list for the GCC project.


Index Nav: [Date Index] [Subject Index] [Author Index] [Thread Index]
Message Nav: [Date Prev] [Date Next] [Thread Prev] [Thread Next]
Other format: [Raw text]

Results for 4.5.3 20110325 (prerelease) [gcc-4_5-branch revision 171463] (GCC) testsuite on sparc-sun-solaris2.11


LAST_UPDATED: Fri Mar 25 18:23:03 UTC 2011 (revision 171463)

		=== acats tests ===
FAIL:	c52103x
FAIL:	c52104x
FAIL:	c52104y
FAIL:	cb1010a
FAIL:	cb1010c
FAIL:	cb1010d

		=== acats Summary ===
# of expected passes		2315
# of unexpected failures	6
Native configuration is sparc-sun-solaris2.11

		=== g++ tests ===


Running target unix
FAIL: g++.dg/cpp0x/move1.C (test for excess errors)

		=== g++ Summary for unix ===

# of expected passes		22361
# of unexpected failures	1
# of expected failures		154
# of unsupported tests		229

Running target unix/-m64
FAIL: g++.dg/cpp0x/move1.C (test for excess errors)

		=== g++ Summary for unix/-m64 ===

# of expected passes		22322
# of unexpected failures	1
# of expected failures		154
# of unsupported tests		230

		=== g++ Summary ===

# of expected passes		44683
# of unexpected failures	2
# of expected failures		308
# of unsupported tests		459
/var/gcc/regression/gcc-4.5-branch/11-gcc/build/gcc/testsuite/g++/../../g++  version 4.5.3 20110325 (prerelease) [gcc-4_5-branch revision 171463] (GCC) 

		=== gcc tests ===


Running target unix
FAIL: gcc.c-torture/execute/pr38819.c execution,  -O2 
FAIL: gcc.c-torture/execute/pr38819.c execution,  -O3 -fomit-frame-pointer 
FAIL: gcc.c-torture/execute/pr38819.c execution,  -O3 -fomit-frame-pointer -funroll-loops 
FAIL: gcc.c-torture/execute/pr38819.c execution,  -O3 -fomit-frame-pointer -funroll-all-loops -finline-functions 
FAIL: gcc.c-torture/execute/pr38819.c execution,  -O3 -g 
FAIL: gcc.c-torture/execute/pr38819.c execution,  -O2 -flto 
FAIL: gcc.c-torture/execute/pr38819.c execution,  -O2 -fwhopr 

		=== gcc Summary for unix ===

# of expected passes		65028
# of unexpected failures	7
# of expected failures		195
# of unsupported tests		908

Running target unix/-m64

		=== gcc Summary for unix/-m64 ===

# of expected passes		65025
# of expected failures		190
# of unsupported tests		915

		=== gcc Summary ===

# of expected passes		130053
# of unexpected failures	7
# of expected failures		385
# of unsupported tests		1823
/var/gcc/regression/gcc-4.5-branch/11-gcc/build/gcc/xgcc  version 4.5.3 20110325 (prerelease) [gcc-4_5-branch revision 171463] (GCC) 

		=== gfortran tests ===


Running target unix

		=== gfortran Summary for unix ===

# of expected passes		34339
# of expected failures		23
# of unsupported tests		172

Running target unix/-m64

		=== gfortran Summary for unix/-m64 ===

# of expected passes		34522
# of expected failures		23
# of unsupported tests		83

		=== gfortran Summary ===

# of expected passes		68861
# of expected failures		46
# of unsupported tests		255
/var/gcc/regression/gcc-4.5-branch/11-gcc/build/gcc/testsuite/gfortran/../../gfortran  version 4.5.3 20110325 (prerelease) [gcc-4_5-branch revision 171463] (GCC) 

		=== gnat tests ===


Running target unix
FAIL: gnat.dg/null_pointer_deref2.adb execution test
FAIL: gnat.dg/stack_check1.adb execution test
FAIL: gnat.dg/stack_check2.adb execution test

		=== gnat Summary for unix ===

# of expected passes		760
# of unexpected failures	3
# of expected failures		7
# of unsupported tests		3

Running target unix/-m64
FAIL: gnat.dg/null_pointer_deref2.adb execution test
FAIL: gnat.dg/stack_check1.adb execution test
FAIL: gnat.dg/stack_check2.adb execution test

		=== gnat Summary for unix/-m64 ===

# of expected passes		760
# of unexpected failures	3
# of expected failures		7
# of unsupported tests		3

		=== gnat Summary ===

# of expected passes		1520
# of unexpected failures	6
# of expected failures		14
# of unsupported tests		6
		=== objc tests ===


Running target unix

		=== objc Summary for unix ===

# of expected passes		1874
# of expected failures		15
# of unsupported tests		20

Running target unix/-m64

		=== objc Summary for unix/-m64 ===

# of expected passes		1874
# of expected failures		15
# of unsupported tests		20

		=== objc Summary ===

# of expected passes		3748
# of expected failures		30
# of unsupported tests		40
/var/gcc/regression/gcc-4.5-branch/11-gcc/build/gcc/xgcc  version 4.5.3 20110325 (prerelease) [gcc-4_5-branch revision 171463] (GCC) 

		=== libffi tests ===


Running target unix

		=== libffi Summary for unix ===

# of expected passes		1634
# of expected failures		10
# of unsupported tests		15

Running target unix/-m64

		=== libffi Summary for unix/-m64 ===

# of expected passes		1634
# of expected failures		10
# of unsupported tests		15

		=== libffi Summary ===

# of expected passes		3268
# of expected failures		20
# of unsupported tests		30
		=== libgomp tests ===


Running target unix

		=== libgomp Summary for unix ===

# of expected passes		2524
# of unsupported tests		9

Running target unix/-m64

		=== libgomp Summary for unix/-m64 ===

# of expected passes		2524
# of unsupported tests		9

		=== libgomp Summary ===

# of expected passes		5048
# of unsupported tests		18
		=== libjava tests ===


Running target unix
FAIL: TestClosureGC run
FAIL: Array_3 execution - source compiled test
FAIL: Array_3 -findirect-dispatch execution - source compiled test
FAIL: Array_3 -O3 execution - source compiled test
FAIL: Array_3 -O3 -findirect-dispatch execution - source compiled test
FAIL: Invoke_1 execution - source compiled test
FAIL: Invoke_1 -findirect-dispatch execution - source compiled test
FAIL: Invoke_1 -O3 execution - source compiled test
FAIL: Invoke_1 -O3 -findirect-dispatch execution - source compiled test
FAIL: PR218 execution - source compiled test
FAIL: PR218 -O3 execution - source compiled test
FAIL: StackTrace2 execution - source compiled test
FAIL: StackTrace2 -findirect-dispatch execution - source compiled test
FAIL: StackTrace2 -O3 execution - source compiled test
FAIL: StackTrace2 -O3 -findirect-dispatch execution - source compiled test
FAIL: Throw_2 execution - source compiled test
FAIL: Throw_2 -findirect-dispatch execution - source compiled test
FAIL: Throw_2 -O3 execution - source compiled test
FAIL: Throw_2 -O3 -findirect-dispatch execution - source compiled test
FAIL: Throw_3 execution - source compiled test
FAIL: Throw_3 -findirect-dispatch execution - source compiled test
FAIL: Throw_3 -O3 execution - source compiled test
FAIL: Throw_3 -O3 -findirect-dispatch execution - source compiled test
FAIL: pr83 -findirect-dispatch execution - source compiled test
FAIL: pr83 -O3 -findirect-dispatch execution - source compiled test

		=== libjava Summary for unix ===

# of expected passes		2525
# of unexpected failures	25
# of untested testcases		25

Running target unix/-m64
FAIL: TestClosureGC run
FAIL: Array_3 execution - source compiled test
FAIL: Array_3 -findirect-dispatch execution - source compiled test
FAIL: Array_3 -O3 execution - source compiled test
FAIL: Array_3 -O3 -findirect-dispatch execution - source compiled test
FAIL: Invoke_1 execution - source compiled test
FAIL: Invoke_1 -findirect-dispatch execution - source compiled test
FAIL: Invoke_1 -O3 execution - source compiled test
FAIL: Invoke_1 -O3 -findirect-dispatch execution - source compiled test
FAIL: PR218 execution - source compiled test
WARNING: program timed out.
FAIL: PR218 -O3 execution - source compiled test
FAIL: StackTrace2 execution - source compiled test
FAIL: StackTrace2 -findirect-dispatch execution - source compiled test
FAIL: StackTrace2 -O3 execution - source compiled test
FAIL: StackTrace2 -O3 -findirect-dispatch execution - source compiled test
WARNING: program timed out.
FAIL: Throw_2 execution - source compiled test
WARNING: program timed out.
FAIL: Throw_2 -findirect-dispatch execution - source compiled test
WARNING: program timed out.
FAIL: Throw_2 -O3 execution - source compiled test
WARNING: program timed out.
FAIL: Throw_2 -O3 -findirect-dispatch execution - source compiled test
FAIL: Throw_3 execution - source compiled test
FAIL: Throw_3 -findirect-dispatch execution - source compiled test
WARNING: program timed out.
FAIL: Throw_3 -O3 execution - source compiled test
WARNING: program timed out.
FAIL: Throw_3 -O3 -findirect-dispatch execution - source compiled test
FAIL: pr83 -findirect-dispatch execution - source compiled test
FAIL: pr83 -O3 -findirect-dispatch execution - source compiled test

		=== libjava Summary for unix/-m64 ===

# of expected passes		2525
# of unexpected failures	25
# of untested testcases		25

		=== libjava Summary ===

# of expected passes		5050
# of unexpected failures	50
# of untested testcases		50
		=== libstdc++ tests ===


Running target unix

		=== libstdc++ Summary for unix ===

# of expected passes		6699
# of expected failures		92
# of unsupported tests		436

Running target unix/-m64

		=== libstdc++ Summary for unix/-m64 ===

# of expected passes		6699
# of expected failures		92
# of unsupported tests		436

		=== libstdc++ Summary ===

# of expected passes		13398
# of expected failures		184
# of unsupported tests		872

		=== libstdc++ Summary ===


Compiler version: 4.5.3 20110325 (prerelease) [gcc-4_5-branch revision 171463] (GCC) 
Platform: sparc-sun-solaris2.11
configure flags: --prefix=/vol/gcc --target=sparc-sun-solaris2.11 --with-gmp=/vol/gcc --with-mpfr=/vol/gcc --with-mpc=/vol/gcc --enable-languages=all,ada --without-ppl --without-cloog
BOOT_CFLAGS=-g -O2


Index Nav: [Date Index] [Subject Index] [Author Index] [Thread Index]
Message Nav: [Date Prev] [Date Next] [Thread Prev] [Thread Next]