This is the mail archive of the gcc-testresults@gcc.gnu.org mailing list for the GCC project.


Index Nav: [Date Index] [Subject Index] [Author Index] [Thread Index]
Message Nav: [Date Prev] [Date Next] [Thread Prev] [Thread Next]
Other format: [Raw text]

Results for 4.5.3 20110325 (prerelease) [gcc-4_5-branch revision 171463] (GCC) testsuite on sparc-sun-solaris2.10


LAST_UPDATED: Fri Mar 25 18:23:03 UTC 2011 (revision 171463)

		=== acats tests ===

		=== acats Summary ===
# of expected passes		2321
# of unexpected failures	0
Native configuration is sparc-sun-solaris2.10

		=== g++ tests ===


Running target unix
FAIL: g++.dg/cpp0x/move1.C (test for excess errors)

		=== g++ Summary for unix ===

# of expected passes		22363
# of unexpected failures	1
# of expected failures		154
# of unsupported tests		228

Running target unix/-m64
FAIL: g++.dg/cpp0x/move1.C (test for excess errors)

		=== g++ Summary for unix/-m64 ===

# of expected passes		22324
# of unexpected failures	1
# of expected failures		154
# of unsupported tests		229

		=== g++ Summary ===

# of expected passes		44687
# of unexpected failures	2
# of expected failures		308
# of unsupported tests		457
/var/gcc/regression/gcc-4.5-branch/10-gcc-gas/build/gcc/testsuite/g++/../../g++  version 4.5.3 20110325 (prerelease) [gcc-4_5-branch revision 171463] (GCC) 

		=== gcc tests ===


Running target unix
FAIL: gcc.c-torture/execute/pr38819.c execution,  -O2 
FAIL: gcc.c-torture/execute/pr38819.c execution,  -O3 -fomit-frame-pointer 
FAIL: gcc.c-torture/execute/pr38819.c execution,  -O3 -fomit-frame-pointer -funroll-loops 
FAIL: gcc.c-torture/execute/pr38819.c execution,  -O3 -fomit-frame-pointer -funroll-all-loops -finline-functions 
FAIL: gcc.c-torture/execute/pr38819.c execution,  -O3 -g 
FAIL: gcc.c-torture/execute/pr38819.c execution,  -O2 -flto 
FAIL: gcc.c-torture/execute/pr38819.c execution,  -O2 -fwhopr 
FAIL: gcc.dg/lto/20081201-2 c_lto_20081201-2_0.o-c_lto_20081201-2_1.o execute -O3 -fwhopr

		=== gcc Summary for unix ===

# of expected passes		65044
# of unexpected failures	8
# of expected failures		195
# of unsupported tests		900

Running target unix/-m64
FAIL: gcc.dg/lto/20081201-2 c_lto_20081201-2_0.o-c_lto_20081201-2_1.o execute -O3 -fwhopr

		=== gcc Summary for unix/-m64 ===

# of expected passes		65041
# of unexpected failures	1
# of expected failures		190
# of unsupported tests		907

		=== gcc Summary ===

# of expected passes		130085
# of unexpected failures	9
# of expected failures		385
# of unsupported tests		1807
/var/gcc/regression/gcc-4.5-branch/10-gcc-gas/build/gcc/xgcc  version 4.5.3 20110325 (prerelease) [gcc-4_5-branch revision 171463] (GCC) 

		=== gfortran tests ===


Running target unix

		=== gfortran Summary for unix ===

# of expected passes		34332
# of expected failures		23
# of unsupported tests		179

Running target unix/-m64

		=== gfortran Summary for unix/-m64 ===

# of expected passes		34515
# of expected failures		23
# of unsupported tests		90

		=== gfortran Summary ===

# of expected passes		68847
# of expected failures		46
# of unsupported tests		269
/var/gcc/regression/gcc-4.5-branch/10-gcc-gas/build/gcc/testsuite/gfortran/../../gfortran  version 4.5.3 20110325 (prerelease) [gcc-4_5-branch revision 171463] (GCC) 

		=== gnat tests ===


Running target unix

		=== gnat Summary for unix ===

# of expected passes		765
# of expected failures		7
# of unsupported tests		2

Running target unix/-m64

		=== gnat Summary for unix/-m64 ===

# of expected passes		765
# of expected failures		7
# of unsupported tests		2

		=== gnat Summary ===

# of expected passes		1530
# of expected failures		14
# of unsupported tests		4
		=== objc tests ===


Running target unix

		=== objc Summary for unix ===

# of expected passes		1874
# of expected failures		15
# of unsupported tests		20

Running target unix/-m64

		=== objc Summary for unix/-m64 ===

# of expected passes		1874
# of expected failures		15
# of unsupported tests		20

		=== objc Summary ===

# of expected passes		3748
# of expected failures		30
# of unsupported tests		40
/var/gcc/regression/gcc-4.5-branch/10-gcc-gas/build/gcc/xgcc  version 4.5.3 20110325 (prerelease) [gcc-4_5-branch revision 171463] (GCC) 

		=== libffi tests ===


Running target unix

		=== libffi Summary for unix ===

# of expected passes		1634
# of expected failures		10
# of unsupported tests		15

Running target unix/-m64

		=== libffi Summary for unix/-m64 ===

# of expected passes		1634
# of expected failures		10
# of unsupported tests		15

		=== libffi Summary ===

# of expected passes		3268
# of expected failures		20
# of unsupported tests		30
		=== libgomp tests ===


Running target unix

		=== libgomp Summary for unix ===

# of expected passes		2524
# of unsupported tests		9

Running target unix/-m64

		=== libgomp Summary for unix/-m64 ===

# of expected passes		2524
# of unsupported tests		9

		=== libgomp Summary ===

# of expected passes		5048
# of unsupported tests		18
		=== libjava tests ===


Running target unix

		=== libjava Summary for unix ===

# of expected passes		2574

Running target unix/-m64

		=== libjava Summary for unix/-m64 ===

# of expected passes		2574

		=== libjava Summary ===

# of expected passes		5148
		=== libstdc++ tests ===


Running target unix

		=== libstdc++ Summary for unix ===

# of expected passes		6698
# of expected failures		93
# of unsupported tests		436

Running target unix/-m64

		=== libstdc++ Summary for unix/-m64 ===

# of expected passes		6698
# of expected failures		93
# of unsupported tests		436

		=== libstdc++ Summary ===

# of expected passes		13396
# of expected failures		186
# of unsupported tests		872

		=== libstdc++ Summary ===


Compiler version: 4.5.3 20110325 (prerelease) [gcc-4_5-branch revision 171463] (GCC) 
Platform: sparc-sun-solaris2.10
configure flags: --prefix=/vol/gcc --target=sparc-sun-solaris2.10 --with-as=/vol/gcc/bin/gas-2.21 --with-gnu-as --with-gmp=/vol/gcc --with-mpfr=/vol/gcc --with-mpc=/vol/gcc --enable-languages=all,ada --without-ppl --without-cloog
BOOT_CFLAGS=-g -O2


Index Nav: [Date Index] [Subject Index] [Author Index] [Thread Index]
Message Nav: [Date Prev] [Date Next] [Thread Prev] [Thread Next]