This is the mail archive of the
gcc-testresults@gcc.gnu.org
mailing list for the GCC project.
Results for 4.6.0 (GCC) testsuite on sparc-sun-solaris2.11
- From: Rainer Orth <ro at CeBiTec dot Uni-Bielefeld dot DE>
- To: gcc-testresults at gcc dot gnu dot org
- Date: Mon, 28 Mar 2011 14:15:47 +0200 (MEST)
- Subject: Results for 4.6.0 (GCC) testsuite on sparc-sun-solaris2.11
LAST_UPDATED: Fri Mar 25 18:21:22 UTC 2011 (revision 171512)
=== acats tests ===
=== acats Summary ===
# of expected passes 2321
# of unexpected failures 0
Native configuration is sparc-sun-solaris2.11
=== g++ tests ===
Running target unix
FAIL: g++.dg/lto/20091219 cp_lto_20091219_0.o-cp_lto_20091219_0.o link, -O3 -flto
UNRESOLVED: g++.dg/lto/20091219 cp_lto_20091219_0.o-cp_lto_20091219_0.o execute -O3 -flto
=== g++ Summary for unix ===
# of expected passes 26171
# of unexpected failures 1
# of expected failures 162
# of unresolved testcases 1
# of unsupported tests 428
Running target unix/-m64
FAIL: g++.dg/lto/20091219 cp_lto_20091219_0.o-cp_lto_20091219_0.o link, -O3 -flto
UNRESOLVED: g++.dg/lto/20091219 cp_lto_20091219_0.o-cp_lto_20091219_0.o execute -O3 -flto
=== g++ Summary for unix/-m64 ===
# of expected passes 26783
# of unexpected failures 1
# of expected failures 162
# of unresolved testcases 1
# of unsupported tests 425
=== g++ Summary ===
# of expected passes 52954
# of unexpected failures 2
# of expected failures 324
# of unresolved testcases 2
# of unsupported tests 853
/var/gcc/regression/gcc-4.6-branch/11-gcc/build/gcc/testsuite/g++/../../g++ version 4.6.0 (GCC)
=== gcc tests ===
Running target unix
FAIL: gcc.dg/lto/20110201-1 c_lto_20110201-1_0.o-c_lto_20110201-1_0.o link, -O0 -flto
UNRESOLVED: gcc.dg/lto/20110201-1 c_lto_20110201-1_0.o-c_lto_20110201-1_0.o execute -O0 -flto
=== gcc Summary for unix ===
# of expected passes 69431
# of unexpected failures 1
# of expected failures 236
# of unresolved testcases 1
# of unsupported tests 1162
Running target unix/-m64
=== gcc Summary for unix/-m64 ===
# of expected passes 70012
# of expected failures 228
# of unsupported tests 1172
=== gcc Summary ===
# of expected passes 139443
# of unexpected failures 1
# of expected failures 464
# of unresolved testcases 1
# of unsupported tests 2334
/var/gcc/regression/gcc-4.6-branch/11-gcc/build/gcc/xgcc version 4.6.0 (GCC)
=== gfortran tests ===
Running target unix
=== gfortran Summary for unix ===
# of expected passes 38144
# of expected failures 43
# of unsupported tests 258
Running target unix/-m64
=== gfortran Summary for unix/-m64 ===
# of expected passes 38471
# of expected failures 43
# of unsupported tests 97
=== gfortran Summary ===
# of expected passes 76615
# of expected failures 86
# of unsupported tests 355
/var/gcc/regression/gcc-4.6-branch/11-gcc/build/gcc/testsuite/gfortran/../../gfortran version 4.6.0 (GCC)
=== gnat tests ===
Running target unix
=== gnat Summary for unix ===
# of expected passes 865
# of expected failures 10
# of unsupported tests 4
Running target unix/-m64
=== gnat Summary for unix/-m64 ===
# of expected passes 865
# of expected failures 10
# of unsupported tests 4
=== gnat Summary ===
# of expected passes 1730
# of expected failures 20
# of unsupported tests 8
/var/gcc/regression/gcc-4.6-branch/11-gcc/build/gcc/gnatmake version 4.6.0
=== objc tests ===
Running target unix
=== objc Summary for unix ===
# of expected passes 2914
# of expected failures 10
# of unsupported tests 74
Running target unix/-m64
=== objc Summary for unix/-m64 ===
# of expected passes 2914
# of expected failures 10
# of unsupported tests 74
=== objc Summary ===
# of expected passes 5828
# of expected failures 20
# of unsupported tests 148
/var/gcc/regression/gcc-4.6-branch/11-gcc/build/gcc/xgcc version 4.6.0 (GCC)
=== libffi tests ===
Running target unix
=== libffi Summary for unix ===
# of expected passes 1634
# of expected failures 10
# of unsupported tests 15
Running target unix/-m64
=== libffi Summary for unix/-m64 ===
# of expected passes 1634
# of expected failures 10
# of unsupported tests 15
=== libffi Summary ===
# of expected passes 3268
# of expected failures 20
# of unsupported tests 30
=== libgomp tests ===
Running target unix
=== libgomp Summary for unix ===
# of expected passes 2524
# of unsupported tests 9
Running target unix/-m64
=== libgomp Summary for unix/-m64 ===
# of expected passes 2524
# of unsupported tests 9
=== libgomp Summary ===
# of expected passes 5048
# of unsupported tests 18
=== libjava tests ===
Running target unix
=== libjava Summary for unix ===
# of expected passes 2574
Running target unix/-m64
=== libjava Summary for unix/-m64 ===
# of expected passes 2574
=== libjava Summary ===
# of expected passes 5148
=== libstdc++ tests ===
Running target unix
=== libstdc++ Summary for unix ===
# of expected passes 7359
# of expected failures 81
# of unsupported tests 460
Running target unix/-m64
=== libstdc++ Summary for unix/-m64 ===
# of expected passes 7359
# of expected failures 81
# of unsupported tests 460
=== libstdc++ Summary ===
# of expected passes 14718
# of expected failures 162
# of unsupported tests 920
Compiler version: 4.6.0 (GCC)
Platform: sparc-sun-solaris2.11
configure flags: --prefix=/vol/gcc --target=sparc-sun-solaris2.11 --with-gmp=/vol/gcc --with-mpfr=/vol/gcc --with-mpc=/vol/gcc --enable-languages=all,ada --without-ppl --without-cloog
BOOT_CFLAGS=-g -O2