This is the mail archive of the gcc-testresults@gcc.gnu.org mailing list for the GCC project.


Index Nav: [Date Index] [Subject Index] [Author Index] [Thread Index]
Message Nav: [Date Prev] [Date Next] [Thread Prev] [Thread Next]
Other format: [Raw text]

Results for 4.6.0 (GCC) testsuite on i386-pc-solaris2.9


LAST_UPDATED: Fri Mar 25 18:21:22 UTC 2011 (revision 171512)

		=== acats tests ===

		=== acats Summary ===
# of expected passes		2321
# of unexpected failures	0
Native configuration is i386-pc-solaris2.9

		=== g++ tests ===


Running target unix

		=== g++ Summary ===

# of expected passes		26635
# of expected failures		162
# of unsupported tests		190
/var/gcc/regression/gcc-4.6-branch/9-gcc-gas/build/gcc/testsuite/g++/../../g++  version 4.6.0 (GCC) 

		=== gcc tests ===


Running target unix
FAIL: gcc.dg/lto/20110201-1 c_lto_20110201-1_0.o-c_lto_20110201-1_0.o link,  -O0 -flto 
UNRESOLVED: gcc.dg/lto/20110201-1 c_lto_20110201-1_0.o-c_lto_20110201-1_0.o execute  -O0 -flto 

		=== gcc Summary ===

# of expected passes		75366
# of unexpected failures	1
# of expected failures		212
# of unresolved testcases	1
# of unsupported tests		834
/var/gcc/regression/gcc-4.6-branch/9-gcc-gas/build/gcc/xgcc  version 4.6.0 (GCC) 

		=== gfortran tests ===


Running target unix

		=== gfortran Summary ===

# of expected passes		37924
# of expected failures		41
# of unsupported tests		372
/var/gcc/regression/gcc-4.6-branch/9-gcc-gas/build/gcc/testsuite/gfortran/../../gfortran  version 4.6.0 (GCC) 

		=== gnat tests ===


Running target unix

		=== gnat Summary ===

# of expected passes		866
# of expected failures		10
# of unsupported tests		3
/var/gcc/regression/gcc-4.6-branch/9-gcc-gas/build/gcc/gnatmake version 4.6.0

		=== objc tests ===


Running target unix

		=== objc Summary ===

# of expected passes		2870
# of expected failures		6
# of unsupported tests		98
/var/gcc/regression/gcc-4.6-branch/9-gcc-gas/build/gcc/xgcc  version 4.6.0 (GCC) 

		=== libffi tests ===


Running target unix

		=== libffi Summary ===

# of expected passes		1634
# of expected failures		10
# of unsupported tests		15
		=== libgomp tests ===


Running target unix

		=== libgomp Summary ===

# of expected passes		2538
# of unsupported tests		2
		=== libjava tests ===


Running target unix
FAIL: Divide_1 output - source compiled test
FAIL: Divide_1 -findirect-dispatch output - source compiled test
FAIL: Divide_1 -O3 output - source compiled test
FAIL: Divide_1 -O3 -findirect-dispatch output - source compiled test

		=== libjava Summary ===

# of expected passes		2570
# of unexpected failures	4
		=== libstdc++ tests ===


Running target unix

		=== libstdc++ Summary ===

# of expected passes		6839
# of expected failures		85
# of unsupported tests		740

Compiler version: 4.6.0 (GCC) 
Platform: i386-pc-solaris2.9
configure flags: --prefix=/vol/gcc --target=i386-pc-solaris2.9 --with-as=/vol/gcc/bin/gas-2.21 --with-gnu-as --with-gmp=/vol/gcc --with-mpfr=/vol/gcc --with-mpc=/vol/gcc --enable-languages=all,ada --without-ppl --without-cloog
BOOT_CFLAGS=-g -O2


Index Nav: [Date Index] [Subject Index] [Author Index] [Thread Index]
Message Nav: [Date Prev] [Date Next] [Thread Prev] [Thread Next]