This is the mail archive of the gcc-testresults@gcc.gnu.org mailing list for the GCC project.


Index Nav: [Date Index] [Subject Index] [Author Index] [Thread Index]
Message Nav: [Date Prev] [Date Next] [Thread Prev] [Thread Next]
Other format: [Raw text]

Results for 4.5.3 20110325 (prerelease) [gcc-4_5-branch revision 171463] (GCC) testsuite on i386-pc-solaris2.11


LAST_UPDATED: Fri Mar 25 18:23:03 UTC 2011 (revision 171463)

		=== acats tests ===

		=== acats Summary ===
# of expected passes		2321
# of unexpected failures	0
Native configuration is i386-pc-solaris2.11

		=== g++ tests ===


Running target unix
FAIL: g++.dg/cpp0x/move1.C (test for excess errors)

		=== g++ Summary for unix ===

# of expected passes		23136
# of unexpected failures	1
# of expected failures		154
# of unsupported tests		163

Running target unix/-m64
FAIL: g++.dg/cpp0x/move1.C (test for excess errors)

		=== g++ Summary for unix/-m64 ===

# of expected passes		22756
# of unexpected failures	1
# of expected failures		154
# of unsupported tests		346

		=== g++ Summary ===

# of expected passes		45892
# of unexpected failures	2
# of expected failures		308
# of unsupported tests		509
/var/gcc/regression/gcc-4.5-branch/11-gcc-gas/build/gcc/testsuite/g++/../../g++  version 4.5.3 20110325 (prerelease) [gcc-4_5-branch revision 171463] (GCC) 

		=== gcc tests ===


Running target unix

		=== gcc Summary for unix ===

# of expected passes		71517
# of expected failures		167
# of unsupported tests		702

Running target unix/-m64

		=== gcc Summary for unix/-m64 ===

# of expected passes		71057
# of expected failures		165
# of unsupported tests		1054

		=== gcc Summary ===

# of expected passes		142574
# of expected failures		332
# of unsupported tests		1756
/var/gcc/regression/gcc-4.5-branch/11-gcc-gas/build/gcc/xgcc  version 4.5.3 20110325 (prerelease) [gcc-4_5-branch revision 171463] (GCC) 

		=== gfortran tests ===


Running target unix

		=== gfortran Summary for unix ===

# of expected passes		34399
# of expected failures		20
# of unsupported tests		146

Running target unix/-m64

		=== gfortran Summary for unix/-m64 ===

# of expected passes		34552
# of expected failures		20
# of unsupported tests		78

		=== gfortran Summary ===

# of expected passes		68951
# of expected failures		40
# of unsupported tests		224
/var/gcc/regression/gcc-4.5-branch/11-gcc-gas/build/gcc/testsuite/gfortran/../../gfortran  version 4.5.3 20110325 (prerelease) [gcc-4_5-branch revision 171463] (GCC) 

		=== gnat tests ===


Running target unix

		=== gnat Summary for unix ===

# of expected passes		766
# of expected failures		7
# of unsupported tests		1

Running target unix/-m64

		=== gnat Summary for unix/-m64 ===

# of expected passes		766
# of expected failures		7
# of unsupported tests		1

		=== gnat Summary ===

# of expected passes		1532
# of expected failures		14
# of unsupported tests		2
		=== objc tests ===


Running target unix

		=== objc Summary for unix ===

# of expected passes		1882
# of expected failures		7
# of unsupported tests		20

Running target unix/-m64

		=== objc Summary for unix/-m64 ===

# of expected passes		1874
# of expected failures		15
# of unsupported tests		20

		=== objc Summary ===

# of expected passes		3756
# of expected failures		22
# of unsupported tests		40
/var/gcc/regression/gcc-4.5-branch/11-gcc-gas/build/gcc/xgcc  version 4.5.3 20110325 (prerelease) [gcc-4_5-branch revision 171463] (GCC) 

		=== libffi tests ===


Running target unix

		=== libffi Summary for unix ===

# of expected passes		1634
# of expected failures		10
# of unsupported tests		15

Running target unix/-m64

		=== libffi Summary for unix/-m64 ===

# of expected passes		1634
# of expected failures		10
# of unsupported tests		15

		=== libffi Summary ===

# of expected passes		3268
# of expected failures		20
# of unsupported tests		30
		=== libgomp tests ===


Running target unix

		=== libgomp Summary for unix ===

# of expected passes		2538
# of unsupported tests		2

Running target unix/-m64

		=== libgomp Summary for unix/-m64 ===

# of expected passes		2538
# of unsupported tests		2

		=== libgomp Summary ===

# of expected passes		5076
# of unsupported tests		4
		=== libjava tests ===


Running target unix

		=== libjava Summary for unix ===

# of expected passes		2574

Running target unix/-m64

		=== libjava Summary for unix/-m64 ===

# of expected passes		2574

		=== libjava Summary ===

# of expected passes		5148
		=== libstdc++ tests ===


Running target unix

		=== libstdc++ Summary for unix ===

# of expected passes		6699
# of expected failures		92
# of unsupported tests		436

Running target unix/-m64

		=== libstdc++ Summary for unix/-m64 ===

# of expected passes		6699
# of expected failures		92
# of unsupported tests		436

		=== libstdc++ Summary ===

# of expected passes		13398
# of expected failures		184
# of unsupported tests		872

		=== libstdc++ Summary ===


Compiler version: 4.5.3 20110325 (prerelease) [gcc-4_5-branch revision 171463] (GCC) 
Platform: i386-pc-solaris2.11
configure flags: --prefix=/vol/gcc --target=i386-pc-solaris2.11 --with-as=/vol/gcc/bin/gas-2.21 --with-gnu-as --with-gmp=/vol/gcc --with-mpfr=/vol/gcc --with-mpc=/vol/gcc --enable-languages=all,ada --without-ppl --without-cloog
BOOT_CFLAGS=-g -O2


Index Nav: [Date Index] [Subject Index] [Author Index] [Thread Index]
Message Nav: [Date Prev] [Date Next] [Thread Prev] [Thread Next]