This is the mail archive of the gcc-testresults@gcc.gnu.org mailing list for the GCC project.


Index Nav: [Date Index] [Subject Index] [Author Index] [Thread Index]
Message Nav: [Date Prev] [Date Next] [Thread Prev] [Thread Next]
Other format: [Raw text]

Results for 4.7.0 20110328 (experimental) [trunk revision 171591] (GCC) testsuite on i386-pc-solaris2.11


LAST_UPDATED: Mon Mar 28 09:15:20 UTC 2011 (revision 171591)

		=== acats tests ===

		=== acats Summary ===
# of expected passes		2321
# of unexpected failures	0
Native configuration is i386-pc-solaris2.11

		=== g++ tests ===


Running target unix

		=== g++ Summary for unix ===

# of expected passes		26691
# of expected failures		163
# of unsupported tests		189

Running target unix/-m64

		=== g++ Summary for unix/-m64 ===

# of expected passes		26923
# of expected failures		163
# of unsupported tests		388

		=== g++ Summary ===

# of expected passes		53614
# of expected failures		326
# of unsupported tests		577
/var/gcc/regression/trunk/11-gcc-gas/build/gcc/testsuite/g++/../../g++  version 4.7.0 20110328 (experimental) [trunk revision 171591] (GCC) 

		=== gcc tests ===


Running target unix
FAIL: gcc.dg/vect/pr38529.c (internal compiler error)
FAIL: gcc.dg/vect/pr38529.c (test for excess errors)
FAIL: gcc.dg/vect/pr38529.c scan-tree-dump-times vect "OUTER LOOP VECTORIZED" 1

		=== gcc Summary for unix ===

# of expected passes		75826
# of unexpected failures	3
# of expected failures		188
# of unsupported tests		799

Running target unix/-m64
FAIL: gcc.dg/vect/pr38529.c (internal compiler error)
FAIL: gcc.dg/vect/pr38529.c (test for excess errors)
FAIL: gcc.dg/vect/pr38529.c scan-tree-dump-times vect "OUTER LOOP VECTORIZED" 1

		=== gcc Summary for unix/-m64 ===

# of expected passes		75974
# of unexpected failures	3
# of expected failures		187
# of unsupported tests		1205

		=== gcc Summary ===

# of expected passes		151800
# of unexpected failures	6
# of expected failures		375
# of unsupported tests		2004
/var/gcc/regression/trunk/11-gcc-gas/build/gcc/xgcc  version 4.7.0 20110328 (experimental) [trunk revision 171591] (GCC) 

		=== gfortran tests ===


Running target unix
FAIL: gfortran.dg/cray_pointers_8.f90  -O2  execution test
FAIL: gfortran.dg/cray_pointers_8.f90  -O3 -fomit-frame-pointer  execution test
FAIL: gfortran.dg/cray_pointers_8.f90  -O3 -fomit-frame-pointer -funroll-loops  execution test
FAIL: gfortran.dg/cray_pointers_8.f90  -O3 -fomit-frame-pointer -funroll-all-loops -finline-functions  execution test
FAIL: gfortran.dg/cray_pointers_8.f90  -O3 -g  execution test
FAIL: gfortran.dg/cray_pointers_8.f90  -Os  execution test

		=== gfortran Summary for unix ===

# of expected passes		38390
# of unexpected failures	6
# of expected failures		53
# of unsupported tests		228

Running target unix/-m64

		=== gfortran Summary for unix/-m64 ===

# of expected passes		38691
# of expected failures		53
# of unsupported tests		90

		=== gfortran Summary ===

# of expected passes		77081
# of unexpected failures	6
# of expected failures		106
# of unsupported tests		318
/var/gcc/regression/trunk/11-gcc-gas/build/gcc/testsuite/gfortran/../../gfortran  version 4.7.0 20110328 (experimental) [trunk revision 171591] (GCC) 

		=== gnat tests ===


Running target unix

		=== gnat Summary for unix ===

# of expected passes		878
# of expected failures		11
# of unsupported tests		3

Running target unix/-m64

		=== gnat Summary for unix/-m64 ===

# of expected passes		878
# of expected failures		11
# of unsupported tests		3

		=== gnat Summary ===

# of expected passes		1756
# of expected failures		22
# of unsupported tests		6
/var/gcc/regression/trunk/11-gcc-gas/build/gcc/gnatmake version 4.7.0 20110328 (experimental) [trunk revision 171591]

		=== go tests ===


Running target unix

		=== go Summary for unix ===

# of expected passes		2867
# of expected failures		24
# of unsupported tests		1

Running target unix/-m64

		=== go Summary for unix/-m64 ===

# of expected passes		2867
# of expected failures		24
# of unsupported tests		1

		=== go Summary ===

# of expected passes		5734
# of expected failures		48
# of unsupported tests		2
/var/gcc/regression/trunk/11-gcc-gas/build/gcc/testsuite/go/../../gccgo  version 4.7.0 20110328 (experimental) [trunk revision 171591] (GCC) 

		=== objc tests ===


Running target unix

		=== objc Summary for unix ===

# of expected passes		2918
# of expected failures		6
# of unsupported tests		74

Running target unix/-m64

		=== objc Summary for unix/-m64 ===

# of expected passes		2908
# of expected failures		16
# of unsupported tests		74

		=== objc Summary ===

# of expected passes		5826
# of expected failures		22
# of unsupported tests		148
/var/gcc/regression/trunk/11-gcc-gas/build/gcc/xgcc  version 4.7.0 20110328 (experimental) [trunk revision 171591] (GCC) 

		=== boehm-gc tests ===


Running target unix

		=== boehm-gc Summary for unix ===

# of expected passes		12
# of unsupported tests		1

Running target unix/-m64

		=== boehm-gc Summary for unix/-m64 ===

# of expected passes		12
# of unsupported tests		1

		=== boehm-gc Summary ===

# of expected passes		24
# of unsupported tests		2
		=== libffi tests ===


Running target unix

		=== libffi Summary for unix ===

# of expected passes		1634
# of expected failures		10
# of unsupported tests		15

Running target unix/-m64

		=== libffi Summary for unix/-m64 ===

# of expected passes		1634
# of expected failures		10
# of unsupported tests		15

		=== libffi Summary ===

# of expected passes		3268
# of expected failures		20
# of unsupported tests		30
		=== libgomp tests ===


Running target unix
FAIL: libgomp.graphite/force-parallel-1.c execution test

		=== libgomp Summary for unix ===

# of expected passes		2583
# of unexpected failures	1
# of unsupported tests		2

Running target unix/-m64
FAIL: libgomp.graphite/force-parallel-1.c execution test

		=== libgomp Summary for unix/-m64 ===

# of expected passes		2583
# of unexpected failures	1
# of unsupported tests		2

		=== libgomp Summary ===

# of expected passes		5166
# of unexpected failures	2
# of unsupported tests		4
		=== libjava tests ===


Running target unix

		=== libjava Summary for unix ===

# of expected passes		2574

Running target unix/-m64

		=== libjava Summary for unix/-m64 ===

# of expected passes		2574

		=== libjava Summary ===

# of expected passes		5148
		=== libstdc++ tests ===


Running target unix

		=== libstdc++ Summary for unix ===

# of expected passes		7382
# of expected failures		81
# of unsupported tests		461

Running target unix/-m64

		=== libstdc++ Summary for unix/-m64 ===

# of expected passes		7382
# of expected failures		81
# of unsupported tests		461

		=== libstdc++ Summary ===

# of expected passes		14764
# of expected failures		162
# of unsupported tests		922

Compiler version: 4.7.0 20110328 (experimental) [trunk revision 171591] (GCC) 
Platform: i386-pc-solaris2.11
configure flags: --prefix=/vol/gcc --target=i386-pc-solaris2.11 --with-host-libstdcxx='-Wl,-Bstatic -lstdc++ -Wl,-Bdynamic -lm' --with-boot-ldflags='-static-libstdc++ -static-libgcc -L/vol/gcc-4.4/lib' --with-as=/vol/gcc/bin/gas-2.21 --with-gnu-as --with-gmp=/vol/gcc --with-mpfr=/vol/gcc --with-mpc=/vol/gcc --enable-languages=all,ada,go --with-ppl=/vol/gcc --with-cloog=/vol/gcc --enable-cloog-backend=ppl
BOOT_CFLAGS=-g -O2


Index Nav: [Date Index] [Subject Index] [Author Index] [Thread Index]
Message Nav: [Date Prev] [Date Next] [Thread Prev] [Thread Next]