This is the mail archive of the
gcc-testresults@gcc.gnu.org
mailing list for the GCC project.
Results for 4.7.0 20110326 (experimental) (GCC) testsuite on powerpc64-unknown-linux-gnu
- From: Mikael Pettersson <mikpe at it dot uu dot se>
- To: gcc-testresults at gcc dot gnu dot org
- Date: Sun, 27 Mar 2011 20:49:09 +0200
- Subject: Results for 4.7.0 20110326 (experimental) (GCC) testsuite on powerpc64-unknown-linux-gnu
LAST_UPDATED: Obtained from SVN: trunk revision 171562
Native configuration is powerpc64-unknown-linux-gnu
=== g++ tests ===
Running target unix
WARNING: program timed out.
FAIL: g++.dg/bprob/g++-bprob-2.C execution, -Os -fprofile-use
FAIL: g++.dg/ext/altivec-cell-1.C (internal compiler error)
FAIL: g++.dg/ext/altivec-cell-1.C (test for excess errors)
FAIL: g++.dg/guality/redeclaration1.C -O0 line 17 i == 24
FAIL: g++.dg/guality/redeclaration1.C -O1 line 17 i == 24
FAIL: g++.dg/guality/redeclaration1.C -O2 line 17 i == 24
FAIL: g++.dg/guality/redeclaration1.C -O3 -fomit-frame-pointer line 17 i == 24
FAIL: g++.dg/guality/redeclaration1.C -O3 -g line 17 i == 24
FAIL: g++.dg/guality/redeclaration1.C -Os line 17 i == 24
=== g++ Summary ===
# of expected passes 25274
# of unexpected failures 9
# of expected failures 160
# of unsupported tests 351
/mnt/archive/objdir47/gcc/testsuite/g++/../../g++ version 4.7.0 20110326 (experimental) (GCC)
=== gcc tests ===
Running target unix
FAIL: gcc.c-torture/compile/limits-exprparen.c -O0 (internal compiler error)
FAIL: gcc.c-torture/compile/limits-exprparen.c -O0 (test for excess errors)
FAIL: gcc.c-torture/compile/limits-exprparen.c -O1 (internal compiler error)
FAIL: gcc.c-torture/compile/limits-exprparen.c -O1 (test for excess errors)
FAIL: gcc.c-torture/compile/limits-exprparen.c -O2 (internal compiler error)
FAIL: gcc.c-torture/compile/limits-exprparen.c -O2 (test for excess errors)
FAIL: gcc.c-torture/compile/limits-exprparen.c -O3 -fomit-frame-pointer (internal compiler error)
FAIL: gcc.c-torture/compile/limits-exprparen.c -O3 -fomit-frame-pointer (test for excess errors)
FAIL: gcc.c-torture/compile/limits-exprparen.c -O3 -g (internal compiler error)
FAIL: gcc.c-torture/compile/limits-exprparen.c -O3 -g (test for excess errors)
FAIL: gcc.c-torture/compile/limits-exprparen.c -Os (internal compiler error)
FAIL: gcc.c-torture/compile/limits-exprparen.c -Os (test for excess errors)
FAIL: gcc.dg/and-1.c scan-assembler-not nand
FAIL: gcc.dg/cproj-fails-with-broken-glibc.c execution test
FAIL: gcc.dg/sms-2.c scan-rtl-dump-times sms "SMS succeeded" 1
FAIL: gcc.dg/sms-3.c scan-rtl-dump-times sms "SMS succeeded" 1
FAIL: gcc.dg/sms-4.c scan-rtl-dump-times sms "SMS succeeded" 1
FAIL: gcc.dg/sms-5.c scan-rtl-dump-times sms "SMS succeeded" 1
FAIL: gcc.dg/sms-6.c scan-rtl-dump-times sms "SMS succeeded" 3
FAIL: gcc.dg/sms-7.c scan-rtl-dump-times sms "SMS succeeded" 3
FAIL: gcc.dg/sms-8.c scan-rtl-dump-times sms "SMS succeeded" 1
XPASS: gcc.dg/guality/example.c -O0 execution test
XPASS: gcc.dg/guality/example.c -O1 execution test
XPASS: gcc.dg/guality/example.c -O2 execution test
XPASS: gcc.dg/guality/example.c -Os execution test
XPASS: gcc.dg/guality/guality.c -O0 execution test
XPASS: gcc.dg/guality/guality.c -O1 execution test
XPASS: gcc.dg/guality/guality.c -O2 execution test
XPASS: gcc.dg/guality/guality.c -O3 -fomit-frame-pointer execution test
XPASS: gcc.dg/guality/guality.c -O3 -g execution test
XPASS: gcc.dg/guality/guality.c -Os execution test
XPASS: gcc.dg/guality/inline-params.c -O2 execution test
XPASS: gcc.dg/guality/inline-params.c -O3 -fomit-frame-pointer execution test
XPASS: gcc.dg/guality/inline-params.c -O3 -g execution test
XPASS: gcc.dg/guality/inline-params.c -Os execution test
XPASS: gcc.dg/guality/pr41353-1.c -O0 line 28 j == 28 + 37
XPASS: gcc.dg/guality/pr41353-1.c -O1 line 28 j == 28 + 37
XPASS: gcc.dg/guality/pr41353-1.c -O2 line 28 j == 28 + 37
XPASS: gcc.dg/guality/pr41353-1.c -O3 -fomit-frame-pointer line 28 j == 28 + 37
XPASS: gcc.dg/guality/pr41353-1.c -O3 -g line 28 j == 28 + 37
XPASS: gcc.dg/guality/pr41353-1.c -Os line 28 j == 28 + 37
XPASS: gcc.dg/guality/pr41447-1.c -O0 execution test
XPASS: gcc.dg/guality/pr41447-1.c -O1 execution test
XPASS: gcc.dg/guality/pr41447-1.c -O2 execution test
XPASS: gcc.dg/guality/pr41447-1.c -O3 -fomit-frame-pointer execution test
XPASS: gcc.dg/guality/pr41447-1.c -O3 -g execution test
XPASS: gcc.dg/guality/pr41447-1.c -Os execution test
XPASS: gcc.dg/guality/pr41616-1.c -O0 execution test
XPASS: gcc.dg/guality/pr41616-1.c -O1 execution test
XPASS: gcc.dg/guality/pr41616-1.c -O2 execution test
XPASS: gcc.dg/guality/pr41616-1.c -O3 -fomit-frame-pointer execution test
XPASS: gcc.dg/guality/pr41616-1.c -O3 -g execution test
XPASS: gcc.dg/guality/pr41616-1.c -Os execution test
FAIL: gcc.dg/guality/pr43077-1.c -O1 line 42 c == 3
FAIL: gcc.dg/guality/sra-1.c -O1 line 21 a.j == 14
FAIL: gcc.dg/guality/sra-1.c -O2 line 21 a.j == 14
FAIL: gcc.dg/guality/sra-1.c -O3 -fomit-frame-pointer line 21 a.j == 14
FAIL: gcc.dg/guality/sra-1.c -O3 -g line 21 a.j == 14
FAIL: gcc.dg/guality/sra-1.c -Os line 21 a.j == 14
FAIL: gcc.dg/guality/vla-1.c -O1 line 17 sizeof (a) == 6
FAIL: gcc.dg/guality/vla-1.c -O1 line 24 sizeof (a) == 17 * sizeof (short)
FAIL: gcc.dg/guality/vla-1.c -O2 line 17 sizeof (a) == 6
FAIL: gcc.dg/guality/vla-1.c -O2 line 24 sizeof (a) == 17 * sizeof (short)
FAIL: gcc.dg/guality/vla-1.c -O3 -fomit-frame-pointer line 17 sizeof (a) == 6
FAIL: gcc.dg/guality/vla-1.c -O3 -fomit-frame-pointer line 24 sizeof (a) == 17 * sizeof (short)
FAIL: gcc.dg/guality/vla-1.c -O3 -g line 17 sizeof (a) == 6
FAIL: gcc.dg/guality/vla-1.c -O3 -g line 24 sizeof (a) == 17 * sizeof (short)
FAIL: gcc.dg/guality/vla-1.c -Os line 17 sizeof (a) == 6
FAIL: gcc.dg/guality/vla-1.c -Os line 24 sizeof (a) == 17 * sizeof (short)
FAIL: gcc.dg/guality/vla-2.c -O1 line 25 sizeof (a) == 6 * sizeof (int)
FAIL: gcc.dg/guality/vla-2.c -O2 line 25 sizeof (a) == 6 * sizeof (int)
FAIL: gcc.dg/guality/vla-2.c -O3 -fomit-frame-pointer line 25 sizeof (a) == 6 * sizeof (int)
FAIL: gcc.dg/guality/vla-2.c -O3 -g line 25 sizeof (a) == 6 * sizeof (int)
FAIL: gcc.dg/torture/va-arg-25.c -O0 (test for excess errors)
FAIL: gcc.dg/torture/va-arg-25.c -O1 (test for excess errors)
FAIL: gcc.dg/torture/va-arg-25.c -O2 (test for excess errors)
FAIL: gcc.dg/torture/va-arg-25.c -O3 -fomit-frame-pointer (test for excess errors)
FAIL: gcc.dg/torture/va-arg-25.c -O3 -g (test for excess errors)
FAIL: gcc.dg/torture/va-arg-25.c -Os (test for excess errors)
FAIL: gcc.dg/tree-ssa/vrp47.c scan-tree-dump-times vrp1 "[xy][^ ]* !=" 0
FAIL: gcc.dg/tree-ssa/vrp47.c scan-tree-dump-times dom1 "x[^ ]* & y" 1
FAIL: gcc.dg/vect/pr38529.c (internal compiler error)
FAIL: gcc.dg/vect/pr38529.c (test for excess errors)
FAIL: gcc.dg/vect/pr38529.c scan-tree-dump-times vect "OUTER LOOP VECTORIZED" 1
FAIL: gcc.dg/vect/vect-10.c (internal compiler error)
FAIL: gcc.dg/vect/vect-10.c (test for excess errors)
FAIL: gcc.dg/vect/vect-complex-5.c (internal compiler error)
FAIL: gcc.dg/vect/vect-complex-5.c (test for excess errors)
WARNING: gcc.dg/vect/vect-complex-5.c compilation failed to produce executable
FAIL: gcc.dg/vect/vect-cselim-1.c (internal compiler error)
FAIL: gcc.dg/vect/vect-cselim-1.c (test for excess errors)
WARNING: gcc.dg/vect/vect-cselim-1.c compilation failed to produce executable
FAIL: gcc.dg/vect/vect-double-reduc-5.c (internal compiler error)
FAIL: gcc.dg/vect/vect-double-reduc-5.c (test for excess errors)
WARNING: gcc.dg/vect/vect-double-reduc-5.c compilation failed to produce executable
FAIL: gcc.dg/vect/vect-outer-1.c (internal compiler error)
FAIL: gcc.dg/vect/vect-outer-1.c (test for excess errors)
FAIL: gcc.dg/vect/vect-outer-1a.c (internal compiler error)
FAIL: gcc.dg/vect/vect-outer-1a.c (test for excess errors)
FAIL: gcc.dg/vect/vect-outer-1b.c (internal compiler error)
FAIL: gcc.dg/vect/vect-outer-1b.c (test for excess errors)
FAIL: gcc.dg/vect/vect-outer-4f.c (internal compiler error)
FAIL: gcc.dg/vect/vect-outer-4f.c (test for excess errors)
WARNING: gcc.dg/vect/vect-outer-4f.c compilation failed to produce executable
FAIL: gcc.dg/vect/vect-outer-4g.c (internal compiler error)
FAIL: gcc.dg/vect/vect-outer-4g.c (test for excess errors)
WARNING: gcc.dg/vect/vect-outer-4g.c compilation failed to produce executable
FAIL: gcc.dg/vect/vect-outer-4k.c (internal compiler error)
FAIL: gcc.dg/vect/vect-outer-4k.c (test for excess errors)
WARNING: gcc.dg/vect/vect-outer-4k.c compilation failed to produce executable
FAIL: gcc.dg/vect/vect-outer-4l.c (internal compiler error)
FAIL: gcc.dg/vect/vect-outer-4l.c (test for excess errors)
WARNING: gcc.dg/vect/vect-outer-4l.c compilation failed to produce executable
FAIL: gcc.dg/vect/vect-strided-a-mult.c (internal compiler error)
FAIL: gcc.dg/vect/vect-strided-a-mult.c (test for excess errors)
WARNING: gcc.dg/vect/vect-strided-a-mult.c compilation failed to produce executable
FAIL: gcc.dg/vect/vect-strided-a-u16-i2.c (internal compiler error)
FAIL: gcc.dg/vect/vect-strided-a-u16-i2.c (test for excess errors)
WARNING: gcc.dg/vect/vect-strided-a-u16-i2.c compilation failed to produce executable
FAIL: gcc.dg/vect/vect-strided-a-u16-i4.c (internal compiler error)
FAIL: gcc.dg/vect/vect-strided-a-u16-i4.c (test for excess errors)
WARNING: gcc.dg/vect/vect-strided-a-u16-i4.c compilation failed to produce executable
FAIL: gcc.dg/vect/vect-strided-a-u16-mult.c (internal compiler error)
FAIL: gcc.dg/vect/vect-strided-a-u16-mult.c (test for excess errors)
WARNING: gcc.dg/vect/vect-strided-a-u16-mult.c compilation failed to produce executable
FAIL: gcc.dg/vect/vect-strided-a-u8-i2-gap.c (internal compiler error)
FAIL: gcc.dg/vect/vect-strided-a-u8-i2-gap.c (test for excess errors)
WARNING: gcc.dg/vect/vect-strided-a-u8-i2-gap.c compilation failed to produce executable
FAIL: gcc.dg/vect/vect-strided-a-u8-i8-gap2.c (internal compiler error)
FAIL: gcc.dg/vect/vect-strided-a-u8-i8-gap2.c (test for excess errors)
WARNING: gcc.dg/vect/vect-strided-a-u8-i8-gap2.c compilation failed to produce executable
FAIL: gcc.dg/vect/vect-strided-a-u8-i8-gap7.c (internal compiler error)
FAIL: gcc.dg/vect/vect-strided-a-u8-i8-gap7.c (test for excess errors)
WARNING: gcc.dg/vect/vect-strided-a-u8-i8-gap7.c compilation failed to produce executable
FAIL: gcc.dg/vect/vect-strided-mult-char-ls.c (internal compiler error)
FAIL: gcc.dg/vect/vect-strided-mult-char-ls.c (test for excess errors)
WARNING: gcc.dg/vect/vect-strided-mult-char-ls.c compilation failed to produce executable
FAIL: gcc.dg/vect/vect-strided-mult.c (internal compiler error)
FAIL: gcc.dg/vect/vect-strided-mult.c (test for excess errors)
WARNING: gcc.dg/vect/vect-strided-mult.c compilation failed to produce executable
FAIL: gcc.dg/vect/vect-strided-same-dr.c (internal compiler error)
FAIL: gcc.dg/vect/vect-strided-same-dr.c (test for excess errors)
WARNING: gcc.dg/vect/vect-strided-same-dr.c compilation failed to produce executable
FAIL: gcc.dg/vect/vect-strided-u16-i2.c (internal compiler error)
FAIL: gcc.dg/vect/vect-strided-u16-i2.c (test for excess errors)
WARNING: gcc.dg/vect/vect-strided-u16-i2.c compilation failed to produce executable
FAIL: gcc.dg/vect/vect-strided-u16-i4.c (internal compiler error)
FAIL: gcc.dg/vect/vect-strided-u16-i4.c (test for excess errors)
WARNING: gcc.dg/vect/vect-strided-u16-i4.c compilation failed to produce executable
FAIL: gcc.dg/vect/vect-strided-u8-i2-gap.c (internal compiler error)
FAIL: gcc.dg/vect/vect-strided-u8-i2-gap.c (test for excess errors)
WARNING: gcc.dg/vect/vect-strided-u8-i2-gap.c compilation failed to produce executable
FAIL: gcc.dg/vect/vect-strided-u8-i2.c (internal compiler error)
FAIL: gcc.dg/vect/vect-strided-u8-i2.c (test for excess errors)
WARNING: gcc.dg/vect/vect-strided-u8-i2.c compilation failed to produce executable
FAIL: gcc.dg/vect/vect-strided-u8-i8-gap2.c (internal compiler error)
FAIL: gcc.dg/vect/vect-strided-u8-i8-gap2.c (test for excess errors)
WARNING: gcc.dg/vect/vect-strided-u8-i8-gap2.c compilation failed to produce executable
FAIL: gcc.dg/vect/vect-strided-u8-i8-gap4.c (internal compiler error)
FAIL: gcc.dg/vect/vect-strided-u8-i8-gap4.c (test for excess errors)
WARNING: gcc.dg/vect/vect-strided-u8-i8-gap4.c compilation failed to produce executable
FAIL: gcc.dg/vect/vect-strided-u8-i8-gap7.c (internal compiler error)
FAIL: gcc.dg/vect/vect-strided-u8-i8-gap7.c (test for excess errors)
WARNING: gcc.dg/vect/vect-strided-u8-i8-gap7.c compilation failed to produce executable
FAIL: gcc.dg/vect/vect-strided-u8-i8.c (internal compiler error)
FAIL: gcc.dg/vect/vect-strided-u8-i8.c (test for excess errors)
WARNING: gcc.dg/vect/vect-strided-u8-i8.c compilation failed to produce executable
FAIL: gcc.dg/vect/vect-vfa-03.c (internal compiler error)
FAIL: gcc.dg/vect/vect-vfa-03.c (test for excess errors)
WARNING: gcc.dg/vect/vect-vfa-03.c compilation failed to produce executable
FAIL: gcc.dg/vect/slp-13.c (internal compiler error)
FAIL: gcc.dg/vect/slp-13.c (test for excess errors)
WARNING: gcc.dg/vect/slp-13.c compilation failed to produce executable
FAIL: gcc.dg/vect/slp-21.c (internal compiler error)
FAIL: gcc.dg/vect/slp-21.c (test for excess errors)
WARNING: gcc.dg/vect/slp-21.c compilation failed to produce executable
FAIL: gcc.dg/vect/slp-reduc-3.c (internal compiler error)
FAIL: gcc.dg/vect/slp-reduc-3.c (test for excess errors)
WARNING: gcc.dg/vect/slp-reduc-3.c compilation failed to produce executable
FAIL: gcc.dg/vect/slp-reduc-3.c scan-tree-dump-times vect "vectorized 1 loops" 2
FAIL: gcc.target/powerpc/405-dlmzb-strlen-1.c scan-assembler dlmzb\\\\.
FAIL: gcc.target/powerpc/440-dlmzb-strlen-1.c scan-assembler dlmzb\\\\.
FAIL: gcc.target/powerpc/ppc-vector-memcpy.c scan-assembler lvx
FAIL: gcc.target/powerpc/pr47755-2.c execution test
=== gcc Summary ===
# of expected passes 62706
# of unexpected failures 123
# of unexpected successes 32
# of expected failures 169
# of unsupported tests 1002
/mnt/archive/objdir47/gcc/xgcc version 4.7.0 20110326 (experimental) (GCC)
=== gfortran tests ===
Running target unix
XPASS: gfortran.dg/nint_2.f90 -O0 execution test
=== gfortran Summary ===
# of expected passes 38009
# of unexpected successes 1
# of expected failures 65
# of unsupported tests 228
/mnt/archive/objdir47/gcc/testsuite/gfortran/../../gfortran version 4.7.0 20110326 (experimental) (GCC)
=== obj-c++ tests ===
Running target unix
=== obj-c++ Summary ===
# of expected passes 1346
# of expected failures 2
# of unsupported tests 68
/mnt/archive/objdir47/gcc/testsuite/obj-c++/../../g++ version 4.7.0 20110326 (experimental) (GCC)
=== objc tests ===
Running target unix
=== objc Summary ===
# of expected passes 2848
# of expected failures 8
# of unsupported tests 62
/mnt/archive/objdir47/gcc/xgcc version 4.7.0 20110326 (experimental) (GCC)
=== boehm-gc tests ===
Running target unix
FAIL: boehm-gc.c/thread_leak_test.c -O2 (test for excess errors)
=== boehm-gc Summary ===
# of expected passes 11
# of unexpected failures 1
# of unsupported tests 1
=== libffi tests ===
Running target unix
=== libffi Summary ===
# of expected passes 1634
# of expected failures 10
# of unsupported tests 15
=== libgomp tests ===
Running target unix
=== libgomp Summary ===
# of expected passes 2542
=== libjava tests ===
Running target unix
=== libjava Summary ===
# of expected passes 2574
=== libstdc++ tests ===
Running target unix
FAIL: libstdc++-abi/abi_check
=== libstdc++ Summary ===
# of expected passes 8285
# of unexpected failures 1
# of expected failures 84
# of unsupported tests 108
Compiler version: 4.7.0 20110326 (experimental) (GCC)
Platform: powerpc64-unknown-linux-gnu
configure flags: --prefix=/mnt/archive/install47 --with-gmp=/home/mikpe/pkgs/linux-ppc64/gmp-4.3.2 --with-mpfr=/home/mikpe/pkgs/linux-ppc64/mpfr-2.4.2 --with-mpc=/home/mikpe/pkgs/linux-ppc64/mpc-0.8.2 --disable-plugin --disable-lto --disable-nls --enable-threads=posix --with-cpu=default32 --enable-checking=release --disable-libmudflap --enable-languages=c,c++,objc,obj-c++,java,fortran
BOOT_CFLAGS=-g -O2