This is the mail archive of the
gcc-testresults@gcc.gnu.org
mailing list for the GCC project.
Results for 4.7.0 20110321 (experimental) (GCC) testsuite on s390x-ibm-linux-gnu
- From: Andreas Krebbel <Andreas dot Krebbel at de dot ibm dot com>
- To: gcc-testresults at gcc dot gnu dot org
- Date: Tue, 22 Mar 2011 01:09:13 +0100
- Subject: Results for 4.7.0 20110321 (experimental) (GCC) testsuite on s390x-ibm-linux-gnu
LAST_UPDATED: Mon Mar 21 21:28:23 UTC 2011 (revision 171269)
Native configuration is s390x-ibm-linux-gnu
=== g++ tests ===
Running target unix
FAIL: g++.dg/debug/debug3.C -gdwarf-2 -O2 (test for excess errors)
FAIL: g++.dg/debug/debug3.C -gdwarf-2 -O3 (test for excess errors)
FAIL: g++.dg/debug/debug3.C -gdwarf-2 -g3 -O2 (test for excess errors)
FAIL: g++.dg/debug/debug3.C -gdwarf-2 -g3 -O3 (test for excess errors)
FAIL: g++.dg/torture/pr34641.C -O3 -g (test for excess errors)
FAIL: g++.dg/torture/pr37922.C -O3 -g (test for excess errors)
FAIL: g++.dg/torture/pr44148.C -O3 -g (test for excess errors)
FAIL: g++.dg/torture/stackalign/eh-alloca-1.C -O3 -g (test for excess errors)
FAIL: g++.dg/torture/stackalign/eh-global-1.C -O3 -g (test for excess errors)
FAIL: g++.dg/torture/stackalign/eh-inline-1.C -O3 -g (test for excess errors)
FAIL: g++.dg/torture/stackalign/eh-inline-2.C -O3 -g (test for excess errors)
FAIL: g++.dg/torture/stackalign/eh-vararg-1.C -O3 -g (test for excess errors)
FAIL: g++.dg/torture/stackalign/eh-vararg-2.C -O3 -g (test for excess errors)
FAIL: g++.dg/torture/stackalign/throw-1.C -O3 -g (test for excess errors)
FAIL: g++.dg/torture/stackalign/throw-2.C -O3 -g (test for excess errors)
FAIL: g++.dg/torture/stackalign/throw-3.C -O3 -g (test for excess errors)
FAIL: g++.dg/torture/stackalign/throw-4.C -O3 -g (test for excess errors)
=== g++ Summary ===
# of expected passes 27149
# of unexpected failures 17
# of expected failures 162
# of unsupported tests 404
/31bit/gcc/testsuite/g++/../../g++ version 4.7.0 20110321 (experimental) (GCC)
=== gcc tests ===
Running target unix
FAIL: gcc.c-torture/compile/981006-1.c -O3 -g (test for excess errors)
FAIL: gcc.dg/cpp/_Pragma3.c (test for excess errors)
FAIL: gcc.dg/debug/pr43972.c -gdwarf-2 -O (test for excess errors)
FAIL: gcc.dg/debug/pr43972.c -gdwarf-2 -O3 (test for excess errors)
FAIL: gcc.dg/debug/pr43972.c -gdwarf-2 -g3 -O (test for excess errors)
FAIL: gcc.dg/debug/pr43972.c -gdwarf-2 -g3 -O3 (test for excess errors)
FAIL: gcc.dg/dfp/pr41049.c execution test
FAIL: gcc.dg/pr42715.c (test for excess errors)
FAIL: gcc.dg/pr43139.c (test for excess errors)
FAIL: gcc.dg/pr45259.c (test for excess errors)
FAIL: gcc.dg/uninit-13.c unconditional (test for warnings, line 8)
FAIL: gcc.dg/uninit-13.c (test for excess errors)
XPASS: gcc.dg/guality/example.c -O0 execution test
XPASS: gcc.dg/guality/guality.c -O0 execution test
XPASS: gcc.dg/guality/guality.c -O1 execution test
XPASS: gcc.dg/guality/guality.c -Os execution test
XPASS: gcc.dg/guality/inline-params.c -O2 execution test
XPASS: gcc.dg/guality/inline-params.c -O3 -fomit-frame-pointer execution test
XPASS: gcc.dg/guality/inline-params.c -O3 -g execution test
XPASS: gcc.dg/guality/inline-params.c -Os execution test
XPASS: gcc.dg/guality/pr41353-1.c -O0 line 28 j == 28 + 37
XPASS: gcc.dg/guality/pr41447-1.c -O0 execution test
XPASS: gcc.dg/guality/pr41447-1.c -O1 execution test
XPASS: gcc.dg/guality/pr41447-1.c -O2 execution test
XPASS: gcc.dg/guality/pr41447-1.c -O3 -fomit-frame-pointer execution test
XPASS: gcc.dg/guality/pr41447-1.c -O3 -g execution test
XPASS: gcc.dg/guality/pr41447-1.c -Os execution test
XPASS: gcc.dg/guality/pr41616-1.c -O0 execution test
XPASS: gcc.dg/guality/pr41616-1.c -O1 execution test
XPASS: gcc.dg/guality/pr41616-1.c -O2 execution test
XPASS: gcc.dg/guality/pr41616-1.c -O3 -fomit-frame-pointer execution test
XPASS: gcc.dg/guality/pr41616-1.c -O3 -g execution test
XPASS: gcc.dg/guality/pr41616-1.c -Os execution test
FAIL: gcc.dg/guality/pr43077-1.c -O0 line 42 b == 2
FAIL: gcc.dg/guality/pr43077-1.c -O0 line 42 c == 3
FAIL: gcc.dg/guality/pr43077-1.c -O0 line 42 varb == 2
FAIL: gcc.dg/guality/pr43077-1.c -O0 line 42 varc == 3
FAIL: gcc.dg/guality/pr43077-1.c -O1 line 42 b == 2
FAIL: gcc.dg/guality/pr43077-1.c -O1 line 42 varb == 2
FAIL: gcc.dg/guality/pr43077-1.c -O2 line 42 b == 2
FAIL: gcc.dg/guality/pr43077-1.c -O2 line 42 varb == 2
FAIL: gcc.dg/guality/pr43077-1.c -O3 -fomit-frame-pointer line 42 b == 2
FAIL: gcc.dg/guality/pr43077-1.c -O3 -fomit-frame-pointer line 42 varb == 2
FAIL: gcc.dg/guality/pr43077-1.c -O3 -g line 42 b == 2
FAIL: gcc.dg/guality/pr43077-1.c -O3 -g line 42 varb == 2
FAIL: gcc.dg/guality/pr43077-1.c -Os line 42 b == 2
FAIL: gcc.dg/guality/pr43077-1.c -Os line 42 varb == 2
FAIL: gcc.dg/guality/pr43077-1.c -O2 -flto -flto-partition=none line 42 b == 2
FAIL: gcc.dg/guality/pr43077-1.c -O2 -flto -flto-partition=none line 42 varb == 2
FAIL: gcc.dg/guality/pr43077-1.c -O2 -flto line 42 b == 2
FAIL: gcc.dg/guality/pr43077-1.c -O2 -flto line 42 varb == 2
FAIL: gcc.dg/guality/pr45882.c -O1 line 16 b == 7
FAIL: gcc.dg/guality/pr45882.c -O2 line 16 b == 7
FAIL: gcc.dg/guality/pr45882.c -O3 -fomit-frame-pointer line 16 b == 7
FAIL: gcc.dg/guality/pr45882.c -O3 -g line 16 b == 7
FAIL: gcc.dg/guality/pr45882.c -Os line 16 b == 7
FAIL: gcc.dg/guality/pr45882.c -O2 -flto -flto-partition=none line 16 b == 7
FAIL: gcc.dg/guality/pr45882.c -O2 -flto line 16 b == 7
FAIL: gcc.dg/guality/sra-1.c -O1 line 43 a.i == 4
FAIL: gcc.dg/guality/sra-1.c -O1 line 43 a.j == 14
FAIL: gcc.dg/guality/sra-1.c -O2 line 43 a.i == 4
FAIL: gcc.dg/guality/sra-1.c -O2 line 43 a.j == 14
FAIL: gcc.dg/guality/sra-1.c -O3 -fomit-frame-pointer line 43 a.i == 4
FAIL: gcc.dg/guality/sra-1.c -O3 -fomit-frame-pointer line 43 a.j == 14
FAIL: gcc.dg/guality/sra-1.c -O3 -g line 43 a.i == 4
FAIL: gcc.dg/guality/sra-1.c -O3 -g line 43 a.j == 14
FAIL: gcc.dg/guality/sra-1.c -Os line 43 a.i == 4
FAIL: gcc.dg/guality/sra-1.c -Os line 43 a.j == 14
FAIL: gcc.dg/guality/sra-1.c -O2 -flto -flto-partition=none line 43 a.i == 4
FAIL: gcc.dg/guality/sra-1.c -O2 -flto -flto-partition=none line 43 a.j == 14
FAIL: gcc.dg/guality/sra-1.c -O2 -flto line 43 a.i == 4
FAIL: gcc.dg/guality/sra-1.c -O2 -flto line 43 a.j == 14
FAIL: gcc.dg/guality/vla-1.c -O2 -flto -flto-partition=none line 17 sizeof (a) == 6
FAIL: gcc.dg/guality/vla-1.c -O2 -flto -flto-partition=none line 24 sizeof (a) == 17 * sizeof (short)
FAIL: gcc.dg/guality/vla-1.c -O2 -flto line 17 sizeof (a) == 6
FAIL: gcc.dg/guality/vla-1.c -O2 -flto line 24 sizeof (a) == 17 * sizeof (short)
FAIL: gcc.dg/guality/vla-2.c -O2 -flto -flto-partition=none line 16 sizeof (a) == 5 * sizeof (int)
FAIL: gcc.dg/guality/vla-2.c -O2 -flto -flto-partition=none line 25 sizeof (a) == 6 * sizeof (int)
FAIL: gcc.dg/guality/vla-2.c -O2 -flto line 16 sizeof (a) == 5 * sizeof (int)
FAIL: gcc.dg/guality/vla-2.c -O2 -flto line 25 sizeof (a) == 6 * sizeof (int)
FAIL: gcc.dg/torture/stackalign/alloca-1.c -O3 -g (test for excess errors)
FAIL: gcc.dg/torture/stackalign/builtin-apply-2.c -O3 -g (test for excess errors)
FAIL: gcc.dg/torture/stackalign/builtin-apply-3.c -O3 -g (test for excess errors)
FAIL: gcc.dg/torture/stackalign/builtin-apply-4.c -O3 -g (test for excess errors)
FAIL: gcc.dg/torture/stackalign/builtin-return-1.c -O3 -g (test for excess errors)
FAIL: gcc.dg/torture/stackalign/comp-goto-1.c -O3 -g (test for excess errors)
FAIL: gcc.dg/torture/stackalign/global-1.c -O3 -g (test for excess errors)
FAIL: gcc.dg/torture/stackalign/inline-1.c -O3 -g (test for excess errors)
FAIL: gcc.dg/torture/stackalign/inline-2.c -O3 -g (test for excess errors)
FAIL: gcc.dg/torture/stackalign/nested-1.c -O3 -g (test for excess errors)
FAIL: gcc.dg/torture/stackalign/nested-2.c -O3 -g (test for excess errors)
FAIL: gcc.dg/torture/stackalign/nested-3.c -O3 -g (test for excess errors)
FAIL: gcc.dg/torture/stackalign/nested-4.c -O3 -g (test for excess errors)
FAIL: gcc.dg/torture/stackalign/nested-5.c -O3 -g (test for excess errors)
FAIL: gcc.dg/torture/stackalign/nested-6.c -O3 -g (test for excess errors)
FAIL: gcc.dg/torture/stackalign/non-local-goto-1.c -O3 -g (test for excess errors)
FAIL: gcc.dg/torture/stackalign/non-local-goto-2.c -O3 -g (test for excess errors)
FAIL: gcc.dg/torture/stackalign/non-local-goto-3.c -O3 -g (test for excess errors)
FAIL: gcc.dg/torture/stackalign/non-local-goto-4.c -O3 -g (test for excess errors)
FAIL: gcc.dg/torture/stackalign/non-local-goto-5.c -O3 -g (test for excess errors)
FAIL: gcc.dg/torture/stackalign/pr16660-1.c -O3 -g (test for excess errors)
FAIL: gcc.dg/torture/stackalign/pr16660-2.c -O3 -g (test for excess errors)
FAIL: gcc.dg/torture/stackalign/pr16660-3.c -O3 -g (test for excess errors)
FAIL: gcc.dg/torture/stackalign/ret-struct-1.c -O3 -g (test for excess errors)
FAIL: gcc.dg/torture/stackalign/setjmp-1.c -O3 -g (test for excess errors)
FAIL: gcc.dg/torture/stackalign/setjmp-3.c -O3 -g (test for excess errors)
FAIL: gcc.dg/torture/stackalign/setjmp-4.c -O3 -g (test for excess errors)
FAIL: gcc.dg/torture/stackalign/sibcall-1.c -O3 -g (test for excess errors)
FAIL: gcc.dg/torture/stackalign/struct-1.c -O3 -g (test for excess errors)
FAIL: gcc.dg/torture/stackalign/vararg-1.c -O3 -g (test for excess errors)
FAIL: gcc.dg/torture/stackalign/vararg-2.c -O3 -g (test for excess errors)
XPASS: gcc.dg/tree-ssa/20040204-1.c scan-tree-dump-times optimized "link_error" 0
=== gcc Summary ===
# of expected passes 71017
# of unexpected failures 90
# of unexpected successes 22
# of expected failures 150
# of unsupported tests 1060
/31bit/gcc/xgcc version 4.7.0 20110321 (experimental) (GCC)
=== gfortran tests ===
Running target unix
FAIL: gfortran.dg/pr46804.f90 -O3 -g (test for excess errors)
=== gfortran Summary ===
# of expected passes 37994
# of unexpected failures 1
# of expected failures 41
# of unsupported tests 66
/31bit/gcc/testsuite/gfortran/../../gfortran version 4.7.0 20110321 (experimental) (GCC)
=== objc tests ===
Running target unix
=== objc Summary ===
# of expected passes 2914
# of expected failures 10
# of unsupported tests 74
/31bit/gcc/xgcc version 4.7.0 20110321 (experimental) (GCC)
=== libgomp tests ===
Running target unix
=== libgomp Summary ===
# of expected passes 2542
=== libmudflap tests ===
Running target unix
FAIL: libmudflap.c/pass49-frag.c execution test
FAIL: libmudflap.c/pass49-frag.c output pattern test
FAIL: libmudflap.c/pass49-frag.c execution test
FAIL: libmudflap.c/pass49-frag.c output pattern test
FAIL: libmudflap.c/pass49-frag.c (-static) execution test
FAIL: libmudflap.c/pass49-frag.c (-static) output pattern test
FAIL: libmudflap.c/pass49-frag.c (-static) execution test
FAIL: libmudflap.c/pass49-frag.c (-static) output pattern test
FAIL: libmudflap.c/pass49-frag.c (-O2) execution test
FAIL: libmudflap.c/pass49-frag.c (-O2) output pattern test
FAIL: libmudflap.c/pass49-frag.c (-O2) execution test
FAIL: libmudflap.c/pass49-frag.c (-O2) output pattern test
FAIL: libmudflap.c/pass49-frag.c (-O3) execution test
FAIL: libmudflap.c/pass49-frag.c (-O3) output pattern test
FAIL: libmudflap.c/pass49-frag.c (-O3) execution test
FAIL: libmudflap.c/pass49-frag.c (-O3) output pattern test
FAIL: libmudflap.c++/pass41-frag.cxx (-static) (test for excess errors)
WARNING: libmudflap.c++/pass41-frag.cxx (-static) compilation failed to produce executable
=== libmudflap Summary ===
# of expected passes 1876
# of unexpected failures 17
=== libstdc++ tests ===
Running target unix
ERROR: tcl error sourcing /build/build-system/build/20110321/gcc-head/src/libstdc++-v3/testsuite/libstdc++-abi/abi.exp.
ERROR: could not compile testsuite_shared.cc
ERROR: could not compile testsuite_shared.cc
ERROR: could not compile testsuite_shared.cc
ERROR: could not compile testsuite_shared.cc
ERROR: could not compile testsuite_shared.cc
ERROR: tcl error sourcing /build/build-system/build/20110321/gcc-head/src/libstdc++-v3/testsuite/libstdc++-dg/conformance.exp.
ERROR: tcl error sourcing /build/build-system/build/20110321/gcc-head/src/libstdc++-v3/testsuite/libstdc++-dg/conformance.exp.
ERROR: tcl error sourcing /build/build-system/build/20110321/gcc-head/src/libstdc++-v3/testsuite/libstdc++-dg/conformance.exp.
ERROR: tcl error sourcing /build/build-system/build/20110321/gcc-head/src/libstdc++-v3/testsuite/libstdc++-dg/conformance.exp.
=== libstdc++ Summary ===
=== libstdc++ Summary ===
Compiler version: 4.7.0 20110321 (experimental) (GCC)
Platform: s390x-ibm-linux-gnu
configure flags: --prefix=/build/build-system/build/20110321/gcc-head/install-s390x --enable-shared --with-system-zlib --enable-threads=posix --enable-__cxa_atexit --enable-checking --enable-languages=c,c++,objc,fortran