This is the mail archive of the gcc-testresults@gcc.gnu.org mailing list for the GCC project.
Index Nav: | [Date Index] [Subject Index] [Author Index] [Thread Index] | |
---|---|---|
Message Nav: | [Date Prev] [Date Next] | [Thread Prev] [Thread Next] |
Other format: | [Raw text] |
Native configuration is alphaev68-unknown-linux-gnu === libffi tests === Running target unix === libffi Summary === # of expected passes 1634 # of expected failures 10 # of unsupported tests 15 === libgomp tests === Running target unix === libgomp Summary === # of expected passes 2542 === libjava tests === Running target unix === libjava Summary === # of expected passes 2574 === libmudflap tests === Running target unix FAIL: libmudflap.c/pass49-frag.c execution test FAIL: libmudflap.c/pass49-frag.c output pattern test FAIL: libmudflap.c/pass49-frag.c execution test FAIL: libmudflap.c/pass49-frag.c output pattern test FAIL: libmudflap.c/pass49-frag.c (-static) execution test FAIL: libmudflap.c/pass49-frag.c (-static) output pattern test FAIL: libmudflap.c/pass49-frag.c (-static) execution test FAIL: libmudflap.c/pass49-frag.c (-static) output pattern test FAIL: libmudflap.c/pass49-frag.c (-O2) execution test FAIL: libmudflap.c/pass49-frag.c (-O2) output pattern test FAIL: libmudflap.c/pass49-frag.c (-O2) execution test FAIL: libmudflap.c/pass49-frag.c (-O2) output pattern test FAIL: libmudflap.c/pass49-frag.c (-O3) execution test FAIL: libmudflap.c/pass49-frag.c (-O3) output pattern test FAIL: libmudflap.c/pass49-frag.c (-O3) execution test FAIL: libmudflap.c/pass49-frag.c (-O3) output pattern test === libmudflap Summary === # of expected passes 1878 # of unexpected failures 16 === libstdc++ tests === Running target unix FAIL: 22_locale/collate_byname/named_equivalence.cc execution test FAIL: 22_locale/ctype/is/char/2.cc execution test FAIL: 22_locale/ctype/is/char/wrapped_env.cc execution test === libstdc++ Summary === # of expected passes 7664 # of unexpected failures 3 # of expected failures 81 # of unsupported tests 308 === gcc tests === Running target unix FAIL: gcc.c-torture/compile/limits-exprparen.c -O0 (internal compiler error) FAIL: gcc.c-torture/compile/limits-exprparen.c -O0 (test for excess errors) FAIL: gcc.c-torture/compile/limits-exprparen.c -O1 (internal compiler error) FAIL: gcc.c-torture/compile/limits-exprparen.c -O1 (test for excess errors) FAIL: gcc.c-torture/compile/limits-exprparen.c -O2 (internal compiler error) FAIL: gcc.c-torture/compile/limits-exprparen.c -O2 (test for excess errors) FAIL: gcc.c-torture/compile/limits-exprparen.c -O3 -fomit-frame-pointer (internal compiler error) FAIL: gcc.c-torture/compile/limits-exprparen.c -O3 -fomit-frame-pointer (test for excess errors) FAIL: gcc.c-torture/compile/limits-exprparen.c -O3 -g (internal compiler error) FAIL: gcc.c-torture/compile/limits-exprparen.c -O3 -g (test for excess errors) FAIL: gcc.c-torture/compile/limits-exprparen.c -Os (internal compiler error) FAIL: gcc.c-torture/compile/limits-exprparen.c -Os (test for excess errors) FAIL: gcc.c-torture/compile/limits-exprparen.c -O2 -flto -flto-partition=none (internal compiler error) FAIL: gcc.c-torture/compile/limits-exprparen.c -O2 -flto -flto-partition=none (test for excess errors) FAIL: gcc.c-torture/compile/limits-exprparen.c -O2 -flto (internal compiler error) FAIL: gcc.c-torture/compile/limits-exprparen.c -O2 -flto (test for excess errors) FAIL: gcc.c-torture/execute/builtins/memcpy-chk.c compilation, -O2 -flto UNRESOLVED: gcc.c-torture/execute/builtins/memcpy-chk.c execution, -O2 -flto FAIL: gcc.c-torture/execute/builtins/memmove-chk.c compilation, -O2 -flto UNRESOLVED: gcc.c-torture/execute/builtins/memmove-chk.c execution, -O2 -flto FAIL: gcc.c-torture/execute/builtins/mempcpy-chk.c compilation, -O2 -flto UNRESOLVED: gcc.c-torture/execute/builtins/mempcpy-chk.c execution, -O2 -flto FAIL: gcc.dg/cproj-fails-with-broken-glibc.c execution test XPASS: gcc.dg/guality/example.c -O0 execution test XPASS: gcc.dg/guality/guality.c -O0 execution test XPASS: gcc.dg/guality/guality.c -O2 execution test XPASS: gcc.dg/guality/guality.c -O3 -fomit-frame-pointer execution test XPASS: gcc.dg/guality/guality.c -O3 -g execution test XPASS: gcc.dg/guality/guality.c -O2 -flto -flto-partition=none execution test XPASS: gcc.dg/guality/guality.c -O2 -flto execution test XPASS: gcc.dg/guality/inline-params.c -O2 execution test XPASS: gcc.dg/guality/inline-params.c -O3 -fomit-frame-pointer execution test XPASS: gcc.dg/guality/inline-params.c -O3 -g execution test XPASS: gcc.dg/guality/inline-params.c -Os execution test XPASS: gcc.dg/guality/pr41353-1.c -O0 line 28 j == 28 + 37 XPASS: gcc.dg/guality/pr41353-1.c -O1 line 28 j == 28 + 37 XPASS: gcc.dg/guality/pr41353-1.c -O2 line 28 j == 28 + 37 XPASS: gcc.dg/guality/pr41353-1.c -O3 -fomit-frame-pointer line 28 j == 28 + 37 XPASS: gcc.dg/guality/pr41353-1.c -O3 -g line 28 j == 28 + 37 XPASS: gcc.dg/guality/pr41353-1.c -Os line 28 j == 28 + 37 XPASS: gcc.dg/guality/pr41353-1.c -O2 -flto -flto-partition=none line 28 j == 28 + 37 XPASS: gcc.dg/guality/pr41353-1.c -O2 -flto line 28 j == 28 + 37 FAIL: gcc.dg/guality/pr41404-1.c -O1 line 10 *foo == 'f' FAIL: gcc.dg/guality/pr41404-1.c -O2 line 10 *foo == 'f' FAIL: gcc.dg/guality/pr41404-1.c -O3 -fomit-frame-pointer line 10 *foo == 'f' FAIL: gcc.dg/guality/pr41404-1.c -O3 -g line 10 *foo == 'f' FAIL: gcc.dg/guality/pr41404-1.c -Os line 10 *foo == 'f' XPASS: gcc.dg/guality/pr41447-1.c -O0 execution test XPASS: gcc.dg/guality/pr41447-1.c -O1 execution test XPASS: gcc.dg/guality/pr41447-1.c -O2 execution test XPASS: gcc.dg/guality/pr41447-1.c -O3 -fomit-frame-pointer execution test XPASS: gcc.dg/guality/pr41447-1.c -O3 -g execution test XPASS: gcc.dg/guality/pr41447-1.c -Os execution test XPASS: gcc.dg/guality/pr41616-1.c -O0 execution test XPASS: gcc.dg/guality/pr41616-1.c -O2 execution test XPASS: gcc.dg/guality/pr41616-1.c -O3 -fomit-frame-pointer execution test XPASS: gcc.dg/guality/pr41616-1.c -O3 -g execution test XPASS: gcc.dg/guality/pr41616-1.c -Os execution test FAIL: gcc.dg/guality/pr43051-1.c -O1 line 40 v == 1 FAIL: gcc.dg/guality/pr43051-1.c -O2 line 40 v == 1 FAIL: gcc.dg/guality/pr43051-1.c -O3 -fomit-frame-pointer line 40 v == 1 FAIL: gcc.dg/guality/pr43051-1.c -O3 -fomit-frame-pointer -funroll-loops line 35 v == 1 FAIL: gcc.dg/guality/pr43051-1.c -O3 -fomit-frame-pointer -funroll-loops line 40 v == 1 FAIL: gcc.dg/guality/pr43051-1.c -O3 -fomit-frame-pointer -funroll-all-loops -finline-functions line 35 v == 1 FAIL: gcc.dg/guality/pr43051-1.c -O3 -fomit-frame-pointer -funroll-all-loops -finline-functions line 40 v == 1 FAIL: gcc.dg/guality/pr43051-1.c -O3 -g line 40 v == 1 FAIL: gcc.dg/guality/pr43051-1.c -Os line 40 v == 1 FAIL: gcc.dg/guality/pr43051-1.c -O2 -flto -flto-partition=none line 40 v == 1 FAIL: gcc.dg/guality/pr43051-1.c -O2 -flto line 40 v == 1 FAIL: gcc.dg/guality/pr43177.c -O1 line 24 x == 7 FAIL: gcc.dg/guality/pr43177.c -O2 line 24 x == 7 FAIL: gcc.dg/guality/pr43177.c -O3 -fomit-frame-pointer line 24 x == 7 FAIL: gcc.dg/guality/pr43177.c -O3 -g line 24 x == 7 FAIL: gcc.dg/guality/pr43177.c -Os line 24 x == 7 FAIL: gcc.dg/guality/pr43177.c -O2 -flto -flto-partition=none line 24 x == 7 FAIL: gcc.dg/guality/pr43177.c -O2 -flto line 24 x == 7 FAIL: gcc.dg/guality/sra-1.c -O2 line 43 a.j == 14 FAIL: gcc.dg/guality/sra-1.c -O3 -fomit-frame-pointer line 43 a.j == 14 FAIL: gcc.dg/guality/sra-1.c -O3 -g line 43 a.j == 14 FAIL: gcc.dg/guality/sra-1.c -Os line 43 a.j == 14 FAIL: gcc.dg/guality/sra-1.c -O2 -flto -flto-partition=none line 43 a.j == 14 FAIL: gcc.dg/guality/sra-1.c -O2 -flto line 43 a.j == 14 FAIL: gcc.dg/guality/vla-1.c -O0 line 17 sizeof (a) == 6 FAIL: gcc.dg/guality/vla-1.c -O0 line 24 sizeof (a) == 17 * sizeof (short) FAIL: gcc.dg/guality/vla-1.c -O1 line 24 sizeof (a) == 17 * sizeof (short) FAIL: gcc.dg/guality/vla-1.c -O2 line 24 sizeof (a) == 17 * sizeof (short) FAIL: gcc.dg/guality/vla-1.c -O3 -fomit-frame-pointer line 24 sizeof (a) == 17 * sizeof (short) FAIL: gcc.dg/guality/vla-1.c -O3 -g line 24 sizeof (a) == 17 * sizeof (short) FAIL: gcc.dg/guality/vla-1.c -Os line 24 sizeof (a) == 17 * sizeof (short) FAIL: gcc.dg/guality/vla-1.c -O2 -flto -flto-partition=none line 17 sizeof (a) == 6 FAIL: gcc.dg/guality/vla-1.c -O2 -flto -flto-partition=none line 24 sizeof (a) == 17 * sizeof (short) FAIL: gcc.dg/guality/vla-1.c -O2 -flto line 17 sizeof (a) == 6 FAIL: gcc.dg/guality/vla-1.c -O2 -flto line 24 sizeof (a) == 17 * sizeof (short) FAIL: gcc.dg/guality/vla-2.c -O0 line 16 sizeof (a) == 5 * sizeof (int) FAIL: gcc.dg/guality/vla-2.c -O0 line 25 sizeof (a) == 6 * sizeof (int) FAIL: gcc.dg/guality/vla-2.c -O1 line 16 sizeof (a) == 5 * sizeof (int) FAIL: gcc.dg/guality/vla-2.c -O1 line 25 sizeof (a) == 6 * sizeof (int) FAIL: gcc.dg/guality/vla-2.c -O2 line 16 sizeof (a) == 5 * sizeof (int) FAIL: gcc.dg/guality/vla-2.c -O2 line 25 sizeof (a) == 6 * sizeof (int) FAIL: gcc.dg/guality/vla-2.c -O3 -fomit-frame-pointer line 16 sizeof (a) == 5 * sizeof (int) FAIL: gcc.dg/guality/vla-2.c -O3 -fomit-frame-pointer line 25 sizeof (a) == 6 * sizeof (int) FAIL: gcc.dg/guality/vla-2.c -O3 -g line 16 sizeof (a) == 5 * sizeof (int) FAIL: gcc.dg/guality/vla-2.c -O3 -g line 25 sizeof (a) == 6 * sizeof (int) FAIL: gcc.dg/guality/vla-2.c -Os line 16 sizeof (a) == 5 * sizeof (int) FAIL: gcc.dg/guality/vla-2.c -Os line 25 sizeof (a) == 6 * sizeof (int) FAIL: gcc.dg/guality/vla-2.c -O2 -flto -flto-partition=none line 16 sizeof (a) == 5 * sizeof (int) FAIL: gcc.dg/guality/vla-2.c -O2 -flto -flto-partition=none line 25 sizeof (a) == 6 * sizeof (int) FAIL: gcc.dg/guality/vla-2.c -O2 -flto line 16 sizeof (a) == 5 * sizeof (int) FAIL: gcc.dg/guality/vla-2.c -O2 -flto line 25 sizeof (a) == 6 * sizeof (int) FAIL: gcc.dg/lto/20090116 c_lto_20090116_0.o-c_lto_20090116_0.o link, -O1 -flto -flto-partition=1to1 -fPIC (internal compiler error) UNRESOLVED: gcc.dg/lto/20090116 c_lto_20090116_0.o-c_lto_20090116_0.o execute -O1 -flto -flto-partition=1to1 -fPIC === gcc Summary === # of expected passes 70066 # of unexpected failures 77 # of unexpected successes 30 # of expected failures 150 # of unresolved testcases 4 # of unsupported tests 1020 /space/uros/gcc-build-46/gcc/xgcc version 4.6.0 20110320 (prerelease) (GCC) === gfortran tests === Running target unix === gfortran Summary === # of expected passes 38465 # of expected failures 41 # of unsupported tests 73 /space/uros/gcc-build-46/gcc/testsuite/gfortran/../../gfortran version 4.6.0 20110320 (prerelease) (GCC) === g++ tests === Running target unix === g++ Summary === # of expected passes 26897 # of expected failures 161 # of unsupported tests 416 /space/uros/gcc-build-46/gcc/testsuite/g++/../../g++ version 4.6.0 20110320 (prerelease) (GCC) === objc tests === Running target unix === objc Summary === # of expected passes 2912 # of expected failures 10 # of unsupported tests 75 /space/uros/gcc-build-46/gcc/xgcc version 4.6.0 20110320 (prerelease) (GCC) Compiler version: 4.6.0 20110320 (prerelease) (GCC) Platform: alphaev68-unknown-linux-gnu configure flags: none BOOT_CFLAGS=-g -O2
Index Nav: | [Date Index] [Subject Index] [Author Index] [Thread Index] | |
---|---|---|
Message Nav: | [Date Prev] [Date Next] | [Thread Prev] [Thread Next] |