This is the mail archive of the
gcc-testresults@gcc.gnu.org
mailing list for the GCC project.
Results for 4.6.0 20110318 (prerelease) [gcc-4_6-branch revision 171151] (GCC) testsuite on i386-pc-solaris2.8
- From: <ro at smtp-relay dot CeBiTec dot Uni-Bielefeld dot DE>
- To: gcc-testresults at gcc dot gnu dot org
- Date: Mon, 21 Mar 2011 10:55:44 +0100 (MET)
- Subject: Results for 4.6.0 20110318 (prerelease) [gcc-4_6-branch revision 171151] (GCC) testsuite on i386-pc-solaris2.8
LAST_UPDATED: Fri Mar 18 18:13:02 UTC 2011 (revision 171151)
=== acats tests ===
=== acats Summary ===
# of expected passes 2321
# of unexpected failures 0
Native configuration is i386-pc-solaris2.8
=== g++ tests ===
Running target unix
FAIL: g++.dg/lto/20091219 cp_lto_20091219_0.o-cp_lto_20091219_0.o link, -O3 -flto
UNRESOLVED: g++.dg/lto/20091219 cp_lto_20091219_0.o-cp_lto_20091219_0.o execute -O3 -flto
FAIL: g++.dg/torture/pr31863.C -O2 -flto (test for excess errors)
=== g++ Summary ===
# of expected passes 26437
# of unexpected failures 2
# of expected failures 163
# of unresolved testcases 1
# of unsupported tests 274
/var/gcc/regression/gcc-4.6-branch/8-gcc/build/gcc/testsuite/g++/../../g++ version 4.6.0 20110318 (prerelease) [gcc-4_6-branch revision 171151] (GCC)
=== gcc tests ===
Running target unix
FAIL: gcc.dg/lto/20110201-1 c_lto_20110201-1_0.o-c_lto_20110201-1_0.o link, -O0 -flto
UNRESOLVED: gcc.dg/lto/20110201-1 c_lto_20110201-1_0.o-c_lto_20110201-1_0.o execute -O0 -flto
=== gcc Summary ===
# of expected passes 72675
# of unexpected failures 1
# of expected failures 212
# of unresolved testcases 1
# of unsupported tests 1875
/var/gcc/regression/gcc-4.6-branch/8-gcc/build/gcc/xgcc version 4.6.0 20110318 (prerelease) [gcc-4_6-branch revision 171151] (GCC)
=== gfortran tests ===
Running target unix
=== gfortran Summary ===
# of expected passes 37403
# of expected failures 41
# of unsupported tests 367
/var/gcc/regression/gcc-4.6-branch/8-gcc/build/gcc/testsuite/gfortran/../../gfortran version 4.6.0 20110318 (prerelease) [gcc-4_6-branch revision 171151] (GCC)
=== gnat tests ===
Running target unix
=== gnat Summary ===
# of expected passes 864
# of expected failures 10
# of unsupported tests 4
/var/gcc/regression/gcc-4.6-branch/8-gcc/build/gcc/gnatmake version 4.6.0 20110318 (prerelease) [gcc-4_6-branch revision 171151]
=== objc tests ===
Running target unix
=== objc Summary ===
# of expected passes 2918
# of expected failures 6
# of unsupported tests 74
/var/gcc/regression/gcc-4.6-branch/8-gcc/build/gcc/xgcc version 4.6.0 20110318 (prerelease) [gcc-4_6-branch revision 171151] (GCC)
=== libffi tests ===
Running target unix
=== libffi Summary ===
# of expected passes 1634
# of expected failures 10
# of unsupported tests 15
=== libgomp tests ===
Running target unix
=== libgomp Summary ===
# of expected passes 2538
# of unsupported tests 2
=== libjava tests ===
Running target unix
FAIL: PR16923 run
FAIL: Divide_1 output - source compiled test
FAIL: Divide_1 -findirect-dispatch output - source compiled test
FAIL: Divide_1 -O3 output - source compiled test
FAIL: Divide_1 -O3 -findirect-dispatch output - source compiled test
FAIL: InvokeInterface execution - source compiled test
FAIL: InvokeInterface -O3 execution - source compiled test
=== libjava Summary ===
# of expected passes 2565
# of unexpected failures 7
# of untested testcases 3
=== libstdc++ tests ===
Running target unix
=== libstdc++ Summary ===
# of expected passes 6828
# of expected failures 82
# of unsupported tests 745
Compiler version: 4.6.0 20110318 (prerelease) [gcc-4_6-branch revision 171151] (GCC)
Platform: i386-pc-solaris2.8
configure flags: --prefix=/vol/gcc --target=i386-pc-solaris2.8 --with-gmp=/vol/gcc --with-mpfr=/vol/gcc --with-mpc=/vol/gcc --enable-languages=all,ada
BOOT_CFLAGS=-g -O2