This is the mail archive of the
gcc-testresults@gcc.gnu.org
mailing list for the GCC project.
Results for 4.6.0 20110315 (prerelease) [gcc-4_6-branch revision 170973] (GCC) testsuite on i386-pc-solaris2.8
- From: <ro at smtp-relay dot CeBiTec dot Uni-Bielefeld dot DE>
- To: gcc-testresults at gcc dot gnu dot org
- Date: Wed, 16 Mar 2011 17:38:08 +0100 (MET)
- Subject: Results for 4.6.0 20110315 (prerelease) [gcc-4_6-branch revision 170973] (GCC) testsuite on i386-pc-solaris2.8
LAST_UPDATED: Tue Mar 15 11:04:13 UTC 2011 (revision 170973)
=== acats tests ===
=== acats Summary ===
# of expected passes 2321
# of unexpected failures 0
Native configuration is i386-pc-solaris2.8
=== g++ tests ===
Running target unix
=== g++ Summary ===
# of expected passes 26620
# of expected failures 163
# of unsupported tests 194
/var/gcc/regression/gcc-4.6-branch/8-gcc-gas-gld/build/gcc/testsuite/g++/../../g++ version 4.6.0 20110315 (prerelease) [gcc-4_6-branch revision 170973] (GCC)
=== gcc tests ===
Running target unix
FAIL: gcc.dg/lto/20081201-2 c_lto_20081201-2_0.o-c_lto_20081201-2_1.o execute -O3 -flto -flto-partition=1to1
FAIL: gcc.dg/lto/20110201-1 c_lto_20110201-1_0.o-c_lto_20110201-1_0.o link, -O0 -flto
UNRESOLVED: gcc.dg/lto/20110201-1 c_lto_20110201-1_0.o-c_lto_20110201-1_0.o execute -O0 -flto
FAIL: gcc.dg/lto/ipareference2 c_lto_ipareference2_0.o-c_lto_ipareference2_1.o execute -O1 -flto -flto-partition=1to1 -fwhole-program
=== gcc Summary ===
# of expected passes 74502
# of unexpected failures 3
# of expected failures 212
# of unresolved testcases 1
# of unsupported tests 1034
/var/gcc/regression/gcc-4.6-branch/8-gcc-gas-gld/build/gcc/xgcc version 4.6.0 20110315 (prerelease) [gcc-4_6-branch revision 170973] (GCC)
=== gfortran tests ===
Running target unix
=== gfortran Summary ===
# of expected passes 37404
# of expected failures 41
# of unsupported tests 372
/var/gcc/regression/gcc-4.6-branch/8-gcc-gas-gld/build/gcc/testsuite/gfortran/../../gfortran version 4.6.0 20110315 (prerelease) [gcc-4_6-branch revision 170973] (GCC)
=== gnat tests ===
Running target unix
=== gnat Summary ===
# of expected passes 864
# of expected failures 10
# of unsupported tests 4
/var/gcc/regression/gcc-4.6-branch/8-gcc-gas-gld/build/gcc/gnatmake version 4.6.0 20110315 (prerelease) [gcc-4_6-branch revision 170973]
=== objc tests ===
Running target unix
=== objc Summary ===
# of expected passes 2870
# of expected failures 6
# of unsupported tests 98
/var/gcc/regression/gcc-4.6-branch/8-gcc-gas-gld/build/gcc/xgcc version 4.6.0 20110315 (prerelease) [gcc-4_6-branch revision 170973] (GCC)
=== libffi tests ===
Running target unix
=== libffi Summary ===
# of expected passes 1634
# of expected failures 10
# of unsupported tests 15
=== libgomp tests ===
Running target unix
=== libgomp Summary ===
# of expected passes 2538
# of unsupported tests 2
=== libjava tests ===
Running target unix
FAIL: Divide_1 output - source compiled test
FAIL: Divide_1 -findirect-dispatch output - source compiled test
FAIL: Divide_1 -O3 output - source compiled test
FAIL: Divide_1 -O3 -findirect-dispatch output - source compiled test
=== libjava Summary ===
# of expected passes 2570
# of unexpected failures 4
=== libstdc++ tests ===
Running target unix
=== libstdc++ Summary ===
# of expected passes 6826
# of expected failures 82
# of unsupported tests 745
Compiler version: 4.6.0 20110315 (prerelease) [gcc-4_6-branch revision 170973] (GCC)
Platform: i386-pc-solaris2.8
configure flags: --prefix=/vol/gcc --target=i386-pc-solaris2.8 --with-as=/vol/gcc/bin/gas-2.21 --with-gnu-as --with-ld=/vol/gcc/bin/gld-2.21 --with-gnu-ld --with-gmp=/vol/gcc --with-mpfr=/vol/gcc --with-mpc=/vol/gcc --enable-languages=all,ada
BOOT_CFLAGS=-g -O2