This is the mail archive of the
gcc-testresults@gcc.gnu.org
mailing list for the GCC project.
Results for 4.6.0 20110315 (prerelease) [trunk revision 170818] (GCC) testsuite on i686-apple-darwin8
- From: IainS <developer at sandoe-acoustics dot co dot uk>
- To: gcc-testresults at gcc dot gnu dot org
- Date: Tue, 15 Mar 2011 21:37:14 +0000
- Subject: Results for 4.6.0 20110315 (prerelease) [trunk revision 170818] (GCC) testsuite on i686-apple-darwin8
LAST_UPDATED: Wed Mar 9 14:40:40 UTC 2011 (revision 170818)
Native configuration is i686-apple-darwin8
=== g++ tests ===
Running target unix
WARNING: g++.dg/ext/label13.C compilation failed to produce executable
FAIL: g++.dg/torture/pr31863.C -O2 -flto -flto-partition=none (test
for excess errors)
FAIL: g++.dg/torture/pr31863.C -O2 -flto (test for excess errors)
=== g++ Summary ===
# of expected passes 26495
# of unexpected failures 2
# of expected failures 162
# of unsupported tests 189
/Volumes/Data/gcc-temp/gcc-4-6-branch-build/gcc/testsuite/g++/../../g+
+ version 4.6.0 20110315 (prerelease) [trunk revision 170818] (GCC)
=== gcc tests ===
Running target unix
FAIL: gcc.dg/c99-stdint-1.c (test for excess errors)
FAIL: gcc.dg/cproj-fails-with-broken-glibc.c execution test
=== gcc Summary ===
# of expected passes 73945
# of unexpected failures 2
# of expected failures 210
# of unsupported tests 1495
/Volumes/Data/gcc-temp/gcc-4-6-branch-build/gcc/xgcc version 4.6.0
20110315 (prerelease) [trunk revision 170818] (GCC)
=== gfortran tests ===
Running target unix
=== gfortran Summary ===
# of expected passes 38174
# of expected failures 49
# of unsupported tests 213
/Volumes/Data/gcc-temp/gcc-4-6-branch-build/gcc/testsuite/
gfortran/../../gfortran version 4.6.0 20110315 (prerelease) [trunk
revision 170818] (GCC)
=== obj-c++ tests ===
Running target unix
=== obj-c++ Summary ===
# of expected passes 2648
# of expected failures 2
# of unsupported tests 80
/Volumes/Data/gcc-temp/gcc-4-6-branch-build/gcc/testsuite/obj-c+
+/../../g++ version 4.6.0 20110315 (prerelease) [trunk revision
170818] (GCC)
=== objc tests ===
Running target unix
=== objc Summary ===
# of expected passes 5589
# of expected failures 6
# of unsupported tests 100
/Volumes/Data/gcc-temp/gcc-4-6-branch-build/gcc/xgcc version 4.6.0
20110315 (prerelease) [trunk revision 170818] (GCC)
=== libgomp tests ===
Running target unix
=== libgomp Summary ===
# of expected passes 2538
# of unsupported tests 2
=== libstdc++ tests ===
Running target unix
FAIL: 26_numerics/complex/13450.cc execution test
FAIL: ext/mt_allocator/deallocate_global_thread-1.cc execution test
FAIL: ext/mt_allocator/deallocate_global_thread-3.cc execution test
=== libstdc++ Summary ===
# of expected passes 6993
# of unexpected failures 3
# of expected failures 81
# of unsupported tests 652
=== libstdc++ Summary ===
Compiler version: 4.6.0 20110315 (prerelease) [trunk revision 170818]
(GCC)
Platform: i686-apple-darwin8
configure flags: --prefix=/GCC/install --target=i686-apple-darwin8 --
host=i686-apple-darwin8 --build=i686-apple-darwin8 --enable-version-
specific-runtime-libs --program-suffix=-4.6.0 --enable-checking=yes --
with-gmp=/GCC/multiprec-math/x86/ --with-mpfr=/GCC/multiprec-math/x86/
--with-mpc=/GCC/multiprec-math/x86 --disable-multilib --enable-
languages=c,fortran,c++,objc,obj-c++,lto --with-dwarf2 --enable-lto