This is the mail archive of the
gcc-testresults@gcc.gnu.org
mailing list for the GCC project.
Results for 4.5.3 20110311 (prerelease) [gcc-4_5-branch revision 170868] (GCC) testsuite on i386-pc-solaris2.11
- From: Rainer Orth <ro at CeBiTec dot Uni-Bielefeld dot DE>
- To: gcc-testresults at gcc dot gnu dot org
- Date: Tue, 15 Mar 2011 16:33:17 +0100 (MET)
- Subject: Results for 4.5.3 20110311 (prerelease) [gcc-4_5-branch revision 170868] (GCC) testsuite on i386-pc-solaris2.11
LAST_UPDATED: Fri Mar 11 17:05:22 UTC 2011 (revision 170868)
=== acats tests ===
=== acats Summary ===
# of expected passes 2321
# of unexpected failures 0
Native configuration is i386-pc-solaris2.11
=== g++ tests ===
Running target unix
=== g++ Summary for unix ===
# of expected passes 23158
# of expected failures 154
# of unsupported tests 155
Running target unix/-m64
=== g++ Summary for unix/-m64 ===
# of expected passes 22778
# of expected failures 154
# of unsupported tests 338
=== g++ Summary ===
# of expected passes 45936
# of expected failures 308
# of unsupported tests 493
/var/gcc/regression/gcc-4.5-branch/11-gcc-gas-gld/build/gcc/testsuite/g++/../../g++ version 4.5.3 20110311 (prerelease) [gcc-4_5-branch revision 170868] (GCC)
=== gcc tests ===
Running target unix
=== gcc Summary for unix ===
# of expected passes 71501
# of expected failures 167
# of unsupported tests 706
Running target unix/-m64
FAIL: gcc.misc-tests/linkage.c link
=== gcc Summary for unix/-m64 ===
# of expected passes 71051
# of unexpected failures 1
# of expected failures 165
# of unsupported tests 1051
=== gcc Summary ===
# of expected passes 142552
# of unexpected failures 1
# of expected failures 332
# of unsupported tests 1757
/var/gcc/regression/gcc-4.5-branch/11-gcc-gas-gld/build/gcc/xgcc version 4.5.3 20110311 (prerelease) [gcc-4_5-branch revision 170868] (GCC)
=== gfortran tests ===
Running target unix
=== gfortran Summary for unix ===
# of expected passes 34367
# of expected failures 20
# of unsupported tests 146
Running target unix/-m64
=== gfortran Summary for unix/-m64 ===
# of expected passes 34520
# of expected failures 20
# of unsupported tests 78
=== gfortran Summary ===
# of expected passes 68887
# of expected failures 40
# of unsupported tests 224
/var/gcc/regression/gcc-4.5-branch/11-gcc-gas-gld/build/gcc/testsuite/gfortran/../../gfortran version 4.5.3 20110311 (prerelease) [gcc-4_5-branch revision 170868] (GCC)
=== gnat tests ===
Running target unix
=== gnat Summary for unix ===
# of expected passes 766
# of expected failures 7
# of unsupported tests 1
Running target unix/-m64
=== gnat Summary for unix/-m64 ===
# of expected passes 766
# of expected failures 7
# of unsupported tests 1
=== gnat Summary ===
# of expected passes 1532
# of expected failures 14
# of unsupported tests 2
=== objc tests ===
Running target unix
=== objc Summary for unix ===
# of expected passes 1882
# of expected failures 7
# of unsupported tests 20
Running target unix/-m64
=== objc Summary for unix/-m64 ===
# of expected passes 1874
# of expected failures 15
# of unsupported tests 20
=== objc Summary ===
# of expected passes 3756
# of expected failures 22
# of unsupported tests 40
/var/gcc/regression/gcc-4.5-branch/11-gcc-gas-gld/build/gcc/xgcc version 4.5.3 20110311 (prerelease) [gcc-4_5-branch revision 170868] (GCC)
=== libffi tests ===
Running target unix
=== libffi Summary for unix ===
# of expected passes 1634
# of expected failures 10
# of unsupported tests 15
Running target unix/-m64
=== libffi Summary for unix/-m64 ===
# of expected passes 1634
# of expected failures 10
# of unsupported tests 15
=== libffi Summary ===
# of expected passes 3268
# of expected failures 20
# of unsupported tests 30
=== libgomp tests ===
Running target unix
FAIL: libgomp.c/appendix-a/a.39.1.c execution test
FAIL: libgomp.c/lib-1.c execution test
FAIL: libgomp.c/lock-1.c execution test
FAIL: libgomp.c/lock-2.c execution test
FAIL: libgomp.c/sort-1.c execution test
FAIL: libgomp.fortran/appendix-a/a.39.1.f90 -O0 execution test
FAIL: libgomp.fortran/appendix-a/a.39.1.f90 -O1 execution test
FAIL: libgomp.fortran/appendix-a/a.39.1.f90 -O2 execution test
FAIL: libgomp.fortran/appendix-a/a.39.1.f90 -O3 -fomit-frame-pointer execution test
FAIL: libgomp.fortran/appendix-a/a.39.1.f90 -O3 -fomit-frame-pointer -funroll-loops execution test
FAIL: libgomp.fortran/appendix-a/a.39.1.f90 -O3 -fomit-frame-pointer -funroll-all-loops -finline-functions execution test
FAIL: libgomp.fortran/appendix-a/a.39.1.f90 -O3 -g execution test
FAIL: libgomp.fortran/appendix-a/a.39.1.f90 -Os execution test
FAIL: libgomp.fortran/lib1.f90 -O0 execution test
FAIL: libgomp.fortran/lib1.f90 -O1 execution test
FAIL: libgomp.fortran/lib1.f90 -O2 execution test
FAIL: libgomp.fortran/lib1.f90 -O3 -fomit-frame-pointer execution test
FAIL: libgomp.fortran/lib1.f90 -O3 -fomit-frame-pointer -funroll-loops execution test
FAIL: libgomp.fortran/lib1.f90 -O3 -fomit-frame-pointer -funroll-all-loops -finline-functions execution test
FAIL: libgomp.fortran/lib1.f90 -O3 -g execution test
FAIL: libgomp.fortran/lib1.f90 -Os execution test
FAIL: libgomp.fortran/lib2.f -O0 execution test
FAIL: libgomp.fortran/lib2.f -O1 execution test
FAIL: libgomp.fortran/lib2.f -O2 execution test
FAIL: libgomp.fortran/lib2.f -O3 -fomit-frame-pointer execution test
FAIL: libgomp.fortran/lib2.f -O3 -fomit-frame-pointer -funroll-loops execution test
FAIL: libgomp.fortran/lib2.f -O3 -fomit-frame-pointer -funroll-all-loops -finline-functions execution test
FAIL: libgomp.fortran/lib2.f -O3 -g execution test
FAIL: libgomp.fortran/lib2.f -Os execution test
FAIL: libgomp.fortran/lib3.f -O0 execution test
FAIL: libgomp.fortran/lib3.f -O1 execution test
FAIL: libgomp.fortran/lib3.f -O2 execution test
FAIL: libgomp.fortran/lib3.f -O3 -fomit-frame-pointer execution test
FAIL: libgomp.fortran/lib3.f -O3 -fomit-frame-pointer -funroll-loops execution test
FAIL: libgomp.fortran/lib3.f -O3 -fomit-frame-pointer -funroll-all-loops -finline-functions execution test
FAIL: libgomp.fortran/lib3.f -O3 -g execution test
FAIL: libgomp.fortran/lib3.f -Os execution test
FAIL: libgomp.fortran/lock-1.f90 -O0 execution test
FAIL: libgomp.fortran/lock-1.f90 -O1 execution test
FAIL: libgomp.fortran/lock-1.f90 -O2 execution test
FAIL: libgomp.fortran/lock-1.f90 -O3 -fomit-frame-pointer execution test
FAIL: libgomp.fortran/lock-1.f90 -O3 -fomit-frame-pointer -funroll-loops execution test
FAIL: libgomp.fortran/lock-1.f90 -O3 -fomit-frame-pointer -funroll-all-loops -finline-functions execution test
FAIL: libgomp.fortran/lock-1.f90 -O3 -g execution test
FAIL: libgomp.fortran/lock-1.f90 -Os execution test
FAIL: libgomp.fortran/lock-2.f90 -O0 execution test
FAIL: libgomp.fortran/lock-2.f90 -O1 execution test
FAIL: libgomp.fortran/lock-2.f90 -O2 execution test
FAIL: libgomp.fortran/lock-2.f90 -O3 -fomit-frame-pointer execution test
FAIL: libgomp.fortran/lock-2.f90 -O3 -fomit-frame-pointer -funroll-loops execution test
FAIL: libgomp.fortran/lock-2.f90 -O3 -fomit-frame-pointer -funroll-all-loops -finline-functions execution test
FAIL: libgomp.fortran/lock-2.f90 -O3 -g execution test
FAIL: libgomp.fortran/lock-2.f90 -Os execution test
=== libgomp Summary for unix ===
# of expected passes 2485
# of unexpected failures 53
# of unsupported tests 2
Running target unix/-m64
FAIL: libgomp.c/appendix-a/a.39.1.c execution test
FAIL: libgomp.c/lib-1.c execution test
FAIL: libgomp.c/lock-1.c execution test
FAIL: libgomp.c/lock-2.c execution test
FAIL: libgomp.c/sort-1.c execution test
FAIL: libgomp.fortran/appendix-a/a.39.1.f90 -O0 execution test
FAIL: libgomp.fortran/appendix-a/a.39.1.f90 -O1 execution test
FAIL: libgomp.fortran/appendix-a/a.39.1.f90 -O2 execution test
FAIL: libgomp.fortran/appendix-a/a.39.1.f90 -O3 -fomit-frame-pointer execution test
FAIL: libgomp.fortran/appendix-a/a.39.1.f90 -O3 -fomit-frame-pointer -funroll-loops execution test
FAIL: libgomp.fortran/appendix-a/a.39.1.f90 -O3 -fomit-frame-pointer -funroll-all-loops -finline-functions execution test
FAIL: libgomp.fortran/appendix-a/a.39.1.f90 -O3 -g execution test
FAIL: libgomp.fortran/appendix-a/a.39.1.f90 -Os execution test
FAIL: libgomp.fortran/lib1.f90 -O0 execution test
FAIL: libgomp.fortran/lib1.f90 -O1 execution test
FAIL: libgomp.fortran/lib1.f90 -O2 execution test
FAIL: libgomp.fortran/lib1.f90 -O3 -fomit-frame-pointer execution test
FAIL: libgomp.fortran/lib1.f90 -O3 -fomit-frame-pointer -funroll-loops execution test
FAIL: libgomp.fortran/lib1.f90 -O3 -fomit-frame-pointer -funroll-all-loops -finline-functions execution test
FAIL: libgomp.fortran/lib1.f90 -O3 -g execution test
FAIL: libgomp.fortran/lib1.f90 -Os execution test
FAIL: libgomp.fortran/lib2.f -O0 execution test
FAIL: libgomp.fortran/lib2.f -O1 execution test
FAIL: libgomp.fortran/lib2.f -O2 execution test
FAIL: libgomp.fortran/lib2.f -O3 -fomit-frame-pointer execution test
FAIL: libgomp.fortran/lib2.f -O3 -fomit-frame-pointer -funroll-loops execution test
FAIL: libgomp.fortran/lib2.f -O3 -fomit-frame-pointer -funroll-all-loops -finline-functions execution test
FAIL: libgomp.fortran/lib2.f -O3 -g execution test
FAIL: libgomp.fortran/lib2.f -Os execution test
FAIL: libgomp.fortran/lib3.f -O0 execution test
FAIL: libgomp.fortran/lib3.f -O1 execution test
FAIL: libgomp.fortran/lib3.f -O2 execution test
FAIL: libgomp.fortran/lib3.f -O3 -fomit-frame-pointer execution test
FAIL: libgomp.fortran/lib3.f -O3 -fomit-frame-pointer -funroll-loops execution test
FAIL: libgomp.fortran/lib3.f -O3 -fomit-frame-pointer -funroll-all-loops -finline-functions execution test
FAIL: libgomp.fortran/lib3.f -O3 -g execution test
FAIL: libgomp.fortran/lib3.f -Os execution test
FAIL: libgomp.fortran/lock-1.f90 -O0 execution test
FAIL: libgomp.fortran/lock-1.f90 -O1 execution test
FAIL: libgomp.fortran/lock-1.f90 -O2 execution test
FAIL: libgomp.fortran/lock-1.f90 -O3 -fomit-frame-pointer execution test
FAIL: libgomp.fortran/lock-1.f90 -O3 -fomit-frame-pointer -funroll-loops execution test
FAIL: libgomp.fortran/lock-1.f90 -O3 -fomit-frame-pointer -funroll-all-loops -finline-functions execution test
FAIL: libgomp.fortran/lock-1.f90 -O3 -g execution test
FAIL: libgomp.fortran/lock-1.f90 -Os execution test
FAIL: libgomp.fortran/lock-2.f90 -O0 execution test
FAIL: libgomp.fortran/lock-2.f90 -O1 execution test
FAIL: libgomp.fortran/lock-2.f90 -O2 execution test
FAIL: libgomp.fortran/lock-2.f90 -O3 -fomit-frame-pointer execution test
FAIL: libgomp.fortran/lock-2.f90 -O3 -fomit-frame-pointer -funroll-loops execution test
FAIL: libgomp.fortran/lock-2.f90 -O3 -fomit-frame-pointer -funroll-all-loops -finline-functions execution test
FAIL: libgomp.fortran/lock-2.f90 -O3 -g execution test
FAIL: libgomp.fortran/lock-2.f90 -Os execution test
=== libgomp Summary for unix/-m64 ===
# of expected passes 2485
# of unexpected failures 53
# of unsupported tests 2
=== libgomp Summary ===
# of expected passes 4970
# of unexpected failures 106
# of unsupported tests 4
=== libjava tests ===
Running target unix
=== libjava Summary for unix ===
# of expected passes 2574
Running target unix/-m64
=== libjava Summary for unix/-m64 ===
# of expected passes 2574
=== libjava Summary ===
# of expected passes 5148
=== libstdc++ tests ===
Running target unix
FAIL: 27_io/basic_istream/extractors_arithmetic/char/07.cc execution test
FAIL: 27_io/basic_istream/extractors_arithmetic/char/10.cc execution test
FAIL: 27_io/basic_istream/extractors_arithmetic/wchar_t/07.cc execution test
FAIL: 27_io/basic_istream/extractors_arithmetic/wchar_t/10.cc execution test
FAIL: 27_io/basic_istream/ignore/char/1.cc execution test
FAIL: 27_io/basic_istream/ignore/char/3.cc execution test
FAIL: 27_io/basic_istream/ignore/char/6360.cc execution test
FAIL: 27_io/basic_istream/ignore/char/7220.cc execution test
FAIL: 27_io/basic_istream/ignore/wchar_t/1.cc execution test
FAIL: 27_io/basic_istream/ignore/wchar_t/3.cc execution test
FAIL: 27_io/basic_istream/ignore/wchar_t/6360.cc execution test
FAIL: 27_io/basic_istream/ignore/wchar_t/7220.cc execution test
FAIL: 27_io/basic_istream/peek/char/1.cc execution test
FAIL: 27_io/basic_istream/peek/wchar_t/1.cc execution test
FAIL: 27_io/basic_istream/putback/char/1.cc execution test
FAIL: 27_io/basic_istream/putback/wchar_t/1.cc execution test
FAIL: 27_io/basic_istream/seekg/char/2.cc execution test
FAIL: 27_io/basic_istream/seekg/wchar_t/2.cc execution test
FAIL: 27_io/basic_istream/tellg/char/2.cc execution test
FAIL: 27_io/basic_istream/tellg/wchar_t/2.cc execution test
=== libstdc++ Summary for unix ===
# of expected passes 6679
# of unexpected failures 20
# of expected failures 92
# of unsupported tests 436
Running target unix/-m64
FAIL: 27_io/basic_istream/extractors_arithmetic/char/07.cc execution test
FAIL: 27_io/basic_istream/extractors_arithmetic/char/10.cc execution test
FAIL: 27_io/basic_istream/extractors_arithmetic/wchar_t/07.cc execution test
FAIL: 27_io/basic_istream/extractors_arithmetic/wchar_t/10.cc execution test
FAIL: 27_io/basic_istream/ignore/char/1.cc execution test
FAIL: 27_io/basic_istream/ignore/char/3.cc execution test
FAIL: 27_io/basic_istream/ignore/char/6360.cc execution test
FAIL: 27_io/basic_istream/ignore/char/7220.cc execution test
FAIL: 27_io/basic_istream/ignore/wchar_t/1.cc execution test
FAIL: 27_io/basic_istream/ignore/wchar_t/3.cc execution test
FAIL: 27_io/basic_istream/ignore/wchar_t/6360.cc execution test
FAIL: 27_io/basic_istream/ignore/wchar_t/7220.cc execution test
FAIL: 27_io/basic_istream/peek/char/1.cc execution test
FAIL: 27_io/basic_istream/peek/wchar_t/1.cc execution test
FAIL: 27_io/basic_istream/putback/char/1.cc execution test
FAIL: 27_io/basic_istream/putback/wchar_t/1.cc execution test
FAIL: 27_io/basic_istream/seekg/char/2.cc execution test
FAIL: 27_io/basic_istream/seekg/wchar_t/2.cc execution test
FAIL: 27_io/basic_istream/tellg/char/2.cc execution test
FAIL: 27_io/basic_istream/tellg/wchar_t/2.cc execution test
=== libstdc++ Summary for unix/-m64 ===
# of expected passes 6679
# of unexpected failures 20
# of expected failures 92
# of unsupported tests 436
=== libstdc++ Summary ===
# of expected passes 13358
# of unexpected failures 40
# of expected failures 184
# of unsupported tests 872
=== libstdc++ Summary ===
Compiler version: 4.5.3 20110311 (prerelease) [gcc-4_5-branch revision 170868] (GCC)
Platform: i386-pc-solaris2.11
configure flags: --prefix=/vol/gcc --target=i386-pc-solaris2.11 --with-as=/vol/gcc/bin/gas-2.21 --with-gnu-as --with-ld=/vol/gcc/bin/gld-2.21 --with-gnu-ld --with-gmp=/vol/gcc --with-mpfr=/vol/gcc --with-mpc=/vol/gcc --enable-languages=all,ada
BOOT_CFLAGS=-g -O2