This is the mail archive of the
gcc-testresults@gcc.gnu.org
mailing list for the GCC project.
Results for 4.6.0 20110307 (experimental) [trunk revision 170749] (GCC) testsuite on hppa64-hp-hpux11.11
- From: John David Anglin <dave at hiauly3 dot hia dot nrc dot ca>
- To: dave at hiauly3 dot hia dot nrc dot ca, gcc-testresults at gcc dot gnu dot org
- Date: Tue, 8 Mar 2011 19:26:49 -0500 (EST)
- Subject: Results for 4.6.0 20110307 (experimental) [trunk revision 170749] (GCC) testsuite on hppa64-hp-hpux11.11
Native configuration is hppa64-hp-hpux11.11
=== g++ tests ===
Running target unix
WARNING: program timed out.
=== g++ Summary ===
# of expected passes 24643
# of expected failures 162
# of unsupported tests 590
/test/gnu/gcc/objdir/gcc/testsuite/g++/../../g++ version 4.6.0 20110307 (experimental) [trunk revision 170749] (GCC)
=== gcc tests ===
Running target unix
WARNING: program timed out.
FAIL: gcc.dg/lto/20090116 c_lto_20090116_0.o-c_lto_20090116_0.o link, -O1 -flto -flto-partition=1to1 -fPIC (internal compiler error)
UNRESOLVED: gcc.dg/lto/20090116 c_lto_20090116_0.o-c_lto_20090116_0.o execute -O1 -flto -flto-partition=1to1 -fPIC
=== gcc Summary ===
# of expected passes 66306
# of unexpected failures 1
# of expected failures 134
# of unresolved testcases 1
# of unsupported tests 1248
/test/gnu/gcc/objdir/gcc/xgcc version 4.6.0 20110307 (experimental) [trunk revision 170749] (GCC)
=== gfortran tests ===
Running target unix
=== gfortran Summary ===
# of expected passes 37245
# of expected failures 41
# of unsupported tests 362
/test/gnu/gcc/objdir/gcc/testsuite/gfortran/../../gfortran version 4.6.0 20110307 (experimental) [trunk revision 170749] (GCC)
=== obj-c++ tests ===
Running target unix
=== obj-c++ Summary ===
# of expected passes 1378
# of expected failures 10
# of unsupported tests 86
/test/gnu/gcc/objdir/gcc/testsuite/obj-c++/../../g++ version 4.6.0 20110307 (experimental) [trunk revision 170749] (GCC)
=== objc tests ===
Running target unix
=== objc Summary ===
# of expected passes 2912
# of expected failures 10
# of unsupported tests 75
/test/gnu/gcc/objdir/gcc/xgcc version 4.6.0 20110307 (experimental) [trunk revision 170749] (GCC)
=== libgomp tests ===
Running target unix
=== libgomp Summary ===
# of expected passes 2524
# of unsupported tests 9
=== libstdc++ tests ===
Running target unix
=== libstdc++ Summary ===
# of expected passes 6826
# of expected failures 81
# of unsupported tests 735
Compiler version: 4.6.0 20110307 (experimental) [trunk revision 170749] (GCC)
Platform: hppa64-hp-hpux11.11
configure flags:Test Run By dave on Tue Mar 8 06:38:14 2011