This is the mail archive of the
gcc-testresults@gcc.gnu.org
mailing list for the GCC project.
Results for 4.6.0 20110305 (experimental) [trunk revision 170704] (GCC) testsuite on armv7l-unknown-linux-gnueabi
- From: Robert Nelson <robertcnelson at gmail dot com>
- To: gcc-testresults at gcc dot gnu dot org
- Date: Mon, 07 Mar 2011 11:00:23 -0600
- Subject: Results for 4.6.0 20110305 (experimental) [trunk revision 170704] (GCC) testsuite on armv7l-unknown-linux-gnueabi
LAST_UPDATED: Sat Mar 5 22:39:59 UTC 2011 (revision 170704)
Native configuration is armv7l-unknown-linux-gnueabi
=== libgomp tests ===
Running target unix
FAIL: libgomp.c++/ctor-3.C -O0 execution test
FAIL: libgomp.c++/ctor-3.C -O1 execution test
FAIL: libgomp.c++/ctor-3.C -O2 execution test
FAIL: libgomp.c++/ctor-3.C -O3 -fomit-frame-pointer execution test
FAIL: libgomp.c++/ctor-3.C -O3 -fomit-frame-pointer -funroll-loops execution test
FAIL: libgomp.c++/ctor-3.C -O3 -fomit-frame-pointer -funroll-all-loops -finline-functions execution test
FAIL: libgomp.c++/ctor-3.C -O3 -g execution test
FAIL: libgomp.c++/ctor-3.C -Os execution test
=== libgomp Summary ===
# of expected passes 1021
# of unexpected failures 8
=== libmudflap tests ===
Running target unix
FAIL: libmudflap.c/fail40-frag.c output pattern test
FAIL: libmudflap.c/pass49-frag.c execution test
FAIL: libmudflap.c/pass49-frag.c output pattern test
FAIL: libmudflap.c/pass49-frag.c execution test
FAIL: libmudflap.c/pass49-frag.c output pattern test
FAIL: libmudflap.c/pass51-frag.c execution test
FAIL: libmudflap.c/pass51-frag.c execution test
FAIL: libmudflap.c/fail40-frag.c (-static) output pattern test
FAIL: libmudflap.c/pass49-frag.c (-static) execution test
FAIL: libmudflap.c/pass49-frag.c (-static) output pattern test
FAIL: libmudflap.c/pass49-frag.c (-static) execution test
FAIL: libmudflap.c/pass49-frag.c (-static) output pattern test
FAIL: libmudflap.c/pass51-frag.c (-static) execution test
FAIL: libmudflap.c/pass51-frag.c (-static) execution test
FAIL: libmudflap.c/fail40-frag.c (-O2) output pattern test
FAIL: libmudflap.c/pass49-frag.c (-O2) execution test
FAIL: libmudflap.c/pass49-frag.c (-O2) output pattern test
FAIL: libmudflap.c/pass49-frag.c (-O2) execution test
FAIL: libmudflap.c/pass49-frag.c (-O2) output pattern test
FAIL: libmudflap.c/pass51-frag.c (-O2) execution test
FAIL: libmudflap.c/pass51-frag.c (-O2) execution test
FAIL: libmudflap.c/fail40-frag.c (-O3) output pattern test
FAIL: libmudflap.c/pass49-frag.c (-O3) execution test
FAIL: libmudflap.c/pass49-frag.c (-O3) output pattern test
FAIL: libmudflap.c/pass49-frag.c (-O3) execution test
FAIL: libmudflap.c/pass49-frag.c (-O3) output pattern test
FAIL: libmudflap.c/pass51-frag.c (-O3) execution test
FAIL: libmudflap.c/pass51-frag.c (-O3) execution test
WARNING: program timed out.
FAIL: libmudflap.cth/pass40-frag.c execution test
FAIL: libmudflap.cth/pass40-frag.c output pattern test
WARNING: program timed out.
FAIL: libmudflap.cth/pass37-frag.c (-static -DSTATIC) (test for excess errors)
FAIL: libmudflap.cth/pass37-frag.c (-static -DSTATIC) execution test
FAIL: libmudflap.cth/pass37-frag.c (-static -DSTATIC) output pattern test
FAIL: libmudflap.cth/pass37-frag.c (-static -DSTATIC) (rerun 1) execution test
FAIL: libmudflap.cth/pass37-frag.c (-static -DSTATIC) (rerun 1) output pattern test
FAIL: libmudflap.cth/pass37-frag.c (-static -DSTATIC) (rerun 2) execution test
FAIL: libmudflap.cth/pass37-frag.c (-static -DSTATIC) (rerun 2) output pattern test
FAIL: libmudflap.cth/pass37-frag.c (-static -DSTATIC) (rerun 3) execution test
FAIL: libmudflap.cth/pass37-frag.c (-static -DSTATIC) (rerun 3) output pattern test
FAIL: libmudflap.cth/pass37-frag.c (-static -DSTATIC) (rerun 4) execution test
FAIL: libmudflap.cth/pass37-frag.c (-static -DSTATIC) (rerun 4) output pattern test
FAIL: libmudflap.cth/pass37-frag.c (-static -DSTATIC) (rerun 5) execution test
FAIL: libmudflap.cth/pass37-frag.c (-static -DSTATIC) (rerun 5) output pattern test
FAIL: libmudflap.cth/pass37-frag.c (-static -DSTATIC) (rerun 6) execution test
FAIL: libmudflap.cth/pass37-frag.c (-static -DSTATIC) (rerun 6) output pattern test
FAIL: libmudflap.cth/pass37-frag.c (-static -DSTATIC) (rerun 7) execution test
FAIL: libmudflap.cth/pass37-frag.c (-static -DSTATIC) (rerun 7) output pattern test
FAIL: libmudflap.cth/pass37-frag.c (-static -DSTATIC) (rerun 8) execution test
FAIL: libmudflap.cth/pass37-frag.c (-static -DSTATIC) (rerun 8) output pattern test
FAIL: libmudflap.cth/pass37-frag.c (-static -DSTATIC) (rerun 9) execution test
FAIL: libmudflap.cth/pass37-frag.c (-static -DSTATIC) (rerun 9) output pattern test
FAIL: libmudflap.cth/pass37-frag.c (-static -DSTATIC) (rerun 10) execution test
FAIL: libmudflap.cth/pass37-frag.c (-static -DSTATIC) (rerun 10) output pattern test
FAIL: libmudflap.cth/pass37-frag.c (-static -DSTATIC) (rerun 11) execution test
FAIL: libmudflap.cth/pass37-frag.c (-static -DSTATIC) (rerun 11) output pattern test
FAIL: libmudflap.cth/pass37-frag.c (-static -DSTATIC) (rerun 12) execution test
FAIL: libmudflap.cth/pass37-frag.c (-static -DSTATIC) (rerun 12) output pattern test
FAIL: libmudflap.cth/pass37-frag.c (-static -DSTATIC) (rerun 13) execution test
FAIL: libmudflap.cth/pass37-frag.c (-static -DSTATIC) (rerun 13) output pattern test
FAIL: libmudflap.cth/pass37-frag.c (-static -DSTATIC) (rerun 14) execution test
FAIL: libmudflap.cth/pass37-frag.c (-static -DSTATIC) (rerun 14) output pattern test
FAIL: libmudflap.cth/pass37-frag.c (-static -DSTATIC) (rerun 15) execution test
FAIL: libmudflap.cth/pass37-frag.c (-static -DSTATIC) (rerun 15) output pattern test
FAIL: libmudflap.cth/pass37-frag.c (-static -DSTATIC) (rerun 16) execution test
FAIL: libmudflap.cth/pass37-frag.c (-static -DSTATIC) (rerun 16) output pattern test
FAIL: libmudflap.cth/pass37-frag.c (-static -DSTATIC) (rerun 17) execution test
FAIL: libmudflap.cth/pass37-frag.c (-static -DSTATIC) (rerun 17) output pattern test
FAIL: libmudflap.cth/pass37-frag.c (-static -DSTATIC) (rerun 18) execution test
FAIL: libmudflap.cth/pass37-frag.c (-static -DSTATIC) (rerun 18) output pattern test
FAIL: libmudflap.cth/pass37-frag.c (-static -DSTATIC) (rerun 19) execution test
FAIL: libmudflap.cth/pass37-frag.c (-static -DSTATIC) (rerun 19) output pattern test
WARNING: program timed out.
FAIL: libmudflap.cth/pass39-frag.c (-static -DSTATIC) (test for excess errors)
FAIL: libmudflap.cth/pass39-frag.c (-static -DSTATIC) execution test
FAIL: libmudflap.cth/pass39-frag.c (-static -DSTATIC) output pattern test
FAIL: libmudflap.cth/pass39-frag.c (-static -DSTATIC) (rerun 1) execution test
FAIL: libmudflap.cth/pass39-frag.c (-static -DSTATIC) (rerun 1) output pattern test
FAIL: libmudflap.cth/pass39-frag.c (-static -DSTATIC) (rerun 2) execution test
FAIL: libmudflap.cth/pass39-frag.c (-static -DSTATIC) (rerun 2) output pattern test
FAIL: libmudflap.cth/pass39-frag.c (-static -DSTATIC) (rerun 3) execution test
FAIL: libmudflap.cth/pass39-frag.c (-static -DSTATIC) (rerun 3) output pattern test
FAIL: libmudflap.cth/pass39-frag.c (-static -DSTATIC) (rerun 4) execution test
FAIL: libmudflap.cth/pass39-frag.c (-static -DSTATIC) (rerun 4) output pattern test
FAIL: libmudflap.cth/pass39-frag.c (-static -DSTATIC) (rerun 5) execution test
FAIL: libmudflap.cth/pass39-frag.c (-static -DSTATIC) (rerun 5) output pattern test
FAIL: libmudflap.cth/pass39-frag.c (-static -DSTATIC) (rerun 6) execution test
FAIL: libmudflap.cth/pass39-frag.c (-static -DSTATIC) (rerun 6) output pattern test
FAIL: libmudflap.cth/pass39-frag.c (-static -DSTATIC) (rerun 7) execution test
FAIL: libmudflap.cth/pass39-frag.c (-static -DSTATIC) (rerun 7) output pattern test
FAIL: libmudflap.cth/pass39-frag.c (-static -DSTATIC) (rerun 8) execution test
FAIL: libmudflap.cth/pass39-frag.c (-static -DSTATIC) (rerun 8) output pattern test
FAIL: libmudflap.cth/pass39-frag.c (-static -DSTATIC) (rerun 9) execution test
FAIL: libmudflap.cth/pass39-frag.c (-static -DSTATIC) (rerun 9) output pattern test
FAIL: libmudflap.cth/pass39-frag.c (-static -DSTATIC) (rerun 10) execution test
FAIL: libmudflap.cth/pass39-frag.c (-static -DSTATIC) (rerun 10) output pattern test
FAIL: libmudflap.cth/pass39-frag.c (-static -DSTATIC) (rerun 11) execution test
FAIL: libmudflap.cth/pass39-frag.c (-static -DSTATIC) (rerun 11) output pattern test
FAIL: libmudflap.cth/pass39-frag.c (-static -DSTATIC) (rerun 12) execution test
FAIL: libmudflap.cth/pass39-frag.c (-static -DSTATIC) (rerun 12) output pattern test
FAIL: libmudflap.cth/pass39-frag.c (-static -DSTATIC) (rerun 13) execution test
FAIL: libmudflap.cth/pass39-frag.c (-static -DSTATIC) (rerun 13) output pattern test
FAIL: libmudflap.cth/pass39-frag.c (-static -DSTATIC) (rerun 14) execution test
FAIL: libmudflap.cth/pass39-frag.c (-static -DSTATIC) (rerun 14) output pattern test
FAIL: libmudflap.cth/pass39-frag.c (-static -DSTATIC) (rerun 15) execution test
FAIL: libmudflap.cth/pass39-frag.c (-static -DSTATIC) (rerun 15) output pattern test
FAIL: libmudflap.cth/pass39-frag.c (-static -DSTATIC) (rerun 16) execution test
FAIL: libmudflap.cth/pass39-frag.c (-static -DSTATIC) (rerun 16) output pattern test
FAIL: libmudflap.cth/pass39-frag.c (-static -DSTATIC) (rerun 17) execution test
FAIL: libmudflap.cth/pass39-frag.c (-static -DSTATIC) (rerun 17) output pattern test
FAIL: libmudflap.cth/pass39-frag.c (-static -DSTATIC) (rerun 18) execution test
FAIL: libmudflap.cth/pass39-frag.c (-static -DSTATIC) (rerun 18) output pattern test
FAIL: libmudflap.cth/pass39-frag.c (-static -DSTATIC) (rerun 19) execution test
FAIL: libmudflap.cth/pass39-frag.c (-static -DSTATIC) (rerun 19) output pattern test
WARNING: program timed out.
FAIL: libmudflap.cth/pass40-frag.c (-static -DSTATIC) execution test
FAIL: libmudflap.cth/pass40-frag.c (-static -DSTATIC) output pattern test
WARNING: program timed out.
FAIL: libmudflap.cth/pass40-frag.c (-O2) execution test
FAIL: libmudflap.cth/pass40-frag.c (-O2) output pattern test
WARNING: program timed out.
FAIL: libmudflap.cth/pass37-frag.c (-O3) (test for excess errors)
WARNING: libmudflap.cth/pass37-frag.c (-O3) compilation failed to produce executable
WARNING: program timed out.
FAIL: libmudflap.cth/pass39-frag.c (-O3) (test for excess errors)
WARNING: libmudflap.cth/pass39-frag.c (-O3) compilation failed to produce executable
WARNING: program timed out.
FAIL: libmudflap.cth/pass40-frag.c (-O3) execution test
FAIL: libmudflap.cth/pass40-frag.c (-O3) output pattern test
=== libmudflap Summary ===
# of expected passes 1694
# of unexpected failures 120
=== libstdc++ tests ===
Running target unix
WARNING: program timed out.
FAIL: 23_containers/deque/modifiers/erase/2.cc (test for excess errors)
UNRESOLVED: 23_containers/deque/modifiers/erase/2.cc compilation failed to produce executable
WARNING: program timed out.
FAIL: 23_containers/vector/bool/modifiers/insert/31370.cc execution test
=== libstdc++ Summary ===
# of expected passes 7412
# of unexpected failures 2
# of expected failures 81
# of unresolved testcases 1
# of unsupported tests 430
=== gcc tests ===
Running target unix
WARNING: program timed out.
FAIL: gcc.c-torture/compile/limits-fndefn.c -O3 -g (test for excess errors)
FAIL: gcc.dg/c99-stdint-1.c (test for excess errors)
FAIL: gcc.dg/c99-stdint-7.c (test for excess errors)
FAIL: gcc.dg/cproj-fails-with-broken-glibc.c execution test
FAIL: gcc.dg/pr17957.c (internal compiler error)
FAIL: gcc.dg/pr17957.c (test for excess errors)
FAIL: gcc.dg/uninit-13.c unconditional (test for warnings, line 8)
FAIL: gcc.dg/uninit-13.c (test for excess errors)
FAIL: gcc.dg/pch/counter-1.c -Os -I. (internal compiler error)
FAIL: gcc.dg/pch/counter-1.c -Os -I. (test for excess errors)
FAIL: gcc.dg/pch/counter-1.c -Os assembly comparison
FAIL: gcc.dg/pch/counter-3.c -O2 -I. (internal compiler error)
FAIL: gcc.dg/pch/counter-3.c -O2 -I. (test for excess errors)
FAIL: gcc.dg/pch/counter-3.c -O2 assembly comparison
FAIL: gcc.dg/pch/cpp-1.c -Os -I. (internal compiler error)
FAIL: gcc.dg/pch/cpp-1.c -Os -I. (test for excess errors)
FAIL: gcc.dg/pch/cpp-1.c -Os assembly comparison
FAIL: gcc.dg/pch/decl-1.c -O0 -g -I. (internal compiler error)
FAIL: gcc.dg/pch/decl-1.c -O0 -g -I. (test for excess errors)
FAIL: gcc.dg/pch/decl-1.c -O0 -g assembly comparison
FAIL: gcc.dg/pch/decl-5.c -O3 -fomit-frame-pointer -I. (internal compiler error)
FAIL: gcc.dg/pch/decl-5.c -O3 -fomit-frame-pointer -I. (test for excess errors)
FAIL: gcc.dg/pch/decl-5.c -O3 -fomit-frame-pointer assembly comparison
FAIL: gcc.dg/pch/except-1.c -O2 -I. (internal compiler error)
FAIL: gcc.dg/pch/except-1.c -O2 -I. (test for excess errors)
FAIL: gcc.dg/pch/except-1.c -O2 assembly comparison
FAIL: gcc.dg/pch/global-1.c -O1 -I. (internal compiler error)
FAIL: gcc.dg/pch/global-1.c -O1 -I. (test for excess errors)
FAIL: gcc.dg/pch/global-1.c -O1 assembly comparison
FAIL: gcc.dg/pch/import-2.c -O1 -I. (internal compiler error)
FAIL: gcc.dg/pch/import-2.c -O1 -I. (test for excess errors)
FAIL: gcc.dg/pch/import-2.c -O1 assembly comparison
FAIL: gcc.dg/pch/inline-1.c -Os -I. (internal compiler error)
FAIL: gcc.dg/pch/inline-1.c -Os -I. (test for excess errors)
FAIL: gcc.dg/pch/inline-1.c -Os assembly comparison
FAIL: gcc.dg/pch/macro-1.c -O0 -I. (internal compiler error)
FAIL: gcc.dg/pch/macro-1.c -O0 -I. (test for excess errors)
FAIL: gcc.dg/pch/macro-1.c -O0 assembly comparison
FAIL: gcc.dg/pch/macro-2.c -O0 -I. (internal compiler error)
FAIL: gcc.dg/pch/macro-2.c -O0 -I. (test for excess errors)
FAIL: gcc.dg/pch/macro-2.c -O0 assembly comparison
FAIL: gcc.dg/pch/macro-2.c -Os -I. (internal compiler error)
FAIL: gcc.dg/pch/macro-2.c -Os -I. (test for excess errors)
FAIL: gcc.dg/pch/macro-2.c -Os assembly comparison
FAIL: gcc.dg/pch/macro-3.c -Os -I. (internal compiler error)
FAIL: gcc.dg/pch/macro-3.c -Os -I. (test for excess errors)
FAIL: gcc.dg/pch/macro-3.c -Os assembly comparison
FAIL: gcc.dg/pch/static-2.c -O2 -I. (internal compiler error)
FAIL: gcc.dg/pch/static-2.c -O2 -I. (test for excess errors)
FAIL: gcc.dg/pch/static-2.c -O2 assembly comparison
FAIL: gcc.dg/tls/pr45870.c (test for excess errors)
FAIL: gcc.dg/torture/pr47975.c -O0 (internal compiler error)
FAIL: gcc.dg/torture/pr47975.c -O0 (test for excess errors)
FAIL: gcc.dg/torture/pr47975.c -O1 (internal compiler error)
FAIL: gcc.dg/torture/pr47975.c -O1 (test for excess errors)
FAIL: gcc.dg/torture/pr47975.c -O2 (internal compiler error)
FAIL: gcc.dg/torture/pr47975.c -O2 (test for excess errors)
FAIL: gcc.dg/torture/pr47975.c -O3 -fomit-frame-pointer (internal compiler error)
FAIL: gcc.dg/torture/pr47975.c -O3 -fomit-frame-pointer (test for excess errors)
FAIL: gcc.dg/torture/pr47975.c -O3 -g (internal compiler error)
FAIL: gcc.dg/torture/pr47975.c -O3 -g (test for excess errors)
FAIL: gcc.dg/torture/pr47975.c -Os (internal compiler error)
FAIL: gcc.dg/torture/pr47975.c -Os (test for excess errors)
FAIL: gcc.dg/torture/pr47975.c -O2 -flto -flto-partition=none (internal compiler error)
FAIL: gcc.dg/torture/pr47975.c -O2 -flto -flto-partition=none (test for excess errors)
FAIL: gcc.dg/torture/pr47975.c -O2 -flto (internal compiler error)
FAIL: gcc.dg/torture/pr47975.c -O2 -flto (test for excess errors)
XPASS: gcc.dg/tree-ssa/20040204-1.c scan-tree-dump-times optimized "link_error" 0
FAIL: gcc.dg/tree-ssa/pr42585.c scan-tree-dump-times optimized "struct _fat_ptr _ans" 0
FAIL: gcc.dg/tree-ssa/pr42585.c scan-tree-dump-times optimized "struct _fat_ptr _T2" 0
XPASS: gcc.dg/vect/vect-16.c scan-tree-dump-times vect "vectorized 1 loops" 1
FAIL: gcc.dg/vect/vect-72.c scan-tree-dump-times vect "Alignment of access forced using peeling" 0
FAIL: gcc.dg/vect/vect-peel-3.c scan-tree-dump-times vect "Vectorizing an unaligned access" 1
FAIL: gcc.dg/vect/vect-peel-4.c scan-tree-dump-times vect "Vectorizing an unaligned access" 1
FAIL: gcc.dg/vect/slp-reduc-6.c scan-tree-dump-times vect "vectorized 1 loops" 2
FAIL: gcc.dg/vect/bb-slp-10.c scan-tree-dump-times slp "unsupported alignment in basic block." 1
FAIL: gcc.target/arm/fp16-compile-none-1.c (test for errors, line 6)
FAIL: gcc.target/arm/fp16-compile-none-1.c (test for excess errors)
FAIL: gcc.target/arm/pr42093.c scan-assembler-not tbb
FAIL: gcc.target/arm/pr42575.c scan-assembler-not mov
=== gcc Summary ===
# of expected passes 74026
# of unexpected failures 78
# of unexpected successes 2
# of expected failures 197
# of unsupported tests 971
/var/builds/opt/trunk/objdir/gcc/xgcc version 4.6.0 20110305 (experimental) [trunk revision 170704] (GCC)
=== g++ tests ===
Running target unix
WARNING: program timed out.
FAIL: tmpdir-g++.dg-struct-layout-1/t002 cp_compat_y_tst.o compile
UNRESOLVED: tmpdir-g++.dg-struct-layout-1/t002 cp_compat_x_tst.o-cp_compat_y_tst.o link
UNRESOLVED: tmpdir-g++.dg-struct-layout-1/t002 cp_compat_x_tst.o-cp_compat_y_tst.o execute
FAIL: g++.dg/abi/local1.C execution test
FAIL: g++.dg/abi/packed1.C (test for excess errors)
XPASS: g++.dg/other/packed1.C execution test
FAIL: g++.dg/template/cond5.C (internal compiler error)
FAIL: g++.dg/template/cond5.C (test for excess errors)
FAIL: g++.dg/template/stdarg1.C (test for excess errors)
FAIL: g++.dg/warn/Wunused-parm-3.C (test for excess errors)
FAIL: 23:is 1:should be 2
FAIL: g++.dg/gcov/gcov-2.C gcov: 1 failures in line counts, 0 in branch percentages, 0 in return percentages
FAIL: g++.dg/gomp/clause-2.C (test for errors, line 32)
FAIL: g++.dg/torture/pr42883.C -O3 -fomit-frame-pointer (internal compiler error)
FAIL: g++.dg/torture/pr42883.C -O3 -fomit-frame-pointer (test for excess errors)
FAIL: g++.dg/torture/pr42883.C -O3 -fomit-frame-pointer -funroll-loops (internal compiler error)
FAIL: g++.dg/torture/pr42883.C -O3 -fomit-frame-pointer -funroll-loops (test for excess errors)
FAIL: g++.dg/torture/pr42883.C -O3 -fomit-frame-pointer -funroll-all-loops -finline-functions (internal compiler error)
FAIL: g++.dg/torture/pr42883.C -O3 -fomit-frame-pointer -funroll-all-loops -finline-functions (test for excess errors)
FAIL: g++.dg/torture/pr42883.C -O3 -g (internal compiler error)
FAIL: g++.dg/torture/pr42883.C -O3 -g (test for excess errors)
FAIL: g++.dg/vect/pr36648.cc scan-tree-dump-times vect "vectorized 1 loops" 1
FAIL: g++.dg/vect/pr36648.cc scan-tree-dump-times vect "vectorizing stmts using SLP" 1
=== g++ Summary ===
# of expected passes 26180
# of unexpected failures 20
# of unexpected successes 1
# of expected failures 160
# of unresolved testcases 2
# of unsupported tests 383
/var/builds/opt/trunk/objdir/gcc/testsuite/g++/../../g++ version 4.6.0 20110305 (experimental) [trunk revision 170704] (GCC)
Compiler version: 4.6.0 20110305 (experimental) [trunk revision 170704] (GCC)
Platform: armv7l-unknown-linux-gnueabi
configure flags: --prefix=/opt/install-gcc-trunk --enable-languages=c,c++ --with-cpu=cortex-a8 --with-fpu=neon --with-float=softfp
Build Logs: http://rcn-ee.homeip.net:81/dl/gcc/