This is the mail archive of the
gcc-testresults@gcc.gnu.org
mailing list for the GCC project.
Results for 4.4.6 20110305 (prerelease) [gcc-4_4-branch revision 170697] (GCC) testsuite on x86_64-unknown-linux-gnu
- From: hjl at gnu-34 dot sc dot intel dot com (H.J. Lu (Intel64))
- To: gcc-testresults at gcc dot gnu dot org
- Date: Sat, 05 Mar 2011 01:09:50 -0800
- Subject: Results for 4.4.6 20110305 (prerelease) [gcc-4_4-branch revision 170697] (GCC) testsuite on x86_64-unknown-linux-gnu
LAST_UPDATED: Sat Mar 5 08:14:58 UTC 2011 (revision 170697)
Native configuration is x86_64-unknown-linux-gnu
=== g++ tests ===
Running target unix
=== g++ Summary for unix ===
# of expected passes 16236
# of expected failures 150
# of unsupported tests 134
Running target unix/-m32
=== g++ Summary for unix/-m32 ===
# of expected passes 16339
# of expected failures 150
# of unsupported tests 98
=== g++ Summary ===
# of expected passes 32575
# of expected failures 300
# of unsupported tests 232
/export/gnu/import/svn/gcc-test/bld/gcc/testsuite/g++/../../g++ version 4.4.6 20110305 (prerelease) [gcc-4_4-branch revision 170697] (GCC)
=== gcc tests ===
Running target unix
FAIL: gcc.c-torture/compile/limits-exprparen.c -O0 (test for excess errors)
FAIL: gcc.c-torture/compile/limits-exprparen.c -O1 (test for excess errors)
FAIL: gcc.c-torture/compile/limits-exprparen.c -O2 (test for excess errors)
FAIL: gcc.c-torture/compile/limits-exprparen.c -O3 -fomit-frame-pointer (test for excess errors)
FAIL: gcc.c-torture/compile/limits-exprparen.c -O3 -g (test for excess errors)
FAIL: gcc.c-torture/compile/limits-exprparen.c -Os (test for excess errors)
FAIL: gcc.dg/tree-prof/bb-reorg.c compilation, -fprofile-use -D_PROFILE_USE
UNRESOLVED: gcc.dg/tree-prof/bb-reorg.c execution, -fprofile-use -D_PROFILE_USE
FAIL: gcc.dg/tree-prof/pr34999.c compilation, -fprofile-use -D_PROFILE_USE
UNRESOLVED: gcc.dg/tree-prof/pr34999.c execution, -fprofile-use -D_PROFILE_USE
=== gcc Summary for unix ===
# of expected passes 69541
# of unexpected failures 8
# of expected failures 306
# of unresolved testcases 2
# of unsupported tests 658
Running target unix/-m32
FAIL: gcc.c-torture/compile/limits-exprparen.c -O0 (test for excess errors)
FAIL: gcc.c-torture/compile/limits-exprparen.c -O1 (test for excess errors)
FAIL: gcc.c-torture/compile/limits-exprparen.c -O2 (test for excess errors)
FAIL: gcc.c-torture/compile/limits-exprparen.c -O3 -fomit-frame-pointer (test for excess errors)
FAIL: gcc.c-torture/compile/limits-exprparen.c -O3 -g (test for excess errors)
FAIL: gcc.c-torture/compile/limits-exprparen.c -Os (test for excess errors)
=== gcc Summary for unix/-m32 ===
# of expected passes 32478
# of unexpected failures 6
# of expected failures 73
# of unsupported tests 136
=== gcc Summary ===
# of expected passes 102019
# of unexpected failures 14
# of expected failures 379
# of unresolved testcases 2
# of unsupported tests 794
/export/gnu/import/svn/gcc-test/bld/gcc/xgcc version 4.4.6 20110305 (prerelease) [gcc-4_4-branch revision 170697] (GCC)
=== gfortran tests ===
Running target unix
=== gfortran Summary for unix ===
# of expected passes 29518
# of expected failures 7
# of unsupported tests 19
Running target unix/-m32
=== gfortran Summary for unix/-m32 ===
# of expected passes 29388
# of expected failures 7
# of unsupported tests 81
=== gfortran Summary ===
# of expected passes 58906
# of expected failures 14
# of unsupported tests 100
/export/gnu/import/svn/gcc-test/bld/gcc/testsuite/gfortran/../../gfortran version 4.4.6 20110305 (prerelease) [gcc-4_4-branch revision 170697] (GCC)
=== objc tests ===
Running target unix/-m32
=== objc Summary for unix/-m32 ===
# of expected passes 2
Running target unix
=== objc Summary for unix ===
# of expected passes 2
=== objc Summary ===
# of expected passes 3740
# of expected failures 22
# of unsupported tests 48
/export/gnu/import/svn/gcc-test/bld/gcc/xgcc version 4.4.6 20110305 (prerelease) [gcc-4_4-branch revision 170697] (GCC)
=== libffi tests ===
Running target unix/-m32
=== libffi Summary for unix/-m32 ===
# of expected passes 24
Running target unix
=== libffi Summary for unix ===
# of expected passes 24
=== libffi Summary ===
# of expected passes 2798
# of unsupported tests 20
=== libgomp tests ===
Running target unix/-m32
=== libgomp Summary for unix/-m32 ===
# of expected passes 1495
Running target unix
=== libgomp Summary for unix ===
# of expected passes 1495
=== libgomp Summary ===
# of expected passes 5048
=== libjava tests ===
Running target unix/-m32
=== libjava Summary for unix/-m32 ===
Running target unix
=== libjava Summary for unix ===
=== libjava Summary ===
# of expected passes 5148
=== libmudflap tests ===
Running target unix/-m32
FAIL: libmudflap.c++/pass41-frag.cxx execution test
FAIL: libmudflap.c++/pass41-frag.cxx ( -O) execution test
FAIL: libmudflap.c++/pass41-frag.cxx (-O2) execution test
FAIL: libmudflap.c++/pass41-frag.cxx (-O3) execution test
=== libmudflap Summary for unix/-m32 ===
# of expected passes 264
Running target unix
FAIL: libmudflap.c++/pass41-frag.cxx execution test
FAIL: libmudflap.c++/pass41-frag.cxx ( -O) execution test
FAIL: libmudflap.c++/pass41-frag.cxx (-O2) execution test
FAIL: libmudflap.c++/pass41-frag.cxx (-O3) execution test
=== libmudflap Summary for unix ===
# of expected passes 264
=== libmudflap Summary ===
# of expected passes 2846
# of unexpected failures 8
=== libstdc++ tests ===
Running target unix
=== libstdc++ Summary for unix ===
# of expected passes 6519
# of expected failures 80
# of unsupported tests 13
Running target unix/-m32
=== libstdc++ Summary for unix/-m32 ===
# of expected passes 6510
# of expected failures 80
# of unsupported tests 18
=== libstdc++ Summary ===
# of expected passes 13029
# of expected failures 160
# of unsupported tests 31
Compiler version: 4.4.6 20110305 (prerelease) [gcc-4_4-branch revision 170697] (GCC)
Platform: x86_64-unknown-linux-gnu
configure flags: --prefix=/usr/local --enable-clocale=gnu --with-system-zlib --enable-shared --with-demangler-in-ld --with-fpmath=sse