This is the mail archive of the
gcc-testresults@gcc.gnu.org
mailing list for the GCC project.
Results for 4.6.0 20110225 (experimental) [trunk revision 170500] (GCC) testsuite on sparc-sun-solaris2.9
- From: Rainer Orth <ro at CeBiTec dot Uni-Bielefeld dot DE>
- To: gcc-testresults at gcc dot gnu dot org
- Date: Mon, 28 Feb 2011 13:30:02 +0100 (MET)
- Subject: Results for 4.6.0 20110225 (experimental) [trunk revision 170500] (GCC) testsuite on sparc-sun-solaris2.9
LAST_UPDATED: Fri Feb 25 19:11:04 UTC 2011 (revision 170500)
=== acats tests ===
=== acats Summary ===
# of expected passes 2321
# of unexpected failures 0
Native configuration is sparc-sun-solaris2.9
=== g++ tests ===
Running target unix
WARNING: program timed out.
FAIL: g++.dg/lto/20091219 cp_lto_20091219_0.o-cp_lto_20091219_0.o link, -O3 -flto
UNRESOLVED: g++.dg/lto/20091219 cp_lto_20091219_0.o-cp_lto_20091219_0.o execute -O3 -flto
FAIL: g++.dg/torture/pr31863.C -O2 -flto (test for excess errors)
=== g++ Summary for unix ===
# of expected passes 25938
# of unexpected failures 2
# of expected failures 161
# of unresolved testcases 1
# of unsupported tests 492
Running target unix/-m64
FAIL: g++.dg/lto/20091219 cp_lto_20091219_0.o-cp_lto_20091219_0.o link, -O3 -flto
UNRESOLVED: g++.dg/lto/20091219 cp_lto_20091219_0.o-cp_lto_20091219_0.o execute -O3 -flto
FAIL: g++.dg/torture/pr31863.C -O2 -flto (test for excess errors)
=== g++ Summary for unix/-m64 ===
# of expected passes 26550
# of unexpected failures 2
# of expected failures 161
# of unresolved testcases 1
# of unsupported tests 489
=== g++ Summary ===
# of expected passes 52488
# of unexpected failures 4
# of expected failures 322
# of unresolved testcases 2
# of unsupported tests 981
/var/gcc/regression/trunk/9-gcc/build/gcc/testsuite/g++/../../g++ version 4.6.0 20110225 (experimental) [trunk revision 170500] (GCC)
=== gcc tests ===
Running target unix
FAIL: gcc.dg/lto/20110201-1 c_lto_20110201-1_0.o-c_lto_20110201-1_0.o link, -O0 -flto
UNRESOLVED: gcc.dg/lto/20110201-1 c_lto_20110201-1_0.o-c_lto_20110201-1_0.o execute -O0 -flto
XPASS: gcc.dg/vect/slp-multitypes-2.c execution test
=== gcc Summary for unix ===
# of expected passes 69134
# of unexpected failures 1
# of unexpected successes 1
# of expected failures 235
# of unresolved testcases 1
# of unsupported tests 1210
Running target unix/-m64
=== gcc Summary for unix/-m64 ===
# of expected passes 69717
# of expected failures 227
# of unsupported tests 1219
=== gcc Summary ===
# of expected passes 138851
# of unexpected failures 1
# of unexpected successes 1
# of expected failures 462
# of unresolved testcases 1
# of unsupported tests 2429
/var/gcc/regression/trunk/9-gcc/build/gcc/xgcc version 4.6.0 20110225 (experimental) [trunk revision 170500] (GCC)
=== gfortran tests ===
Running target unix
FAIL: gfortran.dg/allocate_deferred_char_scalar_1.f03 -O0 execution test
FAIL: gfortran.dg/allocate_deferred_char_scalar_1.f03 -O1 execution test
FAIL: gfortran.dg/allocate_deferred_char_scalar_1.f03 -O2 execution test
FAIL: gfortran.dg/allocate_deferred_char_scalar_1.f03 -O3 -fomit-frame-pointer execution test
FAIL: gfortran.dg/allocate_deferred_char_scalar_1.f03 -O3 -fomit-frame-pointer -funroll-loops execution test
FAIL: gfortran.dg/allocate_deferred_char_scalar_1.f03 -O3 -fomit-frame-pointer -funroll-all-loops -finline-functions execution test
FAIL: gfortran.dg/allocate_deferred_char_scalar_1.f03 -O3 -g execution test
FAIL: gfortran.dg/allocate_deferred_char_scalar_1.f03 -Os execution test
=== gfortran Summary for unix ===
# of expected passes 37795
# of unexpected failures 8
# of expected failures 43
# of unsupported tests 396
Running target unix/-m64
FAIL: gfortran.dg/allocate_deferred_char_scalar_1.f03 -O0 execution test
FAIL: gfortran.dg/allocate_deferred_char_scalar_1.f03 -O1 execution test
FAIL: gfortran.dg/allocate_deferred_char_scalar_1.f03 -O2 execution test
FAIL: gfortran.dg/allocate_deferred_char_scalar_1.f03 -O3 -fomit-frame-pointer execution test
FAIL: gfortran.dg/allocate_deferred_char_scalar_1.f03 -O3 -fomit-frame-pointer -funroll-loops execution test
FAIL: gfortran.dg/allocate_deferred_char_scalar_1.f03 -O3 -fomit-frame-pointer -funroll-all-loops -finline-functions execution test
FAIL: gfortran.dg/allocate_deferred_char_scalar_1.f03 -O3 -g execution test
FAIL: gfortran.dg/allocate_deferred_char_scalar_1.f03 -Os execution test
=== gfortran Summary for unix/-m64 ===
# of expected passes 38074
# of unexpected failures 8
# of expected failures 43
# of unsupported tests 259
=== gfortran Summary ===
# of expected passes 75869
# of unexpected failures 16
# of expected failures 86
# of unsupported tests 655
/var/gcc/regression/trunk/9-gcc/build/gcc/testsuite/gfortran/../../gfortran version 4.6.0 20110225 (experimental) [trunk revision 170500] (GCC)
=== gnat tests ===
Running target unix
=== gnat Summary for unix ===
# of expected passes 865
# of expected failures 10
# of unsupported tests 4
Running target unix/-m64
=== gnat Summary for unix/-m64 ===
# of expected passes 865
# of expected failures 10
# of unsupported tests 4
=== gnat Summary ===
# of expected passes 1730
# of expected failures 20
# of unsupported tests 8
/var/gcc/regression/trunk/9-gcc/build/gcc/gnatmake version 4.6.0 20110225 (experimental) [trunk revision 170500]
=== objc tests ===
Running target unix
=== objc Summary for unix ===
# of expected passes 2912
# of expected failures 10
# of unsupported tests 74
Running target unix/-m64
=== objc Summary for unix/-m64 ===
# of expected passes 2912
# of expected failures 10
# of unsupported tests 74
=== objc Summary ===
# of expected passes 5824
# of expected failures 20
# of unsupported tests 148
/var/gcc/regression/trunk/9-gcc/build/gcc/xgcc version 4.6.0 20110225 (experimental) [trunk revision 170500] (GCC)
=== boehm-gc tests ===
Running target unix
=== boehm-gc Summary for unix ===
# of expected passes 12
# of unsupported tests 1
Running target unix/-m64
=== boehm-gc Summary for unix/-m64 ===
# of expected passes 12
# of unsupported tests 1
=== boehm-gc Summary ===
# of expected passes 24
# of unsupported tests 2
=== libffi tests ===
Running target unix
=== libffi Summary for unix ===
# of expected passes 1634
# of expected failures 10
# of unsupported tests 15
Running target unix/-m64
=== libffi Summary for unix/-m64 ===
# of expected passes 1634
# of expected failures 10
# of unsupported tests 15
=== libffi Summary ===
# of expected passes 3268
# of expected failures 20
# of unsupported tests 30
=== libgomp tests ===
Running target unix
=== libgomp Summary for unix ===
# of expected passes 2508
# of unsupported tests 9
Running target unix/-m64
=== libgomp Summary for unix/-m64 ===
# of expected passes 2508
# of unsupported tests 9
=== libgomp Summary ===
# of expected passes 5016
# of unsupported tests 18
=== libjava tests ===
Running target unix
FAIL: InvokeInterface execution - source compiled test
FAIL: InvokeInterface -O3 execution - source compiled test
=== libjava Summary for unix ===
# of expected passes 2570
# of unexpected failures 2
# of untested testcases 2
Running target unix/-m64
FAIL: InvokeInterface execution - source compiled test
FAIL: InvokeInterface -O3 execution - source compiled test
=== libjava Summary for unix/-m64 ===
# of expected passes 2570
# of unexpected failures 2
# of untested testcases 2
=== libjava Summary ===
# of expected passes 5140
# of unexpected failures 4
# of untested testcases 4
=== libstdc++ tests ===
Running target unix
=== libstdc++ Summary for unix ===
# of expected passes 6830
# of expected failures 83
# of unsupported tests 738
Running target unix/-m64
=== libstdc++ Summary for unix/-m64 ===
# of expected passes 6830
# of expected failures 83
# of unsupported tests 738
=== libstdc++ Summary ===
# of expected passes 13660
# of expected failures 166
# of unsupported tests 1476
Compiler version: 4.6.0 20110225 (experimental) [trunk revision 170500] (GCC)
Platform: sparc-sun-solaris2.9
configure flags: --prefix=/vol/gcc --target=sparc-sun-solaris2.9 --with-gmp=/vol/gcc --with-mpfr=/vol/gcc --with-mpc=/vol/gcc --enable-languages=all,ada
BOOT_CFLAGS=-g -O2