This is the mail archive of the
gcc-testresults@gcc.gnu.org
mailing list for the GCC project.
Results for 4.6.0 20110227 (experimental) [trunk revision 170531] (GCC) testsuite on x86_64-unknown-linux-gnu
- From: Laurent GUERBY gcc20 <guerby at gcc90 dot fsffrance dot org>
- To: gcc-testresults at gcc dot gnu dot org
- Date: Sun, 27 Feb 2011 09:23:39 +0100
- Subject: Results for 4.6.0 20110227 (experimental) [trunk revision 170531] (GCC) testsuite on x86_64-unknown-linux-gnu
LAST_UPDATED: Sun Feb 27 06:06:39 UTC 2011 (revision 170531)
=== acats tests ===
=== acats Summary ===
# of expected passes 2321
# of unexpected failures 0
Native configuration is x86_64-unknown-linux-gnu
=== gcc tests ===
Running target unix/-m32
FAIL: gcc.dg/cproj-fails-with-broken-glibc.c execution test
XPASS: gcc.dg/guality/example.c -O0 execution test
XPASS: gcc.dg/guality/example.c -O1 execution test
XPASS: gcc.dg/guality/example.c -O2 execution test
XPASS: gcc.dg/guality/example.c -O2 -flto -flto-partition=none execution test
XPASS: gcc.dg/guality/example.c -O2 -flto execution test
XPASS: gcc.dg/guality/guality.c -O0 execution test
XPASS: gcc.dg/guality/guality.c -O1 execution test
XPASS: gcc.dg/guality/guality.c -O2 execution test
XPASS: gcc.dg/guality/guality.c -O3 -fomit-frame-pointer execution test
XPASS: gcc.dg/guality/guality.c -O3 -g execution test
XPASS: gcc.dg/guality/guality.c -Os execution test
XPASS: gcc.dg/guality/guality.c -O2 -flto -flto-partition=none execution test
XPASS: gcc.dg/guality/guality.c -O2 -flto execution test
XPASS: gcc.dg/guality/inline-params.c -O2 execution test
XPASS: gcc.dg/guality/inline-params.c -O3 -fomit-frame-pointer execution test
XPASS: gcc.dg/guality/inline-params.c -O3 -g execution test
XPASS: gcc.dg/guality/inline-params.c -Os execution test
XPASS: gcc.dg/guality/pr41353-1.c -O0 line 28 j == 28 + 37
XPASS: gcc.dg/guality/pr41353-1.c -O1 line 28 j == 28 + 37
XPASS: gcc.dg/guality/pr41353-1.c -O2 line 28 j == 28 + 37
XPASS: gcc.dg/guality/pr41353-1.c -O3 -fomit-frame-pointer line 28 j == 28 + 37
XPASS: gcc.dg/guality/pr41353-1.c -O3 -g line 28 j == 28 + 37
XPASS: gcc.dg/guality/pr41353-1.c -Os line 28 j == 28 + 37
XPASS: gcc.dg/guality/pr41353-1.c -O2 -flto -flto-partition=none line 28 j == 28 + 37
XPASS: gcc.dg/guality/pr41353-1.c -O2 -flto line 28 j == 28 + 37
XPASS: gcc.dg/guality/pr41447-1.c -O0 execution test
XPASS: gcc.dg/guality/pr41447-1.c -O1 execution test
XPASS: gcc.dg/guality/pr41447-1.c -Os execution test
XPASS: gcc.dg/guality/pr41616-1.c -O0 execution test
XPASS: gcc.dg/guality/pr41616-1.c -O1 execution test
XPASS: gcc.dg/guality/pr41616-1.c -O2 execution test
XPASS: gcc.dg/guality/pr41616-1.c -O3 -fomit-frame-pointer execution test
XPASS: gcc.dg/guality/pr41616-1.c -O3 -g execution test
XPASS: gcc.dg/guality/pr41616-1.c -Os execution test
FAIL: gcc.dg/guality/sra-1.c -O1 line 21 a.j == 14
FAIL: gcc.dg/guality/sra-1.c -O2 line 21 a.j == 14
FAIL: gcc.dg/guality/sra-1.c -O3 -fomit-frame-pointer line 21 a.j == 14
FAIL: gcc.dg/guality/sra-1.c -O3 -g line 21 a.j == 14
FAIL: gcc.dg/guality/sra-1.c -Os line 21 a.j == 14
FAIL: gcc.dg/guality/sra-1.c -O2 -flto -flto-partition=none line 21 a.j == 14
FAIL: gcc.dg/guality/sra-1.c -O2 -flto line 21 a.j == 14
FAIL: gcc.dg/guality/vla-1.c -O0 line 17 sizeof (a) == 6
FAIL: gcc.dg/guality/vla-1.c -O0 line 24 sizeof (a) == 17 * sizeof (short)
FAIL: gcc.dg/guality/vla-1.c -O1 line 24 sizeof (a) == 17 * sizeof (short)
FAIL: gcc.dg/guality/vla-1.c -O2 line 24 sizeof (a) == 17 * sizeof (short)
FAIL: gcc.dg/guality/vla-1.c -O3 -fomit-frame-pointer line 24 sizeof (a) == 17 * sizeof (short)
FAIL: gcc.dg/guality/vla-1.c -O3 -g line 24 sizeof (a) == 17 * sizeof (short)
FAIL: gcc.dg/guality/vla-1.c -Os line 24 sizeof (a) == 17 * sizeof (short)
FAIL: gcc.dg/guality/vla-1.c -O2 -flto -flto-partition=none line 24 sizeof (a) == 17 * sizeof (short)
FAIL: gcc.dg/guality/vla-1.c -O2 -flto line 24 sizeof (a) == 17 * sizeof (short)
FAIL: gcc.dg/guality/vla-2.c -O0 line 16 sizeof (a) == 5 * sizeof (int)
FAIL: gcc.dg/guality/vla-2.c -O0 line 25 sizeof (a) == 6 * sizeof (int)
FAIL: gcc.dg/guality/vla-2.c -O1 line 16 sizeof (a) == 5 * sizeof (int)
FAIL: gcc.dg/guality/vla-2.c -O1 line 25 sizeof (a) == 6 * sizeof (int)
FAIL: gcc.dg/guality/vla-2.c -O2 line 16 sizeof (a) == 5 * sizeof (int)
FAIL: gcc.dg/guality/vla-2.c -O2 line 25 sizeof (a) == 6 * sizeof (int)
FAIL: gcc.dg/guality/vla-2.c -O3 -fomit-frame-pointer line 16 sizeof (a) == 5 * sizeof (int)
FAIL: gcc.dg/guality/vla-2.c -O3 -fomit-frame-pointer line 25 sizeof (a) == 6 * sizeof (int)
FAIL: gcc.dg/guality/vla-2.c -O3 -g line 16 sizeof (a) == 5 * sizeof (int)
FAIL: gcc.dg/guality/vla-2.c -O3 -g line 25 sizeof (a) == 6 * sizeof (int)
FAIL: gcc.dg/guality/vla-2.c -Os line 16 sizeof (a) == 5 * sizeof (int)
FAIL: gcc.dg/guality/vla-2.c -Os line 25 sizeof (a) == 6 * sizeof (int)
=== gcc Summary for unix/-m32 ===
# of expected passes 77444
# of unexpected failures 29
# of unexpected successes 34
# of expected failures 226
# of unsupported tests 755
Running target unix/-m64
FAIL: gcc.dg/cproj-fails-with-broken-glibc.c execution test
XPASS: gcc.dg/guality/example.c -O0 execution test
XPASS: gcc.dg/guality/example.c -O1 execution test
XPASS: gcc.dg/guality/example.c -O2 execution test
XPASS: gcc.dg/guality/example.c -Os execution test
XPASS: gcc.dg/guality/example.c -O2 -flto -flto-partition=none execution test
XPASS: gcc.dg/guality/example.c -O2 -flto execution test
XPASS: gcc.dg/guality/guality.c -O0 execution test
XPASS: gcc.dg/guality/guality.c -O1 execution test
XPASS: gcc.dg/guality/guality.c -O2 execution test
XPASS: gcc.dg/guality/guality.c -O3 -fomit-frame-pointer execution test
XPASS: gcc.dg/guality/guality.c -O3 -g execution test
XPASS: gcc.dg/guality/guality.c -Os execution test
XPASS: gcc.dg/guality/guality.c -O2 -flto -flto-partition=none execution test
XPASS: gcc.dg/guality/guality.c -O2 -flto execution test
XPASS: gcc.dg/guality/inline-params.c -O2 execution test
XPASS: gcc.dg/guality/inline-params.c -O3 -fomit-frame-pointer execution test
XPASS: gcc.dg/guality/inline-params.c -O3 -g execution test
XPASS: gcc.dg/guality/inline-params.c -Os execution test
XPASS: gcc.dg/guality/pr41353-1.c -O0 line 28 j == 28 + 37
XPASS: gcc.dg/guality/pr41353-1.c -O1 line 28 j == 28 + 37
XPASS: gcc.dg/guality/pr41353-1.c -O2 line 28 j == 28 + 37
XPASS: gcc.dg/guality/pr41353-1.c -O3 -fomit-frame-pointer line 28 j == 28 + 37
XPASS: gcc.dg/guality/pr41353-1.c -O3 -g line 28 j == 28 + 37
XPASS: gcc.dg/guality/pr41353-1.c -Os line 28 j == 28 + 37
XPASS: gcc.dg/guality/pr41353-1.c -O2 -flto -flto-partition=none line 28 j == 28 + 37
XPASS: gcc.dg/guality/pr41353-1.c -O2 -flto line 28 j == 28 + 37
XPASS: gcc.dg/guality/pr41447-1.c -O0 execution test
XPASS: gcc.dg/guality/pr41447-1.c -O1 execution test
XPASS: gcc.dg/guality/pr41447-1.c -O2 execution test
XPASS: gcc.dg/guality/pr41447-1.c -O3 -fomit-frame-pointer execution test
XPASS: gcc.dg/guality/pr41447-1.c -O3 -g execution test
XPASS: gcc.dg/guality/pr41447-1.c -Os execution test
XPASS: gcc.dg/guality/pr41616-1.c -O0 execution test
XPASS: gcc.dg/guality/pr41616-1.c -O1 execution test
XPASS: gcc.dg/guality/pr41616-1.c -O2 execution test
XPASS: gcc.dg/guality/pr41616-1.c -O3 -fomit-frame-pointer execution test
XPASS: gcc.dg/guality/pr41616-1.c -O3 -g execution test
XPASS: gcc.dg/guality/pr41616-1.c -Os execution test
FAIL: gcc.dg/guality/sra-1.c -O1 line 21 a.j == 14
FAIL: gcc.dg/guality/sra-1.c -O2 line 21 a.j == 14
FAIL: gcc.dg/guality/sra-1.c -O3 -fomit-frame-pointer line 21 a.j == 14
FAIL: gcc.dg/guality/sra-1.c -O3 -g line 21 a.j == 14
FAIL: gcc.dg/guality/sra-1.c -Os line 21 a.j == 14
FAIL: gcc.dg/guality/sra-1.c -O2 -flto -flto-partition=none line 21 a.j == 14
FAIL: gcc.dg/guality/sra-1.c -O2 -flto line 21 a.j == 14
FAIL: gcc.dg/guality/vla-1.c -O0 line 17 sizeof (a) == 6
FAIL: gcc.dg/guality/vla-1.c -O0 line 24 sizeof (a) == 17 * sizeof (short)
FAIL: gcc.dg/guality/vla-1.c -O1 line 17 sizeof (a) == 6
FAIL: gcc.dg/guality/vla-1.c -O1 line 24 sizeof (a) == 17 * sizeof (short)
FAIL: gcc.dg/guality/vla-1.c -O2 line 17 sizeof (a) == 6
FAIL: gcc.dg/guality/vla-1.c -O2 line 24 sizeof (a) == 17 * sizeof (short)
FAIL: gcc.dg/guality/vla-1.c -O3 -fomit-frame-pointer line 17 sizeof (a) == 6
FAIL: gcc.dg/guality/vla-1.c -O3 -fomit-frame-pointer line 24 sizeof (a) == 17 * sizeof (short)
FAIL: gcc.dg/guality/vla-1.c -O3 -g line 17 sizeof (a) == 6
FAIL: gcc.dg/guality/vla-1.c -O3 -g line 24 sizeof (a) == 17 * sizeof (short)
FAIL: gcc.dg/guality/vla-1.c -Os line 17 sizeof (a) == 6
FAIL: gcc.dg/guality/vla-1.c -Os line 24 sizeof (a) == 17 * sizeof (short)
FAIL: gcc.dg/guality/vla-1.c -O2 -flto -flto-partition=none line 17 sizeof (a) == 6
FAIL: gcc.dg/guality/vla-1.c -O2 -flto -flto-partition=none line 24 sizeof (a) == 17 * sizeof (short)
FAIL: gcc.dg/guality/vla-1.c -O2 -flto line 17 sizeof (a) == 6
FAIL: gcc.dg/guality/vla-1.c -O2 -flto line 24 sizeof (a) == 17 * sizeof (short)
FAIL: gcc.dg/guality/vla-2.c -O0 line 16 sizeof (a) == 5 * sizeof (int)
FAIL: gcc.dg/guality/vla-2.c -O0 line 25 sizeof (a) == 6 * sizeof (int)
FAIL: gcc.dg/guality/vla-2.c -O1 line 16 sizeof (a) == 5 * sizeof (int)
FAIL: gcc.dg/guality/vla-2.c -O1 line 25 sizeof (a) == 6 * sizeof (int)
FAIL: gcc.dg/guality/vla-2.c -O2 line 16 sizeof (a) == 5 * sizeof (int)
FAIL: gcc.dg/guality/vla-2.c -O2 line 25 sizeof (a) == 6 * sizeof (int)
FAIL: gcc.dg/guality/vla-2.c -O3 -fomit-frame-pointer line 16 sizeof (a) == 5 * sizeof (int)
FAIL: gcc.dg/guality/vla-2.c -O3 -fomit-frame-pointer line 25 sizeof (a) == 6 * sizeof (int)
FAIL: gcc.dg/guality/vla-2.c -O3 -g line 16 sizeof (a) == 5 * sizeof (int)
FAIL: gcc.dg/guality/vla-2.c -O3 -g line 25 sizeof (a) == 6 * sizeof (int)
FAIL: gcc.dg/guality/vla-2.c -Os line 16 sizeof (a) == 5 * sizeof (int)
FAIL: gcc.dg/guality/vla-2.c -Os line 25 sizeof (a) == 6 * sizeof (int)
FAIL: gcc.dg/guality/vla-2.c -O2 -flto -flto-partition=none line 16 sizeof (a) == 5 * sizeof (int)
FAIL: gcc.dg/guality/vla-2.c -O2 -flto -flto-partition=none line 25 sizeof (a) == 6 * sizeof (int)
FAIL: gcc.dg/guality/vla-2.c -O2 -flto line 16 sizeof (a) == 5 * sizeof (int)
FAIL: gcc.dg/guality/vla-2.c -O2 -flto line 25 sizeof (a) == 6 * sizeof (int)
=== gcc Summary for unix/-m64 ===
# of expected passes 77676
# of unexpected failures 40
# of unexpected successes 38
# of expected failures 222
# of unsupported tests 1125
=== gcc Summary ===
# of expected passes 155120
# of unexpected failures 69
# of unexpected successes 72
# of expected failures 448
# of unsupported tests 1880
/home/guerby/build/gcc/xgcc version 4.6.0 20110227 (experimental) [trunk revision 170531] (GCC)
=== gfortran tests ===
Running target unix/-m32
FAIL: gfortran.dg/allocate_deferred_char_scalar_1.f03 -O0 execution test
FAIL: gfortran.dg/allocate_deferred_char_scalar_1.f03 -O1 execution test
FAIL: gfortran.dg/allocate_deferred_char_scalar_1.f03 -O2 execution test
FAIL: gfortran.dg/allocate_deferred_char_scalar_1.f03 -O3 -fomit-frame-pointer execution test
FAIL: gfortran.dg/allocate_deferred_char_scalar_1.f03 -O3 -fomit-frame-pointer -funroll-loops execution test
FAIL: gfortran.dg/allocate_deferred_char_scalar_1.f03 -O3 -fomit-frame-pointer -funroll-all-loops -finline-functions execution test
FAIL: gfortran.dg/allocate_deferred_char_scalar_1.f03 -O3 -g execution test
FAIL: gfortran.dg/allocate_deferred_char_scalar_1.f03 -Os execution test
=== gfortran Summary for unix/-m32 ===
# of expected passes 38187
# of unexpected failures 8
# of expected failures 41
# of unsupported tests 208
Running target unix/-m64
FAIL: gfortran.dg/allocate_deferred_char_scalar_1.f03 -O0 execution test
FAIL: gfortran.dg/allocate_deferred_char_scalar_1.f03 -O1 execution test
FAIL: gfortran.dg/allocate_deferred_char_scalar_1.f03 -O2 execution test
FAIL: gfortran.dg/allocate_deferred_char_scalar_1.f03 -O3 -fomit-frame-pointer execution test
FAIL: gfortran.dg/allocate_deferred_char_scalar_1.f03 -O3 -fomit-frame-pointer -funroll-loops execution test
FAIL: gfortran.dg/allocate_deferred_char_scalar_1.f03 -O3 -fomit-frame-pointer -funroll-all-loops -finline-functions execution test
FAIL: gfortran.dg/allocate_deferred_char_scalar_1.f03 -O3 -g execution test
FAIL: gfortran.dg/allocate_deferred_char_scalar_1.f03 -Os execution test
=== gfortran Summary for unix/-m64 ===
# of expected passes 38476
# of unexpected failures 8
# of expected failures 41
# of unsupported tests 68
=== gfortran Summary ===
# of expected passes 76663
# of unexpected failures 16
# of expected failures 82
# of unsupported tests 276
/home/guerby/build/gcc/testsuite/gfortran/../../gfortran version 4.6.0 20110227 (experimental) [trunk revision 170531] (GCC)
=== g++ tests ===
Running target unix/-m32
FAIL: g++.dg/guality/redeclaration1.C -O0 line 17 i == 24
FAIL: g++.dg/guality/redeclaration1.C -O1 line 17 i == 24
FAIL: g++.dg/guality/redeclaration1.C -O2 line 17 i == 24
FAIL: g++.dg/guality/redeclaration1.C -O3 -fomit-frame-pointer line 17 i == 24
FAIL: g++.dg/guality/redeclaration1.C -O3 -g line 17 i == 24
FAIL: g++.dg/guality/redeclaration1.C -Os line 17 i == 24
=== g++ Summary for unix/-m32 ===
# of expected passes 26964
# of unexpected failures 6
# of expected failures 160
# of unsupported tests 146
Running target unix/-m64
FAIL: g++.dg/guality/redeclaration1.C -O0 line 17 i == 24
FAIL: g++.dg/guality/redeclaration1.C -O1 line 17 i == 24
FAIL: g++.dg/guality/redeclaration1.C -O2 line 17 i == 24
FAIL: g++.dg/guality/redeclaration1.C -O3 -fomit-frame-pointer line 17 i == 24
FAIL: g++.dg/guality/redeclaration1.C -O3 -g line 17 i == 24
FAIL: g++.dg/guality/redeclaration1.C -Os line 17 i == 24
=== g++ Summary for unix/-m64 ===
# of expected passes 27179
# of unexpected failures 6
# of expected failures 160
# of unsupported tests 352
=== g++ Summary ===
# of expected passes 54143
# of unexpected failures 12
# of expected failures 320
# of unsupported tests 498
/home/guerby/build/gcc/testsuite/g++/../../g++ version 4.6.0 20110227 (experimental) [trunk revision 170531] (GCC)
=== gnat tests ===
Running target unix/-m32
=== gnat Summary for unix/-m32 ===
# of expected passes 868
# of expected failures 10
# of unsupported tests 2
Running target unix/-m64
=== gnat Summary for unix/-m64 ===
# of expected passes 868
# of expected failures 10
# of unsupported tests 2
=== gnat Summary ===
# of expected passes 1736
# of expected failures 20
# of unsupported tests 4
/home/guerby/build/gcc/gnatmake version 4.6.0 20110227 (experimental) [trunk revision 170531]
=== objc tests ===
Running target unix/-m32
=== objc Summary for unix/-m32 ===
# of expected passes 2916
# of expected failures 6
# of unsupported tests 74
Running target unix/-m64
=== objc Summary for unix/-m64 ===
# of expected passes 2906
# of expected failures 16
# of unsupported tests 74
=== objc Summary ===
# of expected passes 5822
# of expected failures 22
# of unsupported tests 148
/home/guerby/build/gcc/xgcc version 4.6.0 20110227 (experimental) [trunk revision 170531] (GCC)
=== libffi tests ===
Running target unix/-m32
=== libffi Summary for unix/-m32 ===
# of expected passes 1634
# of expected failures 10
# of unsupported tests 15
Running target unix/-m64
=== libffi Summary for unix/-m64 ===
# of expected passes 1634
# of expected failures 10
# of unsupported tests 15
=== libffi Summary ===
# of expected passes 3268
# of expected failures 20
# of unsupported tests 30
=== libgomp tests ===
Running target unix/-m32
=== libgomp Summary for unix/-m32 ===
# of expected passes 2526
Running target unix/-m64
=== libgomp Summary for unix/-m64 ===
# of expected passes 2526
=== libgomp Summary ===
# of expected passes 5052
=== libjava tests ===
Running target unix/-m32
=== libjava Summary for unix/-m32 ===
# of expected passes 2574
Running target unix/-m64
=== libjava Summary for unix/-m64 ===
# of expected passes 2574
=== libjava Summary ===
# of expected passes 5148
=== libmudflap tests ===
Running target unix/-m32
FAIL: libmudflap.c/pass49-frag.c execution test
FAIL: libmudflap.c/pass49-frag.c output pattern test
FAIL: libmudflap.c/pass49-frag.c execution test
FAIL: libmudflap.c/pass49-frag.c output pattern test
FAIL: libmudflap.c/pass49-frag.c (-static) execution test
FAIL: libmudflap.c/pass49-frag.c (-static) output pattern test
FAIL: libmudflap.c/pass49-frag.c (-static) execution test
FAIL: libmudflap.c/pass49-frag.c (-static) output pattern test
FAIL: libmudflap.c/pass49-frag.c (-O2) execution test
FAIL: libmudflap.c/pass49-frag.c (-O2) output pattern test
FAIL: libmudflap.c/pass49-frag.c (-O2) execution test
FAIL: libmudflap.c/pass49-frag.c (-O2) output pattern test
FAIL: libmudflap.c/pass49-frag.c (-O3) execution test
FAIL: libmudflap.c/pass49-frag.c (-O3) output pattern test
FAIL: libmudflap.c/pass49-frag.c (-O3) execution test
FAIL: libmudflap.c/pass49-frag.c (-O3) output pattern test
=== libmudflap Summary for unix/-m32 ===
# of expected passes 1878
# of unexpected failures 16
Running target unix/-m64
FAIL: libmudflap.c/pass49-frag.c execution test
FAIL: libmudflap.c/pass49-frag.c output pattern test
FAIL: libmudflap.c/pass49-frag.c execution test
FAIL: libmudflap.c/pass49-frag.c output pattern test
FAIL: libmudflap.c/pass49-frag.c (-O2) execution test
FAIL: libmudflap.c/pass49-frag.c (-O2) output pattern test
FAIL: libmudflap.c/pass49-frag.c (-O2) execution test
FAIL: libmudflap.c/pass49-frag.c (-O2) output pattern test
FAIL: libmudflap.c/pass49-frag.c (-O3) execution test
FAIL: libmudflap.c/pass49-frag.c (-O3) output pattern test
FAIL: libmudflap.c/pass49-frag.c (-O3) execution test
FAIL: libmudflap.c/pass49-frag.c (-O3) output pattern test
=== libmudflap Summary for unix/-m64 ===
# of expected passes 1415
# of unexpected failures 12
=== libmudflap Summary ===
# of expected passes 3293
# of unexpected failures 28
=== libstdc++ tests ===
Running target unix/-m32
=== libstdc++ Summary for unix/-m32 ===
# of expected passes 7638
# of expected failures 83
# of unsupported tests 413
Running target unix/-m64
=== libstdc++ Summary for unix/-m64 ===
# of expected passes 7638
# of expected failures 83
# of unsupported tests 413
=== libstdc++ Summary ===
# of expected passes 15276
# of expected failures 166
# of unsupported tests 826
Compiler version: 4.6.0 20110227 (experimental) [trunk revision 170531] (GCC)
Platform: x86_64-unknown-linux-gnu
configure flags: --disable-nls --enable-__cxa_atexit --enable-threads=posix --enable-languages=all,ada --prefix=/n/20/guerby/install-trunk-170531 --with-mpc=/opt/cfarm/mpc-0.8