This is the mail archive of the
gcc-testresults@gcc.gnu.org
mailing list for the GCC project.
Results for 4.6.0 20110217 (experimental) [trunk revision 170245] (GCC) go testsuite on powerpc-unknown-rtems4.11
- From: Joel Sherrill <joel at rtems dot org>
- To: gcc-testresults at gcc dot gnu dot org
- Date: Mon, 21 Feb 2011 18:42:57 -0600
- Subject: Results for 4.6.0 20110217 (experimental) [trunk revision 170245] (GCC) go testsuite on powerpc-unknown-rtems4.11
Target is powerpc-unknown-rtems4.11
Host is x86_64-unknown-linux-gnu
=== go tests ===
Running target rtems-powerpc-psim
ERROR: powerpc-unknown-rtems4.11: unhandled architecture
UNRESOLVED: go.test/test/235.go compilation, -O2 -g
FAIL: go.test/test/chan/select3.go execution, -O2 -g
FAIL: go.test/test/cmplxdivide.go
FAIL: go.test/test/fixedbugs/bug266.go execution, -O2 -g
FAIL: go.test/test/fixedbugs/bug272.go execution, -O2 -g
FAIL: go.test/test/fixedbugs/bug273.go execution, -O2 -g
FAIL: arrayindex1.go -O2 -g (test for excess errors)
WARNING: arrayindex1.go -O2 -g compilation failed to produce executable
FAIL: arraytoslice.go -O2 -g (test for excess errors)
WARNING: arraytoslice.go -O2 -g compilation failed to produce executable
FAIL: arraytoslice1.go -O2 -g (test for excess errors)
WARNING: arraytoslice1.go -O2 -g compilation failed to produce executable
FAIL: arraytoslice2.go -O2 -g (test for excess errors)
WARNING: arraytoslice2.go -O2 -g compilation failed to produce executable
FAIL: slicearray.go -O2 -g (test for excess errors)
WARNING: slicearray.go -O2 -g compilation failed to produce executable
FAIL: structfield.go -O2 -g (test for excess errors)
WARNING: structfield.go -O2 -g compilation failed to produce executable
FAIL: structfield1.go -O2 -g (test for excess errors)
WARNING: structfield1.go -O2 -g compilation failed to produce executable
FAIL: structfield2.go -O2 -g (test for excess errors)
WARNING: structfield2.go -O2 -g compilation failed to produce executable
FAIL: structfieldaddr.go -O2 -g (test for excess errors)
WARNING: structfieldaddr.go -O2 -g compilation failed to produce executable
FAIL: go.test/test/recover.go execution, -O2 -g
FAIL: go.test/test/recover1.go execution, -O2 -g
FAIL: go.test/test/recover2.go execution, -O2 -g
FAIL: go.test/test/recover3.go execution, -O2 -g
=== go Summary ===
# of expected passes 1687
# of unexpected failures 18
# of expected failures 15
# of unresolved testcases 1
# of untested testcases 5
/users/joel/test-gcc/b-powerpc-go/gcc/testsuite/go/../../gccgo version 4.6.0 20110217 (experimental) [trunk revision 170245] (GCC)
Compiler version: 4.6.0 20110217 (experimental) [trunk revision 170245] (GCC) go
Platform: powerpc-unknown-rtems4.11
configure flags:@TOPLEVEL_CONFIGURE_ARGUMENTS@