This is the mail archive of the
gcc-testresults@gcc.gnu.org
mailing list for the GCC project.
Results for 4.6.0 20110220 (experimental) [trunk revision 170334] (GCC) testsuite on powerpc64-unknown-linux-gnu
- From: Pat Haugen <pthaugen at us dot ibm dot com>
- To: gcc-testresults at gcc dot gnu dot org
- Date: Sun, 20 Feb 2011 06:06:35 -0800
- Subject: Results for 4.6.0 20110220 (experimental) [trunk revision 170334] (GCC) testsuite on powerpc64-unknown-linux-gnu
Linux 2.6.16.46-0.4-ppc64 ppc64
GNU C Library development release version 2.4 (20070330)
GNU ld (GNU Binutils) 2.20
GNU assembler (GNU Binutils) 2.20
GNU Make 3.80
DejaGnu:
Expect version is 5.43.0
Tcl version is 8.4
Framework version is 1.4.4
32-bit biarch default32
LAST_UPDATED: Sun Feb 20 02:07:52 UTC 2011 (revision 170334)
Native configuration is powerpc64-unknown-linux-gnu
=== gcc tests ===
Running target unix/-m32
FAIL: gcc.dg/and-1.c scan-assembler-not nand
FAIL: gcc.dg/cproj-fails-with-broken-glibc.c execution test
FAIL: gcc.dg/pr46909.c scan-tree-dump ifcombine "optimizing two comparisons to x_[0-9]+\\(D\\) != 4"
FAIL: gcc.dg/sms-2.c scan-rtl-dump-times sms "SMS succeeded" 1
FAIL: gcc.dg/sms-3.c scan-rtl-dump-times sms "SMS succeeded" 1
FAIL: gcc.dg/sms-4.c scan-rtl-dump-times sms "SMS succeeded" 1
FAIL: gcc.dg/sms-5.c scan-rtl-dump-times sms "SMS succeeded" 1
FAIL: gcc.dg/sms-6.c scan-rtl-dump-times sms "SMS succeeded" 3
FAIL: gcc.dg/sms-7.c scan-rtl-dump-times sms "SMS succeeded" 3
FAIL: gcc.dg/sms-8.c scan-rtl-dump-times sms "SMS succeeded" 1
FAIL: gcc.dg/torture/va-arg-25.c -O0 (test for excess errors)
FAIL: gcc.dg/torture/va-arg-25.c -O1 (test for excess errors)
FAIL: gcc.dg/torture/va-arg-25.c -O2 (test for excess errors)
FAIL: gcc.dg/torture/va-arg-25.c -O3 -fomit-frame-pointer (test for excess errors)
FAIL: gcc.dg/torture/va-arg-25.c -O3 -g (test for excess errors)
FAIL: gcc.dg/torture/va-arg-25.c -Os (test for excess errors)
FAIL: gcc.dg/torture/va-arg-25.c -O2 -flto -flto-partition=none (test for excess errors)
FAIL: gcc.dg/torture/va-arg-25.c -O2 -flto (test for excess errors)
FAIL: gcc.dg/torture/vector-1.c -O0 (test for excess errors)
FAIL: gcc.dg/torture/vector-1.c -O1 (test for excess errors)
FAIL: gcc.dg/torture/vector-1.c -O2 (test for excess errors)
FAIL: gcc.dg/torture/vector-1.c -O3 -fomit-frame-pointer (test for excess errors)
FAIL: gcc.dg/torture/vector-1.c -O3 -g (test for excess errors)
FAIL: gcc.dg/torture/vector-1.c -Os (test for excess errors)
FAIL: gcc.dg/torture/vector-1.c -O2 -flto -flto-partition=none (test for excess errors)
FAIL: gcc.dg/torture/vector-1.c -O2 -flto (test for excess errors)
FAIL: gcc.dg/torture/vector-2.c -O0 (test for excess errors)
FAIL: gcc.dg/torture/vector-2.c -O1 (test for excess errors)
FAIL: gcc.dg/torture/vector-2.c -O2 (test for excess errors)
FAIL: gcc.dg/torture/vector-2.c -O3 -fomit-frame-pointer (test for excess errors)
FAIL: gcc.dg/torture/vector-2.c -O3 -g (test for excess errors)
FAIL: gcc.dg/torture/vector-2.c -Os (test for excess errors)
FAIL: gcc.dg/torture/vector-2.c -O2 -flto -flto-partition=none (test for excess errors)
FAIL: gcc.dg/torture/vector-2.c -O2 -flto (test for excess errors)
FAIL: gcc.dg/tree-ssa/foldconst-2.c scan-tree-dump-not optimized "fundamentals.0"
FAIL: gcc.dg/tree-ssa/vrp47.c scan-tree-dump-times vrp1 "[xy][^ ]* !=" 0
FAIL: gcc.dg/tree-ssa/vrp47.c scan-tree-dump-times dom1 "x[^ ]* & y" 1
FAIL: gcc.dg/vmx/1b-01.c -O2 -flto -flto-partition=none (test for excess errors)
WARNING: gcc.dg/vmx/1b-01.c -O2 -flto -flto-partition=none compilation failed to produce executable
FAIL: gcc.dg/vmx/1b-01.c -O2 -flto (test for excess errors)
WARNING: gcc.dg/vmx/1b-01.c -O2 -flto compilation failed to produce executable
FAIL: gcc.dg/vmx/1b-03.c -O2 -flto -flto-partition=none (test for excess errors)
WARNING: gcc.dg/vmx/1b-03.c -O2 -flto -flto-partition=none compilation failed to produce executable
FAIL: gcc.dg/vmx/1b-03.c -O2 -flto (test for excess errors)
WARNING: gcc.dg/vmx/1b-03.c -O2 -flto compilation failed to produce executable
FAIL: gcc.dg/vmx/1b-04.c -O2 -flto -flto-partition=none (test for excess errors)
WARNING: gcc.dg/vmx/1b-04.c -O2 -flto -flto-partition=none compilation failed to produce executable
FAIL: gcc.dg/vmx/1b-04.c -O2 -flto (test for excess errors)
WARNING: gcc.dg/vmx/1b-04.c -O2 -flto compilation failed to produce executable
FAIL: gcc.dg/vmx/1c-01.c -O2 -flto -flto-partition=none (test for excess errors)
WARNING: gcc.dg/vmx/1c-01.c -O2 -flto -flto-partition=none compilation failed to produce executable
FAIL: gcc.dg/vmx/1c-01.c -O2 -flto (test for excess errors)
WARNING: gcc.dg/vmx/1c-01.c -O2 -flto compilation failed to produce executable
FAIL: gcc.dg/vmx/1c-02.c -O2 -flto -flto-partition=none (test for excess errors)
WARNING: gcc.dg/vmx/1c-02.c -O2 -flto -flto-partition=none compilation failed to produce executable
FAIL: gcc.dg/vmx/1c-02.c -O2 -flto (test for excess errors)
WARNING: gcc.dg/vmx/1c-02.c -O2 -flto compilation failed to produce executable
FAIL: gcc.dg/vmx/3a-01.c -O2 -flto -flto-partition=none (test for excess errors)
WARNING: gcc.dg/vmx/3a-01.c -O2 -flto -flto-partition=none compilation failed to produce executable
FAIL: gcc.dg/vmx/3a-01.c -O2 -flto (test for excess errors)
WARNING: gcc.dg/vmx/3a-01.c -O2 -flto compilation failed to produce executable
FAIL: gcc.dg/vmx/3a-01a.c -O2 -flto -flto-partition=none (test for excess errors)
WARNING: gcc.dg/vmx/3a-01a.c -O2 -flto -flto-partition=none compilation failed to produce executable
FAIL: gcc.dg/vmx/3a-01a.c -O2 -flto (test for excess errors)
WARNING: gcc.dg/vmx/3a-01a.c -O2 -flto compilation failed to produce executable
FAIL: gcc.dg/vmx/3a-01m.c -O2 -flto -flto-partition=none (test for excess errors)
WARNING: gcc.dg/vmx/3a-01m.c -O2 -flto -flto-partition=none compilation failed to produce executable
FAIL: gcc.dg/vmx/3a-01m.c -O2 -flto (test for excess errors)
WARNING: gcc.dg/vmx/3a-01m.c -O2 -flto compilation failed to produce executable
FAIL: gcc.dg/vmx/3a-03.c -O2 -flto -flto-partition=none (test for excess errors)
WARNING: gcc.dg/vmx/3a-03.c -O2 -flto -flto-partition=none compilation failed to produce executable
FAIL: gcc.dg/vmx/3a-03.c -O2 -flto (test for excess errors)
WARNING: gcc.dg/vmx/3a-03.c -O2 -flto compilation failed to produce executable
FAIL: gcc.dg/vmx/3a-03m.c -O2 -flto -flto-partition=none (test for excess errors)
WARNING: gcc.dg/vmx/3a-03m.c -O2 -flto -flto-partition=none compilation failed to produce executable
FAIL: gcc.dg/vmx/3a-03m.c -O2 -flto (test for excess errors)
WARNING: gcc.dg/vmx/3a-03m.c -O2 -flto compilation failed to produce executable
FAIL: gcc.dg/vmx/3a-04.c -O2 -flto -flto-partition=none (test for excess errors)
WARNING: gcc.dg/vmx/3a-04.c -O2 -flto -flto-partition=none compilation failed to produce executable
FAIL: gcc.dg/vmx/3a-04.c -O2 -flto (test for excess errors)
WARNING: gcc.dg/vmx/3a-04.c -O2 -flto compilation failed to produce executable
FAIL: gcc.dg/vmx/3a-04m.c -O2 -flto -flto-partition=none (test for excess errors)
WARNING: gcc.dg/vmx/3a-04m.c -O2 -flto -flto-partition=none compilation failed to produce executable
FAIL: gcc.dg/vmx/3a-04m.c -O2 -flto (test for excess errors)
WARNING: gcc.dg/vmx/3a-04m.c -O2 -flto compilation failed to produce executable
FAIL: gcc.dg/vmx/3a-05.c -O2 -flto -flto-partition=none (test for excess errors)
WARNING: gcc.dg/vmx/3a-05.c -O2 -flto -flto-partition=none compilation failed to produce executable
FAIL: gcc.dg/vmx/3a-05.c -O2 -flto (test for excess errors)
WARNING: gcc.dg/vmx/3a-05.c -O2 -flto compilation failed to produce executable
FAIL: gcc.dg/vmx/3a-06.c -O2 -flto -flto-partition=none (test for excess errors)
WARNING: gcc.dg/vmx/3a-06.c -O2 -flto -flto-partition=none compilation failed to produce executable
FAIL: gcc.dg/vmx/3a-06.c -O2 -flto (test for excess errors)
WARNING: gcc.dg/vmx/3a-06.c -O2 -flto compilation failed to produce executable
FAIL: gcc.dg/vmx/3a-06m.c -O2 -flto -flto-partition=none (test for excess errors)
WARNING: gcc.dg/vmx/3a-06m.c -O2 -flto -flto-partition=none compilation failed to produce executable
FAIL: gcc.dg/vmx/3a-06m.c -O2 -flto (test for excess errors)
WARNING: gcc.dg/vmx/3a-06m.c -O2 -flto compilation failed to produce executable
FAIL: gcc.dg/vmx/3a-07.c -O2 -flto -flto-partition=none (test for excess errors)
WARNING: gcc.dg/vmx/3a-07.c -O2 -flto -flto-partition=none compilation failed to produce executable
FAIL: gcc.dg/vmx/3a-07.c -O2 -flto (test for excess errors)
WARNING: gcc.dg/vmx/3a-07.c -O2 -flto compilation failed to produce executable
FAIL: gcc.dg/vmx/3b-01.c -O2 -flto -flto-partition=none (test for excess errors)
WARNING: gcc.dg/vmx/3b-01.c -O2 -flto -flto-partition=none compilation failed to produce executable
FAIL: gcc.dg/vmx/3b-01.c -O2 -flto (test for excess errors)
WARNING: gcc.dg/vmx/3b-01.c -O2 -flto compilation failed to produce executable
FAIL: gcc.dg/vmx/3b-02.c -O2 -flto -flto-partition=none (test for excess errors)
WARNING: gcc.dg/vmx/3b-02.c -O2 -flto -flto-partition=none compilation failed to produce executable
FAIL: gcc.dg/vmx/3b-02.c -O2 -flto (test for excess errors)
WARNING: gcc.dg/vmx/3b-02.c -O2 -flto compilation failed to produce executable
FAIL: gcc.dg/vmx/3b-10.c -O2 -flto -flto-partition=none (test for excess errors)
WARNING: gcc.dg/vmx/3b-10.c -O2 -flto -flto-partition=none compilation failed to produce executable
FAIL: gcc.dg/vmx/3b-10.c -O2 -flto (test for excess errors)
WARNING: gcc.dg/vmx/3b-10.c -O2 -flto compilation failed to produce executable
FAIL: gcc.dg/vmx/3b-13.c -O2 -flto -flto-partition=none (test for excess errors)
WARNING: gcc.dg/vmx/3b-13.c -O2 -flto -flto-partition=none compilation failed to produce executable
FAIL: gcc.dg/vmx/3b-13.c -O2 -flto (test for excess errors)
WARNING: gcc.dg/vmx/3b-13.c -O2 -flto compilation failed to produce executable
FAIL: gcc.dg/vmx/3b-14.c -O2 -flto -flto-partition=none (test for excess errors)
WARNING: gcc.dg/vmx/3b-14.c -O2 -flto -flto-partition=none compilation failed to produce executable
FAIL: gcc.dg/vmx/3b-14.c -O2 -flto (test for excess errors)
WARNING: gcc.dg/vmx/3b-14.c -O2 -flto compilation failed to produce executable
FAIL: gcc.dg/vmx/3b-15.c -O2 -flto -flto-partition=none (test for excess errors)
WARNING: gcc.dg/vmx/3b-15.c -O2 -flto -flto-partition=none compilation failed to produce executable
FAIL: gcc.dg/vmx/3b-15.c -O2 -flto (test for excess errors)
WARNING: gcc.dg/vmx/3b-15.c -O2 -flto compilation failed to produce executable
FAIL: gcc.dg/vmx/3c-01.c -O2 -flto -flto-partition=none (test for excess errors)
WARNING: gcc.dg/vmx/3c-01.c -O2 -flto -flto-partition=none compilation failed to produce executable
FAIL: gcc.dg/vmx/3c-01.c -O2 -flto (test for excess errors)
WARNING: gcc.dg/vmx/3c-01.c -O2 -flto compilation failed to produce executable
FAIL: gcc.dg/vmx/3c-02.c -O2 -flto -flto-partition=none (test for excess errors)
WARNING: gcc.dg/vmx/3c-02.c -O2 -flto -flto-partition=none compilation failed to produce executable
FAIL: gcc.dg/vmx/3c-02.c -O2 -flto (test for excess errors)
WARNING: gcc.dg/vmx/3c-02.c -O2 -flto compilation failed to produce executable
FAIL: gcc.dg/vmx/3c-03.c -O2 -flto -flto-partition=none (test for excess errors)
WARNING: gcc.dg/vmx/3c-03.c -O2 -flto -flto-partition=none compilation failed to produce executable
FAIL: gcc.dg/vmx/3c-03.c -O2 -flto (test for excess errors)
WARNING: gcc.dg/vmx/3c-03.c -O2 -flto compilation failed to produce executable
FAIL: gcc.dg/vmx/8-02.c -O2 -flto -flto-partition=none (test for excess errors)
WARNING: gcc.dg/vmx/8-02.c -O2 -flto -flto-partition=none compilation failed to produce executable
FAIL: gcc.dg/vmx/8-02.c -O2 -flto (test for excess errors)
WARNING: gcc.dg/vmx/8-02.c -O2 -flto compilation failed to produce executable
FAIL: gcc.dg/vmx/8-02a.c -O2 -flto -flto-partition=none (test for excess errors)
WARNING: gcc.dg/vmx/8-02a.c -O2 -flto -flto-partition=none compilation failed to produce executable
FAIL: gcc.dg/vmx/8-02a.c -O2 -flto (test for excess errors)
WARNING: gcc.dg/vmx/8-02a.c -O2 -flto compilation failed to produce executable
FAIL: gcc.dg/vmx/brode-1.c -O2 -flto -flto-partition=none (test for excess errors)
WARNING: gcc.dg/vmx/brode-1.c -O2 -flto -flto-partition=none compilation failed to produce executable
FAIL: gcc.dg/vmx/brode-1.c -O2 -flto (test for excess errors)
WARNING: gcc.dg/vmx/brode-1.c -O2 -flto compilation failed to produce executable
FAIL: gcc.dg/vmx/bug-1.c -O2 -flto -flto-partition=none (test for excess errors)
WARNING: gcc.dg/vmx/bug-1.c -O2 -flto -flto-partition=none compilation failed to produce executable
FAIL: gcc.dg/vmx/bug-1.c -O2 -flto (test for excess errors)
WARNING: gcc.dg/vmx/bug-1.c -O2 -flto compilation failed to produce executable
FAIL: gcc.dg/vmx/bug-2.c -O2 -flto -flto-partition=none (test for excess errors)
WARNING: gcc.dg/vmx/bug-2.c -O2 -flto -flto-partition=none compilation failed to produce executable
FAIL: gcc.dg/vmx/bug-2.c -O2 -flto (test for excess errors)
WARNING: gcc.dg/vmx/bug-2.c -O2 -flto compilation failed to produce executable
FAIL: gcc.dg/vmx/bug-3.c -O2 -flto -flto-partition=none (test for excess errors)
WARNING: gcc.dg/vmx/bug-3.c -O2 -flto -flto-partition=none compilation failed to produce executable
FAIL: gcc.dg/vmx/bug-3.c -O2 -flto (test for excess errors)
WARNING: gcc.dg/vmx/bug-3.c -O2 -flto compilation failed to produce executable
FAIL: gcc.dg/vmx/cw-bug-1.c -O2 -flto -flto-partition=none (test for excess errors)
WARNING: gcc.dg/vmx/cw-bug-1.c -O2 -flto -flto-partition=none compilation failed to produce executable
FAIL: gcc.dg/vmx/cw-bug-1.c -O2 -flto (test for excess errors)
WARNING: gcc.dg/vmx/cw-bug-1.c -O2 -flto compilation failed to produce executable
FAIL: gcc.dg/vmx/debug-1.c -O2 -flto -flto-partition=none (test for excess errors)
WARNING: gcc.dg/vmx/debug-1.c -O2 -flto -flto-partition=none compilation failed to produce executable
FAIL: gcc.dg/vmx/debug-1.c -O2 -flto (test for excess errors)
WARNING: gcc.dg/vmx/debug-1.c -O2 -flto compilation failed to produce executable
FAIL: gcc.dg/vmx/debug-2.c -O2 -flto -flto-partition=none (test for excess errors)
WARNING: gcc.dg/vmx/debug-2.c -O2 -flto -flto-partition=none compilation failed to produce executable
FAIL: gcc.dg/vmx/debug-2.c -O2 -flto (test for excess errors)
WARNING: gcc.dg/vmx/debug-2.c -O2 -flto compilation failed to produce executable
FAIL: gcc.dg/vmx/debug-3.c -O2 -flto -flto-partition=none (test for excess errors)
WARNING: gcc.dg/vmx/debug-3.c -O2 -flto -flto-partition=none compilation failed to produce executable
FAIL: gcc.dg/vmx/debug-3.c -O2 -flto (test for excess errors)
WARNING: gcc.dg/vmx/debug-3.c -O2 -flto compilation failed to produce executable
FAIL: gcc.dg/vmx/debug-4.c -O2 -flto -flto-partition=none (test for excess errors)
WARNING: gcc.dg/vmx/debug-4.c -O2 -flto -flto-partition=none compilation failed to produce executable
FAIL: gcc.dg/vmx/debug-4.c -O2 -flto (test for excess errors)
WARNING: gcc.dg/vmx/debug-4.c -O2 -flto compilation failed to produce executable
FAIL: gcc.dg/vmx/dos-bug-1-gdb.c -O2 -flto -flto-partition=none (test for excess errors)
WARNING: gcc.dg/vmx/dos-bug-1-gdb.c -O2 -flto -flto-partition=none compilation failed to produce executable
FAIL: gcc.dg/vmx/dos-bug-1-gdb.c -O2 -flto (test for excess errors)
WARNING: gcc.dg/vmx/dos-bug-1-gdb.c -O2 -flto compilation failed to produce executable
FAIL: gcc.dg/vmx/dos-bug-2-gdb.c -O2 -flto -flto-partition=none (test for excess errors)
WARNING: gcc.dg/vmx/dos-bug-2-gdb.c -O2 -flto -flto-partition=none compilation failed to produce executable
FAIL: gcc.dg/vmx/dos-bug-2-gdb.c -O2 -flto (test for excess errors)
WARNING: gcc.dg/vmx/dos-bug-2-gdb.c -O2 -flto compilation failed to produce executable
FAIL: gcc.dg/vmx/eg-5.c -O2 -flto -flto-partition=none (test for excess errors)
WARNING: gcc.dg/vmx/eg-5.c -O2 -flto -flto-partition=none compilation failed to produce executable
FAIL: gcc.dg/vmx/eg-5.c -O2 -flto (test for excess errors)
WARNING: gcc.dg/vmx/eg-5.c -O2 -flto compilation failed to produce executable
FAIL: gcc.dg/vmx/gcc-bug-e.c -O2 -flto -flto-partition=none (test for excess errors)
WARNING: gcc.dg/vmx/gcc-bug-e.c -O2 -flto -flto-partition=none compilation failed to produce executable
FAIL: gcc.dg/vmx/gcc-bug-e.c -O2 -flto (test for excess errors)
WARNING: gcc.dg/vmx/gcc-bug-e.c -O2 -flto compilation failed to produce executable
FAIL: gcc.dg/vmx/gcc-bug-i.c -O2 -flto -flto-partition=none (test for excess errors)
WARNING: gcc.dg/vmx/gcc-bug-i.c -O2 -flto -flto-partition=none compilation failed to produce executable
FAIL: gcc.dg/vmx/gcc-bug-i.c -O2 -flto (test for excess errors)
WARNING: gcc.dg/vmx/gcc-bug-i.c -O2 -flto compilation failed to produce executable
FAIL: gcc.dg/vmx/ira1.c -O2 -flto -flto-partition=none (test for excess errors)
WARNING: gcc.dg/vmx/ira1.c -O2 -flto -flto-partition=none compilation failed to produce executable
FAIL: gcc.dg/vmx/ira1.c -O2 -flto (test for excess errors)
WARNING: gcc.dg/vmx/ira1.c -O2 -flto compilation failed to produce executable
FAIL: gcc.dg/vmx/ira2a.c -O2 -flto -flto-partition=none (test for excess errors)
WARNING: gcc.dg/vmx/ira2a.c -O2 -flto -flto-partition=none compilation failed to produce executable
FAIL: gcc.dg/vmx/ira2a.c -O2 -flto (test for excess errors)
WARNING: gcc.dg/vmx/ira2a.c -O2 -flto compilation failed to produce executable
FAIL: gcc.dg/vmx/ira2b.c -O2 -flto -flto-partition=none (test for excess errors)
WARNING: gcc.dg/vmx/ira2b.c -O2 -flto -flto-partition=none compilation failed to produce executable
FAIL: gcc.dg/vmx/ira2b.c -O2 -flto (test for excess errors)
WARNING: gcc.dg/vmx/ira2b.c -O2 -flto compilation failed to produce executable
FAIL: gcc.dg/vmx/pr27006.c -O2 -flto -flto-partition=none (test for excess errors)
WARNING: gcc.dg/vmx/pr27006.c -O2 -flto -flto-partition=none compilation failed to produce executable
FAIL: gcc.dg/vmx/pr27006.c -O2 -flto (test for excess errors)
WARNING: gcc.dg/vmx/pr27006.c -O2 -flto compilation failed to produce executable
FAIL: gcc.dg/vmx/pr27842.c -O2 -flto -flto-partition=none (test for excess errors)
WARNING: gcc.dg/vmx/pr27842.c -O2 -flto -flto-partition=none compilation failed to produce executable
FAIL: gcc.dg/vmx/pr27842.c -O2 -flto (test for excess errors)
WARNING: gcc.dg/vmx/pr27842.c -O2 -flto compilation failed to produce executable
FAIL: gcc.dg/vmx/sn7153.c -O2 -flto -flto-partition=none (test for excess errors)
WARNING: gcc.dg/vmx/sn7153.c -O2 -flto -flto-partition=none compilation failed to produce executable
FAIL: gcc.dg/vmx/sn7153.c -O2 -flto (test for excess errors)
WARNING: gcc.dg/vmx/sn7153.c -O2 -flto compilation failed to produce executable
FAIL: gcc.dg/vmx/spill.c -O2 -flto -flto-partition=none (test for excess errors)
WARNING: gcc.dg/vmx/spill.c -O2 -flto -flto-partition=none compilation failed to produce executable
FAIL: gcc.dg/vmx/spill.c -O2 -flto (test for excess errors)
WARNING: gcc.dg/vmx/spill.c -O2 -flto compilation failed to produce executable
FAIL: gcc.dg/vmx/spill2.c -O2 -flto -flto-partition=none (test for excess errors)
WARNING: gcc.dg/vmx/spill2.c -O2 -flto -flto-partition=none compilation failed to produce executable
FAIL: gcc.dg/vmx/spill2.c -O2 -flto (test for excess errors)
WARNING: gcc.dg/vmx/spill2.c -O2 -flto compilation failed to produce executable
FAIL: gcc.dg/vmx/spill3.c -O2 -flto -flto-partition=none (test for excess errors)
WARNING: gcc.dg/vmx/spill3.c -O2 -flto -flto-partition=none compilation failed to produce executable
FAIL: gcc.dg/vmx/spill3.c -O2 -flto (test for excess errors)
WARNING: gcc.dg/vmx/spill3.c -O2 -flto compilation failed to produce executable
FAIL: gcc.dg/vmx/varargs-1.c -O2 -flto -flto-partition=none (test for excess errors)
WARNING: gcc.dg/vmx/varargs-1.c -O2 -flto -flto-partition=none compilation failed to produce executable
FAIL: gcc.dg/vmx/varargs-1.c -O2 -flto (test for excess errors)
WARNING: gcc.dg/vmx/varargs-1.c -O2 -flto compilation failed to produce executable
FAIL: gcc.dg/vmx/varargs-2.c -O2 -flto -flto-partition=none (test for excess errors)
WARNING: gcc.dg/vmx/varargs-2.c -O2 -flto -flto-partition=none compilation failed to produce executable
FAIL: gcc.dg/vmx/varargs-2.c -O2 -flto (test for excess errors)
WARNING: gcc.dg/vmx/varargs-2.c -O2 -flto compilation failed to produce executable
FAIL: gcc.dg/vmx/varargs-3.c -O2 -flto -flto-partition=none (test for excess errors)
WARNING: gcc.dg/vmx/varargs-3.c -O2 -flto -flto-partition=none compilation failed to produce executable
FAIL: gcc.dg/vmx/varargs-3.c -O2 -flto (test for excess errors)
WARNING: gcc.dg/vmx/varargs-3.c -O2 -flto compilation failed to produce executable
FAIL: gcc.dg/vmx/varargs-4.c -O2 -flto -flto-partition=none (test for excess errors)
WARNING: gcc.dg/vmx/varargs-4.c -O2 -flto -flto-partition=none compilation failed to produce executable
FAIL: gcc.dg/vmx/varargs-4.c -O2 -flto (test for excess errors)
WARNING: gcc.dg/vmx/varargs-4.c -O2 -flto compilation failed to produce executable
FAIL: gcc.dg/vmx/varargs-5.c -O2 -flto -flto-partition=none (test for excess errors)
WARNING: gcc.dg/vmx/varargs-5.c -O2 -flto -flto-partition=none compilation failed to produce executable
FAIL: gcc.dg/vmx/varargs-5.c -O2 -flto (test for excess errors)
WARNING: gcc.dg/vmx/varargs-5.c -O2 -flto compilation failed to produce executable
FAIL: gcc.dg/vmx/varargs-6.c -O2 -flto -flto-partition=none (test for excess errors)
WARNING: gcc.dg/vmx/varargs-6.c -O2 -flto -flto-partition=none compilation failed to produce executable
FAIL: gcc.dg/vmx/varargs-6.c -O2 -flto (test for excess errors)
WARNING: gcc.dg/vmx/varargs-6.c -O2 -flto compilation failed to produce executable
FAIL: gcc.dg/vmx/varargs-7.c -O2 -flto -flto-partition=none (test for excess errors)
WARNING: gcc.dg/vmx/varargs-7.c -O2 -flto -flto-partition=none compilation failed to produce executable
FAIL: gcc.dg/vmx/varargs-7.c -O2 -flto (test for excess errors)
WARNING: gcc.dg/vmx/varargs-7.c -O2 -flto compilation failed to produce executable
FAIL: gcc.dg/vmx/x-01.c -O2 -flto -flto-partition=none (test for excess errors)
WARNING: gcc.dg/vmx/x-01.c -O2 -flto -flto-partition=none compilation failed to produce executable
FAIL: gcc.dg/vmx/x-01.c -O2 -flto (test for excess errors)
WARNING: gcc.dg/vmx/x-01.c -O2 -flto compilation failed to produce executable
FAIL: gcc.dg/vmx/x-02.c -O2 -flto -flto-partition=none (test for excess errors)
WARNING: gcc.dg/vmx/x-02.c -O2 -flto -flto-partition=none compilation failed to produce executable
FAIL: gcc.dg/vmx/x-02.c -O2 -flto (test for excess errors)
WARNING: gcc.dg/vmx/x-02.c -O2 -flto compilation failed to produce executable
FAIL: gcc.dg/vmx/x-03.c -O2 -flto -flto-partition=none (test for excess errors)
WARNING: gcc.dg/vmx/x-03.c -O2 -flto -flto-partition=none compilation failed to produce executable
FAIL: gcc.dg/vmx/x-03.c -O2 -flto (test for excess errors)
WARNING: gcc.dg/vmx/x-03.c -O2 -flto compilation failed to produce executable
FAIL: gcc.dg/vmx/x-04.c -O2 -flto -flto-partition=none (test for excess errors)
WARNING: gcc.dg/vmx/x-04.c -O2 -flto -flto-partition=none compilation failed to produce executable
FAIL: gcc.dg/vmx/x-04.c -O2 -flto (test for excess errors)
WARNING: gcc.dg/vmx/x-04.c -O2 -flto compilation failed to produce executable
FAIL: gcc.dg/vmx/x-05.c -O2 -flto -flto-partition=none (test for excess errors)
WARNING: gcc.dg/vmx/x-05.c -O2 -flto -flto-partition=none compilation failed to produce executable
FAIL: gcc.dg/vmx/x-05.c -O2 -flto (test for excess errors)
WARNING: gcc.dg/vmx/x-05.c -O2 -flto compilation failed to produce executable
FAIL: gcc.dg/vmx/yousufi-1.c -O2 -flto -flto-partition=none (test for excess errors)
WARNING: gcc.dg/vmx/yousufi-1.c -O2 -flto -flto-partition=none compilation failed to produce executable
FAIL: gcc.dg/vmx/yousufi-1.c -O2 -flto (test for excess errors)
WARNING: gcc.dg/vmx/yousufi-1.c -O2 -flto compilation failed to produce executable
FAIL: gcc.dg/vmx/zero-1.c -O2 -flto -flto-partition=none (test for excess errors)
WARNING: gcc.dg/vmx/zero-1.c -O2 -flto -flto-partition=none compilation failed to produce executable
FAIL: gcc.dg/vmx/zero-1.c -O2 -flto (test for excess errors)
WARNING: gcc.dg/vmx/zero-1.c -O2 -flto compilation failed to produce executable
FAIL: gcc.dg/vmx/zero.c -O2 -flto -flto-partition=none (test for excess errors)
WARNING: gcc.dg/vmx/zero.c -O2 -flto -flto-partition=none compilation failed to produce executable
FAIL: gcc.dg/vmx/zero.c -O2 -flto (test for excess errors)
WARNING: gcc.dg/vmx/zero.c -O2 -flto compilation failed to produce executable
FAIL: gcc.target/powerpc/405-dlmzb-strlen-1.c scan-assembler dlmzb\\\\.
FAIL: gcc.target/powerpc/440-dlmzb-strlen-1.c scan-assembler dlmzb\\\\.
FAIL: gcc.target/powerpc/ppc-vector-memcpy.c scan-assembler lvx
=== gcc Summary for unix/-m32 ===
# of expected passes 72895
# of unexpected failures 170
# of expected failures 193
# of unsupported tests 1021
Running target unix/-m64
FAIL: gcc.dg/and-1.c scan-assembler-not nand
FAIL: gcc.dg/cproj-fails-with-broken-glibc.c execution test
FAIL: gcc.dg/pr46909.c scan-tree-dump ifcombine "optimizing two comparisons to x_[0-9]+\\(D\\) != 4"
FAIL: gcc.dg/sms-2.c scan-rtl-dump-times sms "SMS succeeded" 1
FAIL: gcc.dg/sms-4.c scan-rtl-dump-times sms "SMS succeeded" 1
FAIL: gcc.dg/sms-5.c scan-rtl-dump-times sms "SMS succeeded" 1
FAIL: gcc.dg/sms-6.c scan-rtl-dump-times sms "SMS succeeded" 3
FAIL: gcc.dg/sms-7.c scan-rtl-dump-times sms "SMS succeeded" 3
FAIL: gcc.dg/sms-8.c scan-rtl-dump-times sms "SMS succeeded" 1
FAIL: gcc.dg/stack-usage-1.c scan-file foo\\t(256|264)\\tstatic
FAIL: gcc.dg/lto/20090116 c_lto_20090116_0.o-c_lto_20090116_0.o link, -O1 -flto -flto-partition=1to1 -fPIC (internal compiler error)
UNRESOLVED: gcc.dg/lto/20090116 c_lto_20090116_0.o-c_lto_20090116_0.o execute -O1 -flto -flto-partition=1to1 -fPIC
FAIL: gcc.dg/tree-ssa/foldconst-2.c scan-tree-dump-not optimized "fundamentals.0"
FAIL: gcc.dg/tree-ssa/vrp47.c scan-tree-dump-times vrp1 "[xy][^ ]* !=" 0
FAIL: gcc.dg/tree-ssa/vrp47.c scan-tree-dump-times dom1 "x[^ ]* & y" 1
FAIL: gcc.dg/vmx/1b-01.c -O2 -flto -flto-partition=none (test for excess errors)
WARNING: gcc.dg/vmx/1b-01.c -O2 -flto -flto-partition=none compilation failed to produce executable
FAIL: gcc.dg/vmx/1b-01.c -O2 -flto (test for excess errors)
WARNING: gcc.dg/vmx/1b-01.c -O2 -flto compilation failed to produce executable
FAIL: gcc.dg/vmx/1b-03.c -O2 -flto -flto-partition=none (test for excess errors)
WARNING: gcc.dg/vmx/1b-03.c -O2 -flto -flto-partition=none compilation failed to produce executable
FAIL: gcc.dg/vmx/1b-03.c -O2 -flto (test for excess errors)
WARNING: gcc.dg/vmx/1b-03.c -O2 -flto compilation failed to produce executable
FAIL: gcc.dg/vmx/1b-04.c -O2 -flto -flto-partition=none (test for excess errors)
WARNING: gcc.dg/vmx/1b-04.c -O2 -flto -flto-partition=none compilation failed to produce executable
FAIL: gcc.dg/vmx/1b-04.c -O2 -flto (test for excess errors)
WARNING: gcc.dg/vmx/1b-04.c -O2 -flto compilation failed to produce executable
FAIL: gcc.dg/vmx/1c-01.c -O2 -flto -flto-partition=none (test for excess errors)
WARNING: gcc.dg/vmx/1c-01.c -O2 -flto -flto-partition=none compilation failed to produce executable
FAIL: gcc.dg/vmx/1c-01.c -O2 -flto (test for excess errors)
WARNING: gcc.dg/vmx/1c-01.c -O2 -flto compilation failed to produce executable
FAIL: gcc.dg/vmx/1c-02.c -O2 -flto -flto-partition=none (test for excess errors)
WARNING: gcc.dg/vmx/1c-02.c -O2 -flto -flto-partition=none compilation failed to produce executable
FAIL: gcc.dg/vmx/1c-02.c -O2 -flto (test for excess errors)
WARNING: gcc.dg/vmx/1c-02.c -O2 -flto compilation failed to produce executable
FAIL: gcc.dg/vmx/3a-01.c -O2 -flto -flto-partition=none (test for excess errors)
WARNING: gcc.dg/vmx/3a-01.c -O2 -flto -flto-partition=none compilation failed to produce executable
FAIL: gcc.dg/vmx/3a-01.c -O2 -flto (test for excess errors)
WARNING: gcc.dg/vmx/3a-01.c -O2 -flto compilation failed to produce executable
FAIL: gcc.dg/vmx/3a-01a.c -O2 -flto -flto-partition=none (test for excess errors)
WARNING: gcc.dg/vmx/3a-01a.c -O2 -flto -flto-partition=none compilation failed to produce executable
FAIL: gcc.dg/vmx/3a-01a.c -O2 -flto (test for excess errors)
WARNING: gcc.dg/vmx/3a-01a.c -O2 -flto compilation failed to produce executable
FAIL: gcc.dg/vmx/3a-01m.c -O2 -flto -flto-partition=none (test for excess errors)
WARNING: gcc.dg/vmx/3a-01m.c -O2 -flto -flto-partition=none compilation failed to produce executable
FAIL: gcc.dg/vmx/3a-01m.c -O2 -flto (test for excess errors)
WARNING: gcc.dg/vmx/3a-01m.c -O2 -flto compilation failed to produce executable
FAIL: gcc.dg/vmx/3a-03.c -O2 -flto -flto-partition=none (test for excess errors)
WARNING: gcc.dg/vmx/3a-03.c -O2 -flto -flto-partition=none compilation failed to produce executable
FAIL: gcc.dg/vmx/3a-03.c -O2 -flto (test for excess errors)
WARNING: gcc.dg/vmx/3a-03.c -O2 -flto compilation failed to produce executable
FAIL: gcc.dg/vmx/3a-03m.c -O2 -flto -flto-partition=none (test for excess errors)
WARNING: gcc.dg/vmx/3a-03m.c -O2 -flto -flto-partition=none compilation failed to produce executable
FAIL: gcc.dg/vmx/3a-03m.c -O2 -flto (test for excess errors)
WARNING: gcc.dg/vmx/3a-03m.c -O2 -flto compilation failed to produce executable
FAIL: gcc.dg/vmx/3a-04.c -O2 -flto -flto-partition=none (test for excess errors)
WARNING: gcc.dg/vmx/3a-04.c -O2 -flto -flto-partition=none compilation failed to produce executable
FAIL: gcc.dg/vmx/3a-04.c -O2 -flto (test for excess errors)
WARNING: gcc.dg/vmx/3a-04.c -O2 -flto compilation failed to produce executable
FAIL: gcc.dg/vmx/3a-04m.c -O2 -flto -flto-partition=none (test for excess errors)
WARNING: gcc.dg/vmx/3a-04m.c -O2 -flto -flto-partition=none compilation failed to produce executable
FAIL: gcc.dg/vmx/3a-04m.c -O2 -flto (test for excess errors)
WARNING: gcc.dg/vmx/3a-04m.c -O2 -flto compilation failed to produce executable
FAIL: gcc.dg/vmx/3a-05.c -O2 -flto -flto-partition=none (test for excess errors)
WARNING: gcc.dg/vmx/3a-05.c -O2 -flto -flto-partition=none compilation failed to produce executable
FAIL: gcc.dg/vmx/3a-05.c -O2 -flto (test for excess errors)
WARNING: gcc.dg/vmx/3a-05.c -O2 -flto compilation failed to produce executable
FAIL: gcc.dg/vmx/3a-06.c -O2 -flto -flto-partition=none (test for excess errors)
WARNING: gcc.dg/vmx/3a-06.c -O2 -flto -flto-partition=none compilation failed to produce executable
FAIL: gcc.dg/vmx/3a-06.c -O2 -flto (test for excess errors)
WARNING: gcc.dg/vmx/3a-06.c -O2 -flto compilation failed to produce executable
FAIL: gcc.dg/vmx/3a-06m.c -O2 -flto -flto-partition=none (test for excess errors)
WARNING: gcc.dg/vmx/3a-06m.c -O2 -flto -flto-partition=none compilation failed to produce executable
FAIL: gcc.dg/vmx/3a-06m.c -O2 -flto (test for excess errors)
WARNING: gcc.dg/vmx/3a-06m.c -O2 -flto compilation failed to produce executable
FAIL: gcc.dg/vmx/3a-07.c -O2 -flto -flto-partition=none (test for excess errors)
WARNING: gcc.dg/vmx/3a-07.c -O2 -flto -flto-partition=none compilation failed to produce executable
FAIL: gcc.dg/vmx/3a-07.c -O2 -flto (test for excess errors)
WARNING: gcc.dg/vmx/3a-07.c -O2 -flto compilation failed to produce executable
FAIL: gcc.dg/vmx/3b-01.c -O2 -flto -flto-partition=none (test for excess errors)
WARNING: gcc.dg/vmx/3b-01.c -O2 -flto -flto-partition=none compilation failed to produce executable
FAIL: gcc.dg/vmx/3b-01.c -O2 -flto (test for excess errors)
WARNING: gcc.dg/vmx/3b-01.c -O2 -flto compilation failed to produce executable
FAIL: gcc.dg/vmx/3b-02.c -O2 -flto -flto-partition=none (test for excess errors)
WARNING: gcc.dg/vmx/3b-02.c -O2 -flto -flto-partition=none compilation failed to produce executable
FAIL: gcc.dg/vmx/3b-02.c -O2 -flto (test for excess errors)
WARNING: gcc.dg/vmx/3b-02.c -O2 -flto compilation failed to produce executable
FAIL: gcc.dg/vmx/3b-10.c -O2 -flto -flto-partition=none (test for excess errors)
WARNING: gcc.dg/vmx/3b-10.c -O2 -flto -flto-partition=none compilation failed to produce executable
FAIL: gcc.dg/vmx/3b-10.c -O2 -flto (test for excess errors)
WARNING: gcc.dg/vmx/3b-10.c -O2 -flto compilation failed to produce executable
FAIL: gcc.dg/vmx/3b-13.c -O2 -flto -flto-partition=none (test for excess errors)
WARNING: gcc.dg/vmx/3b-13.c -O2 -flto -flto-partition=none compilation failed to produce executable
FAIL: gcc.dg/vmx/3b-13.c -O2 -flto (test for excess errors)
WARNING: gcc.dg/vmx/3b-13.c -O2 -flto compilation failed to produce executable
FAIL: gcc.dg/vmx/3b-14.c -O2 -flto -flto-partition=none (test for excess errors)
WARNING: gcc.dg/vmx/3b-14.c -O2 -flto -flto-partition=none compilation failed to produce executable
FAIL: gcc.dg/vmx/3b-14.c -O2 -flto (test for excess errors)
WARNING: gcc.dg/vmx/3b-14.c -O2 -flto compilation failed to produce executable
FAIL: gcc.dg/vmx/3b-15.c -O2 -flto -flto-partition=none (test for excess errors)
WARNING: gcc.dg/vmx/3b-15.c -O2 -flto -flto-partition=none compilation failed to produce executable
FAIL: gcc.dg/vmx/3b-15.c -O2 -flto (test for excess errors)
WARNING: gcc.dg/vmx/3b-15.c -O2 -flto compilation failed to produce executable
FAIL: gcc.dg/vmx/3c-01.c -O2 -flto -flto-partition=none (test for excess errors)
WARNING: gcc.dg/vmx/3c-01.c -O2 -flto -flto-partition=none compilation failed to produce executable
FAIL: gcc.dg/vmx/3c-01.c -O2 -flto (test for excess errors)
WARNING: gcc.dg/vmx/3c-01.c -O2 -flto compilation failed to produce executable
FAIL: gcc.dg/vmx/3c-02.c -O2 -flto -flto-partition=none (test for excess errors)
WARNING: gcc.dg/vmx/3c-02.c -O2 -flto -flto-partition=none compilation failed to produce executable
FAIL: gcc.dg/vmx/3c-02.c -O2 -flto (test for excess errors)
WARNING: gcc.dg/vmx/3c-02.c -O2 -flto compilation failed to produce executable
FAIL: gcc.dg/vmx/3c-03.c -O2 -flto -flto-partition=none (test for excess errors)
WARNING: gcc.dg/vmx/3c-03.c -O2 -flto -flto-partition=none compilation failed to produce executable
FAIL: gcc.dg/vmx/3c-03.c -O2 -flto (test for excess errors)
WARNING: gcc.dg/vmx/3c-03.c -O2 -flto compilation failed to produce executable
FAIL: gcc.dg/vmx/8-02.c -O2 -flto -flto-partition=none (test for excess errors)
WARNING: gcc.dg/vmx/8-02.c -O2 -flto -flto-partition=none compilation failed to produce executable
FAIL: gcc.dg/vmx/8-02.c -O2 -flto (test for excess errors)
WARNING: gcc.dg/vmx/8-02.c -O2 -flto compilation failed to produce executable
FAIL: gcc.dg/vmx/8-02a.c -O2 -flto -flto-partition=none (test for excess errors)
WARNING: gcc.dg/vmx/8-02a.c -O2 -flto -flto-partition=none compilation failed to produce executable
FAIL: gcc.dg/vmx/8-02a.c -O2 -flto (test for excess errors)
WARNING: gcc.dg/vmx/8-02a.c -O2 -flto compilation failed to produce executable
FAIL: gcc.dg/vmx/brode-1.c -O2 -flto -flto-partition=none (test for excess errors)
WARNING: gcc.dg/vmx/brode-1.c -O2 -flto -flto-partition=none compilation failed to produce executable
FAIL: gcc.dg/vmx/brode-1.c -O2 -flto (test for excess errors)
WARNING: gcc.dg/vmx/brode-1.c -O2 -flto compilation failed to produce executable
FAIL: gcc.dg/vmx/bug-1.c -O2 -flto -flto-partition=none (test for excess errors)
WARNING: gcc.dg/vmx/bug-1.c -O2 -flto -flto-partition=none compilation failed to produce executable
FAIL: gcc.dg/vmx/bug-1.c -O2 -flto (test for excess errors)
WARNING: gcc.dg/vmx/bug-1.c -O2 -flto compilation failed to produce executable
FAIL: gcc.dg/vmx/bug-2.c -O2 -flto -flto-partition=none (test for excess errors)
WARNING: gcc.dg/vmx/bug-2.c -O2 -flto -flto-partition=none compilation failed to produce executable
FAIL: gcc.dg/vmx/bug-2.c -O2 -flto (test for excess errors)
WARNING: gcc.dg/vmx/bug-2.c -O2 -flto compilation failed to produce executable
FAIL: gcc.dg/vmx/bug-3.c -O2 -flto -flto-partition=none (test for excess errors)
WARNING: gcc.dg/vmx/bug-3.c -O2 -flto -flto-partition=none compilation failed to produce executable
FAIL: gcc.dg/vmx/bug-3.c -O2 -flto (test for excess errors)
WARNING: gcc.dg/vmx/bug-3.c -O2 -flto compilation failed to produce executable
FAIL: gcc.dg/vmx/cw-bug-1.c -O2 -flto -flto-partition=none (test for excess errors)
WARNING: gcc.dg/vmx/cw-bug-1.c -O2 -flto -flto-partition=none compilation failed to produce executable
FAIL: gcc.dg/vmx/cw-bug-1.c -O2 -flto (test for excess errors)
WARNING: gcc.dg/vmx/cw-bug-1.c -O2 -flto compilation failed to produce executable
FAIL: gcc.dg/vmx/debug-1.c -O2 -flto -flto-partition=none (test for excess errors)
WARNING: gcc.dg/vmx/debug-1.c -O2 -flto -flto-partition=none compilation failed to produce executable
FAIL: gcc.dg/vmx/debug-1.c -O2 -flto (test for excess errors)
WARNING: gcc.dg/vmx/debug-1.c -O2 -flto compilation failed to produce executable
FAIL: gcc.dg/vmx/debug-2.c -O2 -flto -flto-partition=none (test for excess errors)
WARNING: gcc.dg/vmx/debug-2.c -O2 -flto -flto-partition=none compilation failed to produce executable
FAIL: gcc.dg/vmx/debug-2.c -O2 -flto (test for excess errors)
WARNING: gcc.dg/vmx/debug-2.c -O2 -flto compilation failed to produce executable
FAIL: gcc.dg/vmx/debug-3.c -O2 -flto -flto-partition=none (test for excess errors)
WARNING: gcc.dg/vmx/debug-3.c -O2 -flto -flto-partition=none compilation failed to produce executable
FAIL: gcc.dg/vmx/debug-3.c -O2 -flto (test for excess errors)
WARNING: gcc.dg/vmx/debug-3.c -O2 -flto compilation failed to produce executable
FAIL: gcc.dg/vmx/debug-4.c -O2 -flto -flto-partition=none (test for excess errors)
WARNING: gcc.dg/vmx/debug-4.c -O2 -flto -flto-partition=none compilation failed to produce executable
FAIL: gcc.dg/vmx/debug-4.c -O2 -flto (test for excess errors)
WARNING: gcc.dg/vmx/debug-4.c -O2 -flto compilation failed to produce executable
FAIL: gcc.dg/vmx/dos-bug-1-gdb.c -O2 -flto -flto-partition=none (test for excess errors)
WARNING: gcc.dg/vmx/dos-bug-1-gdb.c -O2 -flto -flto-partition=none compilation failed to produce executable
FAIL: gcc.dg/vmx/dos-bug-1-gdb.c -O2 -flto (test for excess errors)
WARNING: gcc.dg/vmx/dos-bug-1-gdb.c -O2 -flto compilation failed to produce executable
FAIL: gcc.dg/vmx/dos-bug-2-gdb.c -O2 -flto -flto-partition=none (test for excess errors)
WARNING: gcc.dg/vmx/dos-bug-2-gdb.c -O2 -flto -flto-partition=none compilation failed to produce executable
FAIL: gcc.dg/vmx/dos-bug-2-gdb.c -O2 -flto (test for excess errors)
WARNING: gcc.dg/vmx/dos-bug-2-gdb.c -O2 -flto compilation failed to produce executable
FAIL: gcc.dg/vmx/eg-5.c -O2 -flto -flto-partition=none (test for excess errors)
WARNING: gcc.dg/vmx/eg-5.c -O2 -flto -flto-partition=none compilation failed to produce executable
FAIL: gcc.dg/vmx/eg-5.c -O2 -flto (test for excess errors)
WARNING: gcc.dg/vmx/eg-5.c -O2 -flto compilation failed to produce executable
FAIL: gcc.dg/vmx/gcc-bug-e.c -O2 -flto -flto-partition=none (test for excess errors)
WARNING: gcc.dg/vmx/gcc-bug-e.c -O2 -flto -flto-partition=none compilation failed to produce executable
FAIL: gcc.dg/vmx/gcc-bug-e.c -O2 -flto (test for excess errors)
WARNING: gcc.dg/vmx/gcc-bug-e.c -O2 -flto compilation failed to produce executable
FAIL: gcc.dg/vmx/gcc-bug-i.c -O2 -flto -flto-partition=none (test for excess errors)
WARNING: gcc.dg/vmx/gcc-bug-i.c -O2 -flto -flto-partition=none compilation failed to produce executable
FAIL: gcc.dg/vmx/gcc-bug-i.c -O2 -flto (test for excess errors)
WARNING: gcc.dg/vmx/gcc-bug-i.c -O2 -flto compilation failed to produce executable
FAIL: gcc.dg/vmx/ira1.c -O2 -flto -flto-partition=none (test for excess errors)
WARNING: gcc.dg/vmx/ira1.c -O2 -flto -flto-partition=none compilation failed to produce executable
FAIL: gcc.dg/vmx/ira1.c -O2 -flto (test for excess errors)
WARNING: gcc.dg/vmx/ira1.c -O2 -flto compilation failed to produce executable
FAIL: gcc.dg/vmx/ira2a.c -O2 -flto -flto-partition=none (test for excess errors)
WARNING: gcc.dg/vmx/ira2a.c -O2 -flto -flto-partition=none compilation failed to produce executable
FAIL: gcc.dg/vmx/ira2a.c -O2 -flto (test for excess errors)
WARNING: gcc.dg/vmx/ira2a.c -O2 -flto compilation failed to produce executable
FAIL: gcc.dg/vmx/ira2b.c -O2 -flto -flto-partition=none (test for excess errors)
WARNING: gcc.dg/vmx/ira2b.c -O2 -flto -flto-partition=none compilation failed to produce executable
FAIL: gcc.dg/vmx/ira2b.c -O2 -flto (test for excess errors)
WARNING: gcc.dg/vmx/ira2b.c -O2 -flto compilation failed to produce executable
FAIL: gcc.dg/vmx/pr27006.c -O2 -flto -flto-partition=none (test for excess errors)
WARNING: gcc.dg/vmx/pr27006.c -O2 -flto -flto-partition=none compilation failed to produce executable
FAIL: gcc.dg/vmx/pr27006.c -O2 -flto (test for excess errors)
WARNING: gcc.dg/vmx/pr27006.c -O2 -flto compilation failed to produce executable
FAIL: gcc.dg/vmx/pr27842.c -O2 -flto -flto-partition=none (test for excess errors)
WARNING: gcc.dg/vmx/pr27842.c -O2 -flto -flto-partition=none compilation failed to produce executable
FAIL: gcc.dg/vmx/pr27842.c -O2 -flto (test for excess errors)
WARNING: gcc.dg/vmx/pr27842.c -O2 -flto compilation failed to produce executable
FAIL: gcc.dg/vmx/sn7153.c -O2 -flto -flto-partition=none (test for excess errors)
WARNING: gcc.dg/vmx/sn7153.c -O2 -flto -flto-partition=none compilation failed to produce executable
FAIL: gcc.dg/vmx/sn7153.c -O2 -flto (test for excess errors)
WARNING: gcc.dg/vmx/sn7153.c -O2 -flto compilation failed to produce executable
FAIL: gcc.dg/vmx/spill.c -O2 -flto -flto-partition=none (test for excess errors)
WARNING: gcc.dg/vmx/spill.c -O2 -flto -flto-partition=none compilation failed to produce executable
FAIL: gcc.dg/vmx/spill.c -O2 -flto (test for excess errors)
WARNING: gcc.dg/vmx/spill.c -O2 -flto compilation failed to produce executable
FAIL: gcc.dg/vmx/spill2.c -O2 -flto -flto-partition=none (test for excess errors)
WARNING: gcc.dg/vmx/spill2.c -O2 -flto -flto-partition=none compilation failed to produce executable
FAIL: gcc.dg/vmx/spill2.c -O2 -flto (test for excess errors)
WARNING: gcc.dg/vmx/spill2.c -O2 -flto compilation failed to produce executable
FAIL: gcc.dg/vmx/spill3.c -O2 -flto -flto-partition=none (test for excess errors)
WARNING: gcc.dg/vmx/spill3.c -O2 -flto -flto-partition=none compilation failed to produce executable
FAIL: gcc.dg/vmx/spill3.c -O2 -flto (test for excess errors)
WARNING: gcc.dg/vmx/spill3.c -O2 -flto compilation failed to produce executable
FAIL: gcc.dg/vmx/varargs-1.c -O2 -flto -flto-partition=none (test for excess errors)
WARNING: gcc.dg/vmx/varargs-1.c -O2 -flto -flto-partition=none compilation failed to produce executable
FAIL: gcc.dg/vmx/varargs-1.c -O2 -flto (test for excess errors)
WARNING: gcc.dg/vmx/varargs-1.c -O2 -flto compilation failed to produce executable
FAIL: gcc.dg/vmx/varargs-2.c -O2 -flto -flto-partition=none (test for excess errors)
WARNING: gcc.dg/vmx/varargs-2.c -O2 -flto -flto-partition=none compilation failed to produce executable
FAIL: gcc.dg/vmx/varargs-2.c -O2 -flto (test for excess errors)
WARNING: gcc.dg/vmx/varargs-2.c -O2 -flto compilation failed to produce executable
FAIL: gcc.dg/vmx/varargs-3.c -O2 -flto -flto-partition=none (test for excess errors)
WARNING: gcc.dg/vmx/varargs-3.c -O2 -flto -flto-partition=none compilation failed to produce executable
FAIL: gcc.dg/vmx/varargs-3.c -O2 -flto (test for excess errors)
WARNING: gcc.dg/vmx/varargs-3.c -O2 -flto compilation failed to produce executable
FAIL: gcc.dg/vmx/varargs-4.c -O2 -flto -flto-partition=none (test for excess errors)
WARNING: gcc.dg/vmx/varargs-4.c -O2 -flto -flto-partition=none compilation failed to produce executable
FAIL: gcc.dg/vmx/varargs-4.c -O2 -flto (test for excess errors)
WARNING: gcc.dg/vmx/varargs-4.c -O2 -flto compilation failed to produce executable
FAIL: gcc.dg/vmx/varargs-5.c -O2 -flto -flto-partition=none (test for excess errors)
WARNING: gcc.dg/vmx/varargs-5.c -O2 -flto -flto-partition=none compilation failed to produce executable
FAIL: gcc.dg/vmx/varargs-5.c -O2 -flto (test for excess errors)
WARNING: gcc.dg/vmx/varargs-5.c -O2 -flto compilation failed to produce executable
FAIL: gcc.dg/vmx/varargs-6.c -O2 -flto -flto-partition=none (test for excess errors)
WARNING: gcc.dg/vmx/varargs-6.c -O2 -flto -flto-partition=none compilation failed to produce executable
FAIL: gcc.dg/vmx/varargs-6.c -O2 -flto (test for excess errors)
WARNING: gcc.dg/vmx/varargs-6.c -O2 -flto compilation failed to produce executable
FAIL: gcc.dg/vmx/varargs-7.c -O2 -flto -flto-partition=none (test for excess errors)
WARNING: gcc.dg/vmx/varargs-7.c -O2 -flto -flto-partition=none compilation failed to produce executable
FAIL: gcc.dg/vmx/varargs-7.c -O2 -flto (test for excess errors)
WARNING: gcc.dg/vmx/varargs-7.c -O2 -flto compilation failed to produce executable
FAIL: gcc.dg/vmx/x-01.c -O2 -flto -flto-partition=none (test for excess errors)
WARNING: gcc.dg/vmx/x-01.c -O2 -flto -flto-partition=none compilation failed to produce executable
FAIL: gcc.dg/vmx/x-01.c -O2 -flto (test for excess errors)
WARNING: gcc.dg/vmx/x-01.c -O2 -flto compilation failed to produce executable
FAIL: gcc.dg/vmx/x-02.c -O2 -flto -flto-partition=none (test for excess errors)
WARNING: gcc.dg/vmx/x-02.c -O2 -flto -flto-partition=none compilation failed to produce executable
FAIL: gcc.dg/vmx/x-02.c -O2 -flto (test for excess errors)
WARNING: gcc.dg/vmx/x-02.c -O2 -flto compilation failed to produce executable
FAIL: gcc.dg/vmx/x-03.c -O2 -flto -flto-partition=none (test for excess errors)
WARNING: gcc.dg/vmx/x-03.c -O2 -flto -flto-partition=none compilation failed to produce executable
FAIL: gcc.dg/vmx/x-03.c -O2 -flto (test for excess errors)
WARNING: gcc.dg/vmx/x-03.c -O2 -flto compilation failed to produce executable
FAIL: gcc.dg/vmx/x-04.c -O2 -flto -flto-partition=none (test for excess errors)
WARNING: gcc.dg/vmx/x-04.c -O2 -flto -flto-partition=none compilation failed to produce executable
FAIL: gcc.dg/vmx/x-04.c -O2 -flto (test for excess errors)
WARNING: gcc.dg/vmx/x-04.c -O2 -flto compilation failed to produce executable
FAIL: gcc.dg/vmx/x-05.c -O2 -flto -flto-partition=none (test for excess errors)
WARNING: gcc.dg/vmx/x-05.c -O2 -flto -flto-partition=none compilation failed to produce executable
FAIL: gcc.dg/vmx/x-05.c -O2 -flto (test for excess errors)
WARNING: gcc.dg/vmx/x-05.c -O2 -flto compilation failed to produce executable
FAIL: gcc.dg/vmx/yousufi-1.c -O2 -flto -flto-partition=none (test for excess errors)
WARNING: gcc.dg/vmx/yousufi-1.c -O2 -flto -flto-partition=none compilation failed to produce executable
FAIL: gcc.dg/vmx/yousufi-1.c -O2 -flto (test for excess errors)
WARNING: gcc.dg/vmx/yousufi-1.c -O2 -flto compilation failed to produce executable
FAIL: gcc.dg/vmx/zero-1.c -O2 -flto -flto-partition=none (test for excess errors)
WARNING: gcc.dg/vmx/zero-1.c -O2 -flto -flto-partition=none compilation failed to produce executable
FAIL: gcc.dg/vmx/zero-1.c -O2 -flto (test for excess errors)
WARNING: gcc.dg/vmx/zero-1.c -O2 -flto compilation failed to produce executable
FAIL: gcc.dg/vmx/zero.c -O2 -flto -flto-partition=none (test for excess errors)
WARNING: gcc.dg/vmx/zero.c -O2 -flto -flto-partition=none compilation failed to produce executable
FAIL: gcc.dg/vmx/zero.c -O2 -flto (test for excess errors)
WARNING: gcc.dg/vmx/zero.c -O2 -flto compilation failed to produce executable
FAIL: gcc.target/powerpc/ppc-vector-memcpy.c scan-assembler lvx
=== gcc Summary for unix/-m64 ===
# of expected passes 73532
# of unexpected failures 145
# of expected failures 204
# of unresolved testcases 1
# of unsupported tests 1064
=== gcc Summary ===
# of expected passes 146427
# of unexpected failures 315
# of expected failures 397
# of unresolved testcases 1
# of unsupported tests 2085
/home/gccbuild/build/nightly/build-gcc-trunk/gcc/xgcc version 4.6.0 20110220 (experimental) [trunk revision 170334] (GCC)
=== gfortran tests ===
Running target unix/-m32
XPASS: gfortran.dg/default_format_denormal_2.f90 -O0 execution test
XPASS: gfortran.dg/default_format_denormal_2.f90 -O1 execution test
XPASS: gfortran.dg/default_format_denormal_2.f90 -O2 execution test
XPASS: gfortran.dg/default_format_denormal_2.f90 -O3 -fomit-frame-pointer execution test
XPASS: gfortran.dg/default_format_denormal_2.f90 -O3 -fomit-frame-pointer -funroll-loops execution test
XPASS: gfortran.dg/default_format_denormal_2.f90 -O3 -fomit-frame-pointer -funroll-all-loops -finline-functions execution test
XPASS: gfortran.dg/default_format_denormal_2.f90 -O3 -g execution test
XPASS: gfortran.dg/default_format_denormal_2.f90 -Os execution test
=== gfortran Summary for unix/-m32 ===
# of expected passes 37906
# of unexpected successes 8
# of expected failures 58
# of unsupported tests 220
Running target unix/-m64
XPASS: gfortran.dg/default_format_denormal_2.f90 -O0 execution test
XPASS: gfortran.dg/default_format_denormal_2.f90 -O1 execution test
XPASS: gfortran.dg/default_format_denormal_2.f90 -O2 execution test
XPASS: gfortran.dg/default_format_denormal_2.f90 -O3 -fomit-frame-pointer execution test
XPASS: gfortran.dg/default_format_denormal_2.f90 -O3 -fomit-frame-pointer -funroll-loops execution test
XPASS: gfortran.dg/default_format_denormal_2.f90 -O3 -fomit-frame-pointer -funroll-all-loops -finline-functions execution test
XPASS: gfortran.dg/default_format_denormal_2.f90 -O3 -g execution test
XPASS: gfortran.dg/default_format_denormal_2.f90 -Os execution test
=== gfortran Summary for unix/-m64 ===
# of expected passes 38217
# of unexpected successes 8
# of expected failures 58
# of unsupported tests 75
=== gfortran Summary ===
# of expected passes 76123
# of unexpected successes 16
# of expected failures 116
# of unsupported tests 295
/home/gccbuild/build/nightly/build-gcc-trunk/gcc/testsuite/gfortran/../../gfortran version 4.6.0 20110220 (experimental) [trunk revision 170334] (GCC)
=== g++ tests ===
Running target unix/-m32
WARNING: program timed out.
FAIL: g++.dg/bprob/g++-bprob-2.C execution, -Os -fprofile-use
=== g++ Summary for unix/-m32 ===
# of expected passes 26522
# of unexpected failures 1
# of expected failures 160
# of unsupported tests 361
Running target unix/-m64
=== g++ Summary for unix/-m64 ===
# of expected passes 27134
# of expected failures 160
# of unsupported tests 359
=== g++ Summary ===
# of expected passes 53656
# of unexpected failures 1
# of expected failures 320
# of unsupported tests 720
/home/gccbuild/build/nightly/build-gcc-trunk/gcc/testsuite/g++/../../g++ version 4.6.0 20110220 (experimental) [trunk revision 170334] (GCC)
=== obj-c++ tests ===
Running target unix/-m32
=== obj-c++ Summary for unix/-m32 ===
# of expected passes 1383
# of expected failures 2
# of unsupported tests 86
Running target unix/-m64
=== obj-c++ Summary for unix/-m64 ===
# of expected passes 1375
# of expected failures 10
# of unsupported tests 86
=== obj-c++ Summary ===
# of expected passes 2758
# of expected failures 12
# of unsupported tests 172
/home/gccbuild/build/nightly/build-gcc-trunk/gcc/testsuite/obj-c++/../../g++ version 4.6.0 20110220 (experimental) [trunk revision 170334] (GCC)
=== objc tests ===
Running target unix/-m32
=== objc Summary for unix/-m32 ===
# of expected passes 2899
# of expected failures 10
# of unsupported tests 74
Running target unix/-m64
=== objc Summary for unix/-m64 ===
# of expected passes 2899
# of expected failures 10
# of unsupported tests 74
=== objc Summary ===
# of expected passes 5798
# of expected failures 20
# of unsupported tests 148
/home/gccbuild/build/nightly/build-gcc-trunk/gcc/xgcc version 4.6.0 20110220 (experimental) [trunk revision 170334] (GCC)
=== libgomp tests ===
Running target unix/-m32
=== libgomp Summary for unix/-m32 ===
# of expected passes 2526
Running target unix/-m64
FAIL: libgomp.c/icv-2.c execution test
FAIL: libgomp.c/lock-3.c execution test
=== libgomp Summary for unix/-m64 ===
# of expected passes 2524
# of unexpected failures 2
=== libgomp Summary ===
# of expected passes 5050
# of unexpected failures 2
=== libmudflap tests ===
Running target unix/-m32
FAIL: libmudflap.c/fail40-frag.c output pattern test
FAIL: libmudflap.c/pass49-frag.c execution test
FAIL: libmudflap.c/pass49-frag.c output pattern test
FAIL: libmudflap.c/pass49-frag.c execution test
FAIL: libmudflap.c/pass49-frag.c output pattern test
FAIL: libmudflap.c/pass51-frag.c execution test
FAIL: libmudflap.c/pass51-frag.c execution test
FAIL: libmudflap.c/fail40-frag.c (-static) output pattern test
FAIL: libmudflap.c/pass49-frag.c (-static) execution test
FAIL: libmudflap.c/pass49-frag.c (-static) output pattern test
FAIL: libmudflap.c/pass49-frag.c (-static) execution test
FAIL: libmudflap.c/pass49-frag.c (-static) output pattern test
FAIL: libmudflap.c/pass51-frag.c (-static) execution test
FAIL: libmudflap.c/pass51-frag.c (-static) execution test
FAIL: libmudflap.c/fail40-frag.c (-O2) output pattern test
FAIL: libmudflap.c/pass49-frag.c (-O2) execution test
FAIL: libmudflap.c/pass49-frag.c (-O2) output pattern test
FAIL: libmudflap.c/pass49-frag.c (-O2) execution test
FAIL: libmudflap.c/pass49-frag.c (-O2) output pattern test
FAIL: libmudflap.c/pass51-frag.c (-O2) execution test
FAIL: libmudflap.c/pass51-frag.c (-O2) execution test
FAIL: libmudflap.c/fail40-frag.c (-O3) output pattern test
FAIL: libmudflap.c/pass49-frag.c (-O3) execution test
FAIL: libmudflap.c/pass49-frag.c (-O3) output pattern test
FAIL: libmudflap.c/pass49-frag.c (-O3) execution test
FAIL: libmudflap.c/pass49-frag.c (-O3) output pattern test
FAIL: libmudflap.c/pass51-frag.c (-O3) execution test
FAIL: libmudflap.c/pass51-frag.c (-O3) execution test
FAIL: libmudflap.c++/pass28-frag.cxx (-static) (test for excess errors)
WARNING: libmudflap.c++/pass28-frag.cxx (-static) compilation failed to produce executable
FAIL: libmudflap.c++/pass41-frag.cxx (-static) (test for excess errors)
WARNING: libmudflap.c++/pass41-frag.cxx (-static) compilation failed to produce executable
FAIL: libmudflap.c++/pass55-frag.cxx (-static) (test for excess errors)
WARNING: libmudflap.c++/pass55-frag.cxx (-static) compilation failed to produce executable
WARNING: libmudflap.c++/pass57-frag.cxx (-static) compilation failed to produce executable
=== libmudflap Summary for unix/-m32 ===
# of expected passes 1859
# of unexpected failures 31
Running target unix/-m64
FAIL: libmudflap.c/fail40-frag.c output pattern test
FAIL: libmudflap.c/pass49-frag.c execution test
FAIL: libmudflap.c/pass49-frag.c output pattern test
FAIL: libmudflap.c/pass49-frag.c execution test
FAIL: libmudflap.c/pass49-frag.c output pattern test
FAIL: libmudflap.c/pass51-frag.c execution test
FAIL: libmudflap.c/pass51-frag.c execution test
FAIL: libmudflap.c/fail40-frag.c (-static) output pattern test
FAIL: libmudflap.c/pass49-frag.c (-static) execution test
FAIL: libmudflap.c/pass49-frag.c (-static) output pattern test
FAIL: libmudflap.c/pass49-frag.c (-static) execution test
FAIL: libmudflap.c/pass49-frag.c (-static) output pattern test
FAIL: libmudflap.c/pass51-frag.c (-static) execution test
FAIL: libmudflap.c/pass51-frag.c (-static) execution test
FAIL: libmudflap.c/fail40-frag.c (-O2) output pattern test
FAIL: libmudflap.c/pass49-frag.c (-O2) execution test
FAIL: libmudflap.c/pass49-frag.c (-O2) output pattern test
FAIL: libmudflap.c/pass49-frag.c (-O2) execution test
FAIL: libmudflap.c/pass49-frag.c (-O2) output pattern test
FAIL: libmudflap.c/pass51-frag.c (-O2) execution test
FAIL: libmudflap.c/pass51-frag.c (-O2) execution test
FAIL: libmudflap.c/fail40-frag.c (-O3) output pattern test
FAIL: libmudflap.c/pass49-frag.c (-O3) execution test
FAIL: libmudflap.c/pass49-frag.c (-O3) output pattern test
FAIL: libmudflap.c/pass49-frag.c (-O3) execution test
FAIL: libmudflap.c/pass49-frag.c (-O3) output pattern test
FAIL: libmudflap.c/pass51-frag.c (-O3) execution test
FAIL: libmudflap.c/pass51-frag.c (-O3) execution test
=== libmudflap Summary for unix/-m64 ===
# of expected passes 1866
# of unexpected failures 28
=== libmudflap Summary ===
# of expected passes 3725
# of unexpected failures 59
=== libstdc++ tests ===
Running target unix/-m32
FAIL: libstdc++-abi/abi_check
=== libstdc++ Summary for unix/-m32 ===
# of expected passes 8233
# of unexpected failures 1
# of expected failures 83
# of unsupported tests 110
Running target unix/-m64
=== libstdc++ Summary for unix/-m64 ===
# of expected passes 8234
# of expected failures 83
# of unsupported tests 110
=== libstdc++ Summary ===
# of expected passes 16467
# of unexpected failures 1
# of expected failures 166
# of unsupported tests 220
Compiler version: 4.6.0 20110220 (experimental) [trunk revision 170334] (GCC)
Platform: powerpc64-unknown-linux-gnu
configure flags: --prefix=/opt/gcc-nightly/trunk-20110220 --build=powerpc64-linux --host=powerpc64-linux --target=powerpc64-linux --with-cpu=default32 --with-as=/opt/gcc-nightly/binutils-2.20/bin/as --with-ld=/opt/gcc-nightly/binutils-2.20/bin/ld --enable-threads=posix --enable-shared --enable-__cxa_atexit --enable-languages=c,c++,fortran,objc,obj-c++ --with-long-double-128 --enable-secureplt --enable-checking --disable-alsa --with-gmp=/opt/gcc-nightly/gcc-host-libs-32 --with-mpfr=/opt/gcc-nightly/gcc-host-libs-32 --with-mpc=/opt/gcc-nightly/gcc-host-libs-32 --with-libelf=/opt/gcc-nightly/gcc-host-libs-32 --with-host-libstdcxx=-Wl,-Bstatic,-L/opt/gcc-nightly/gcc-host-libs-32/lib,-lstdc++,-Bdynamic,-lm
=== Test Framework Summary ===
# of expected passes 2531