This is the mail archive of the
gcc-testresults@gcc.gnu.org
mailing list for the GCC project.
Results for 4.6.0 20110211 (experimental) [trunk revision 170052] (GCC) testsuite on mips-sgi-irix6.5
- From: Rainer Orth <ro at CeBiTec dot Uni-Bielefeld dot DE>
- To: gcc-testresults at gcc dot gnu dot org
- Date: Tue, 15 Feb 2011 11:55:08 +0100 (MET)
- Subject: Results for 4.6.0 20110211 (experimental) [trunk revision 170052] (GCC) testsuite on mips-sgi-irix6.5
LAST_UPDATED: Fri Feb 11 17:29:49 UTC 2011 (revision 170052)
=== acats tests ===
FAIL: c960001
FAIL: cb1010a
FAIL: cxg2001
FAIL: cxg2002
FAIL: cxg2003
FAIL: cxg2004
FAIL: cxg2005
FAIL: cxg2006
FAIL: cxg2007
FAIL: cxg2010
FAIL: cxg2011
FAIL: cxg2012
FAIL: cxg2013
FAIL: cxg2014
FAIL: cxg2015
FAIL: cxg2016
FAIL: cxg2017
FAIL: cxg2018
FAIL: cxg2019
FAIL: cxg2020
FAIL: cxg2021
FAIL: cxg2024
=== acats Summary ===
# of expected passes 2299
# of unexpected failures 22
Native configuration is mips-sgi-irix6.5
=== g++ tests ===
Running target unix
FAIL: g++.dg/debug/dwarf2/icf.C scan-assembler \\\\.section.*.debug_dcall
FAIL: g++.dg/debug/dwarf2/icf.C scan-assembler New caller
FAIL: g++.dg/debug/dwarf2/icf.C scan-assembler Caller DIE offset
FAIL: g++.dg/debug/dwarf2/icf.C scan-assembler Callee DIE offset
FAIL: g++.dg/template/inherit6.C (test for excess errors)
FAIL: g++.dg/torture/pr31863.C -O2 -flto (test for excess errors)
=== g++ Summary for unix ===
# of expected passes 26441
# of unexpected failures 6
# of expected failures 161
# of unsupported tests 492
Running target unix/-mabi=64
FAIL: g++.dg/debug/dwarf2/icf.C scan-assembler \\\\.section.*.debug_dcall
FAIL: g++.dg/debug/dwarf2/icf.C scan-assembler New caller
FAIL: g++.dg/debug/dwarf2/icf.C scan-assembler Caller DIE offset
FAIL: g++.dg/debug/dwarf2/icf.C scan-assembler Callee DIE offset
FAIL: g++.dg/template/inherit6.C (test for excess errors)
FAIL: g++.dg/torture/pr31863.C -O2 -flto (test for excess errors)
WARNING: program timed out.
=== g++ Summary for unix/-mabi=64 ===
# of expected passes 26402
# of unexpected failures 6
# of expected failures 161
# of unsupported tests 493
=== g++ Summary ===
# of expected passes 52843
# of unexpected failures 12
# of expected failures 322
# of unsupported tests 985
/var/gcc/regression/trunk/6.5-gcc/build/gcc/testsuite/g++/../../g++ version 4.6.0 20110211 (experimental) [trunk revision 170052] (GCC)
=== gcc tests ===
Running target unix
WARNING: program timed out.
FAIL: gcc.dg/pr46909.c scan-tree-dump ifcombine "optimizing two comparisons to x_[0-9]+\\(D\\) != 4"
FAIL: gcc.dg/torture/20090618-1.c -O1 (test for excess errors)
WARNING: gcc.dg/torture/20090618-1.c -O1 compilation failed to produce executable
FAIL: gcc.dg/torture/20090618-1.c -O2 (test for excess errors)
WARNING: gcc.dg/torture/20090618-1.c -O2 compilation failed to produce executable
FAIL: gcc.dg/torture/20090618-1.c -O3 -fomit-frame-pointer (test for excess errors)
WARNING: gcc.dg/torture/20090618-1.c -O3 -fomit-frame-pointer compilation failed to produce executable
FAIL: gcc.dg/torture/20090618-1.c -O3 -g (test for excess errors)
WARNING: gcc.dg/torture/20090618-1.c -O3 -g compilation failed to produce executable
FAIL: gcc.dg/torture/20090618-1.c -O2 -flto -flto-partition=none (test for excess errors)
WARNING: gcc.dg/torture/20090618-1.c -O2 -flto -flto-partition=none compilation failed to produce executable
FAIL: gcc.dg/torture/20090618-1.c -O2 -flto (test for excess errors)
WARNING: gcc.dg/torture/20090618-1.c -O2 -flto compilation failed to produce executable
FAIL: gcc.dg/torture/builtin-modf-1.c -O0 (test for excess errors)
FAIL: gcc.dg/torture/builtin-modf-1.c -O1 (test for excess errors)
FAIL: gcc.dg/torture/builtin-modf-1.c -O2 (test for excess errors)
FAIL: gcc.dg/torture/builtin-modf-1.c -O3 -fomit-frame-pointer (test for excess errors)
FAIL: gcc.dg/torture/builtin-modf-1.c -O3 -fomit-frame-pointer -funroll-loops (test for excess errors)
FAIL: gcc.dg/torture/builtin-modf-1.c -O3 -fomit-frame-pointer -funroll-all-loops -finline-functions (test for excess errors)
FAIL: gcc.dg/torture/builtin-modf-1.c -O3 -g (test for excess errors)
FAIL: gcc.dg/torture/builtin-modf-1.c -Os (test for excess errors)
FAIL: gcc.dg/torture/builtin-modf-1.c -O2 -flto -flto-partition=none (test for excess errors)
FAIL: gcc.dg/torture/builtin-modf-1.c -O2 -flto (test for excess errors)
FAIL: gcc.target/mips/dspr2-MULT.c scan-assembler ac2
FAIL: gcc.target/mips/dspr2-MULTU.c scan-assembler ac2
FAIL: gcc.target/mips/extend-1.c scan-assembler-times \\tdsll\\t 5
FAIL: gcc.target/mips/extend-1.c scan-assembler-times \\tdsra\\t 5
FAIL: gcc.target/mips/octeon-exts-6.c scan-assembler-times \\texts\\t 5
=== gcc Summary for unix ===
# of expected passes 69546
# of unexpected failures 22
# of expected failures 129
# of unsupported tests 1022
Running target unix/-mabi=64
WARNING: program timed out.
FAIL: gcc.dg/intmax_t-1.c (test for excess errors)
FAIL: gcc.dg/pr46909.c scan-tree-dump ifcombine "optimizing two comparisons to x_[0-9]+\\(D\\) != 4"
WARNING: program timed out.
FAIL: gcc.dg/lto/20090116 c_lto_20090116_0.o-c_lto_20090116_0.o link, -O1 -flto -flto-partition=1to1 -fPIC (internal compiler error)
UNRESOLVED: gcc.dg/lto/20090116 c_lto_20090116_0.o-c_lto_20090116_0.o execute -O1 -flto -flto-partition=1to1 -fPIC
FAIL: gcc.dg/torture/20090618-1.c -O1 (test for excess errors)
WARNING: gcc.dg/torture/20090618-1.c -O1 compilation failed to produce executable
FAIL: gcc.dg/torture/20090618-1.c -O2 (test for excess errors)
WARNING: gcc.dg/torture/20090618-1.c -O2 compilation failed to produce executable
FAIL: gcc.dg/torture/20090618-1.c -O3 -fomit-frame-pointer (test for excess errors)
WARNING: gcc.dg/torture/20090618-1.c -O3 -fomit-frame-pointer compilation failed to produce executable
FAIL: gcc.dg/torture/20090618-1.c -O3 -g (test for excess errors)
WARNING: gcc.dg/torture/20090618-1.c -O3 -g compilation failed to produce executable
FAIL: gcc.dg/torture/20090618-1.c -O2 -flto -flto-partition=none (test for excess errors)
WARNING: gcc.dg/torture/20090618-1.c -O2 -flto -flto-partition=none compilation failed to produce executable
FAIL: gcc.dg/torture/20090618-1.c -O2 -flto (test for excess errors)
WARNING: gcc.dg/torture/20090618-1.c -O2 -flto compilation failed to produce executable
FAIL: gcc.dg/torture/builtin-modf-1.c -O0 (test for excess errors)
FAIL: gcc.dg/torture/builtin-modf-1.c -O1 (test for excess errors)
FAIL: gcc.dg/torture/builtin-modf-1.c -O2 (test for excess errors)
FAIL: gcc.dg/torture/builtin-modf-1.c -O3 -fomit-frame-pointer (test for excess errors)
FAIL: gcc.dg/torture/builtin-modf-1.c -O3 -fomit-frame-pointer -funroll-loops (test for excess errors)
FAIL: gcc.dg/torture/builtin-modf-1.c -O3 -fomit-frame-pointer -funroll-all-loops -finline-functions (test for excess errors)
FAIL: gcc.dg/torture/builtin-modf-1.c -O3 -g (test for excess errors)
FAIL: gcc.dg/torture/builtin-modf-1.c -Os (test for excess errors)
FAIL: gcc.dg/torture/builtin-modf-1.c -O2 -flto -flto-partition=none (test for excess errors)
FAIL: gcc.dg/torture/builtin-modf-1.c -O2 -flto (test for excess errors)
FAIL: gcc.target/mips/dspr2-MULT.c scan-assembler ac2
FAIL: gcc.target/mips/dspr2-MULTU.c scan-assembler ac2
FAIL: gcc.target/mips/extend-1.c scan-assembler-times \\tdsll\\t 5
FAIL: gcc.target/mips/extend-1.c scan-assembler-times \\tdsra\\t 5
FAIL: gcc.target/mips/mult-1.c scan-assembler \\tdins\\t
FAIL: gcc.target/mips/octeon-bbit-2.c scan-assembler \\tbnel\\t
FAIL: gcc.target/mips/octeon-bbit-2.c scan-assembler-not \\tbne\\t
FAIL: gcc.target/mips/octeon-exts-6.c scan-assembler-times \\texts\\t 5
=== gcc Summary for unix/-mabi=64 ===
# of expected passes 69550
# of unexpected failures 27
# of expected failures 130
# of unresolved testcases 1
# of unsupported tests 1013
=== gcc Summary ===
# of expected passes 139096
# of unexpected failures 49
# of expected failures 259
# of unresolved testcases 1
# of unsupported tests 2035
/var/gcc/regression/trunk/6.5-gcc/build/gcc/xgcc version 4.6.0 20110211 (experimental) [trunk revision 170052] (GCC)
=== gfortran tests ===
Running target unix
FAIL: gfortran.dg/complex_intrinsic_5.f90 -O0 execution test
FAIL: gfortran.dg/complex_intrinsic_5.f90 -O1 execution test
FAIL: gfortran.dg/complex_intrinsic_5.f90 -O2 execution test
FAIL: gfortran.dg/complex_intrinsic_5.f90 -O3 -fomit-frame-pointer execution test
FAIL: gfortran.dg/complex_intrinsic_5.f90 -O3 -fomit-frame-pointer -funroll-loops execution test
FAIL: gfortran.dg/complex_intrinsic_5.f90 -O3 -fomit-frame-pointer -funroll-all-loops -finline-functions execution test
FAIL: gfortran.dg/complex_intrinsic_5.f90 -O3 -g execution test
FAIL: gfortran.dg/complex_intrinsic_5.f90 -Os execution test
FAIL: gfortran.dg/default_format_1.f90 -O0 execution test
FAIL: gfortran.dg/default_format_1.f90 -O1 execution test
FAIL: gfortran.dg/default_format_1.f90 -O2 execution test
FAIL: gfortran.dg/default_format_1.f90 -O3 -fomit-frame-pointer execution test
FAIL: gfortran.dg/default_format_1.f90 -O3 -fomit-frame-pointer -funroll-loops execution test
FAIL: gfortran.dg/default_format_1.f90 -O3 -fomit-frame-pointer -funroll-all-loops -finline-functions execution test
FAIL: gfortran.dg/default_format_1.f90 -O3 -g execution test
FAIL: gfortran.dg/default_format_1.f90 -Os execution test
FAIL: gfortran.dg/default_format_denormal_1.f90 -O0 execution test
FAIL: gfortran.dg/default_format_denormal_1.f90 -O1 execution test
FAIL: gfortran.dg/default_format_denormal_1.f90 -O2 execution test
FAIL: gfortran.dg/default_format_denormal_1.f90 -O3 -fomit-frame-pointer execution test
FAIL: gfortran.dg/default_format_denormal_1.f90 -O3 -fomit-frame-pointer -funroll-loops execution test
FAIL: gfortran.dg/default_format_denormal_1.f90 -O3 -fomit-frame-pointer -funroll-all-loops -finline-functions execution test
FAIL: gfortran.dg/default_format_denormal_1.f90 -O3 -g execution test
FAIL: gfortran.dg/default_format_denormal_1.f90 -Os execution test
FAIL: gfortran.dg/default_format_denormal_2.f90 -O0 execution test
FAIL: gfortran.dg/default_format_denormal_2.f90 -O1 execution test
FAIL: gfortran.dg/default_format_denormal_2.f90 -O2 execution test
FAIL: gfortran.dg/default_format_denormal_2.f90 -O3 -fomit-frame-pointer execution test
FAIL: gfortran.dg/default_format_denormal_2.f90 -O3 -fomit-frame-pointer -funroll-loops execution test
FAIL: gfortran.dg/default_format_denormal_2.f90 -O3 -fomit-frame-pointer -funroll-all-loops -finline-functions execution test
FAIL: gfortran.dg/default_format_denormal_2.f90 -O3 -g execution test
FAIL: gfortran.dg/default_format_denormal_2.f90 -Os execution test
FAIL: gfortran.dg/integer_exponentiation_2.f90 -O0 execution test
FAIL: gfortran.dg/integer_exponentiation_2.f90 -O1 execution test
FAIL: gfortran.dg/integer_exponentiation_2.f90 -O2 execution test
FAIL: gfortran.dg/integer_exponentiation_2.f90 -O3 -fomit-frame-pointer execution test
FAIL: gfortran.dg/integer_exponentiation_2.f90 -O3 -fomit-frame-pointer -funroll-loops execution test
FAIL: gfortran.dg/integer_exponentiation_2.f90 -O3 -fomit-frame-pointer -funroll-all-loops -finline-functions execution test
FAIL: gfortran.dg/integer_exponentiation_2.f90 -O3 -g execution test
FAIL: gfortran.dg/integer_exponentiation_2.f90 -Os execution test
FAIL: gfortran.dg/large_real_kind_2.F90 -O1 execution test
FAIL: gfortran.dg/large_real_kind_2.F90 -O3 -fomit-frame-pointer -funroll-loops execution test
FAIL: gfortran.dg/large_real_kind_2.F90 -O3 -fomit-frame-pointer -funroll-all-loops -finline-functions execution test
FAIL: gfortran.dg/large_real_kind_2.F90 -Os execution test
FAIL: gfortran.dg/large_real_kind_form_io_2.f90 -O0 execution test
FAIL: gfortran.dg/large_real_kind_form_io_2.f90 -O1 execution test
FAIL: gfortran.dg/large_real_kind_form_io_2.f90 -O2 execution test
FAIL: gfortran.dg/large_real_kind_form_io_2.f90 -O3 -fomit-frame-pointer execution test
FAIL: gfortran.dg/large_real_kind_form_io_2.f90 -O3 -fomit-frame-pointer -funroll-loops execution test
FAIL: gfortran.dg/large_real_kind_form_io_2.f90 -O3 -fomit-frame-pointer -funroll-all-loops -finline-functions execution test
FAIL: gfortran.dg/large_real_kind_form_io_2.f90 -O3 -g execution test
FAIL: gfortran.dg/large_real_kind_form_io_2.f90 -Os execution test
FAIL: gfortran.dg/nan_3.f90 -O0 execution test
FAIL: gfortran.dg/nan_3.f90 -O1 execution test
FAIL: gfortran.dg/nan_3.f90 -O2 execution test
FAIL: gfortran.dg/nan_3.f90 -O3 -fomit-frame-pointer execution test
FAIL: gfortran.dg/nan_3.f90 -O3 -fomit-frame-pointer -funroll-loops execution test
FAIL: gfortran.dg/nan_3.f90 -O3 -fomit-frame-pointer -funroll-all-loops -finline-functions execution test
FAIL: gfortran.dg/nan_3.f90 -O3 -g execution test
FAIL: gfortran.dg/nan_3.f90 -Os execution test
FAIL: gfortran.dg/nan_6.f90 -O0 execution test
FAIL: gfortran.dg/nan_6.f90 -O1 execution test
FAIL: gfortran.dg/nan_6.f90 -O2 execution test
FAIL: gfortran.dg/nan_6.f90 -O3 -fomit-frame-pointer execution test
FAIL: gfortran.dg/nan_6.f90 -O3 -fomit-frame-pointer -funroll-loops execution test
FAIL: gfortran.dg/nan_6.f90 -O3 -fomit-frame-pointer -funroll-all-loops -finline-functions execution test
FAIL: gfortran.dg/nan_6.f90 -O3 -g execution test
FAIL: gfortran.dg/nan_6.f90 -Os execution test
FAIL: gfortran.dg/nearest_1.f90 -O0 execution test
FAIL: gfortran.dg/nearest_1.f90 -O1 execution test
FAIL: gfortran.dg/nearest_1.f90 -O2 execution test
FAIL: gfortran.dg/nearest_1.f90 -O3 -fomit-frame-pointer execution test
FAIL: gfortran.dg/nearest_1.f90 -O3 -fomit-frame-pointer -funroll-loops execution test
FAIL: gfortran.dg/nearest_1.f90 -O3 -fomit-frame-pointer -funroll-all-loops -finline-functions execution test
FAIL: gfortran.dg/nearest_1.f90 -O3 -g execution test
FAIL: gfortran.dg/nearest_1.f90 -Os execution test
FAIL: gfortran.dg/pr45636.f90 -O scan-tree-dump-times forwprop2 "memset" 0
FAIL: gfortran.dg/read_infnan_1.f90 -O0 execution test
FAIL: gfortran.dg/read_infnan_1.f90 -O1 execution test
FAIL: gfortran.dg/read_infnan_1.f90 -O2 execution test
FAIL: gfortran.dg/read_infnan_1.f90 -O3 -fomit-frame-pointer execution test
FAIL: gfortran.dg/read_infnan_1.f90 -O3 -fomit-frame-pointer -funroll-loops execution test
FAIL: gfortran.dg/read_infnan_1.f90 -O3 -fomit-frame-pointer -funroll-all-loops -finline-functions execution test
FAIL: gfortran.dg/read_infnan_1.f90 -O3 -g execution test
FAIL: gfortran.dg/read_infnan_1.f90 -Os execution test
FAIL: gfortran.dg/specifics_1.f90 -O0 execution test
FAIL: gfortran.dg/specifics_1.f90 -O1 execution test
FAIL: gfortran.dg/specifics_1.f90 -O2 execution test
FAIL: gfortran.dg/specifics_1.f90 -O3 -fomit-frame-pointer execution test
FAIL: gfortran.dg/specifics_1.f90 -O3 -fomit-frame-pointer -funroll-loops execution test
FAIL: gfortran.dg/specifics_1.f90 -O3 -fomit-frame-pointer -funroll-all-loops -finline-functions execution test
FAIL: gfortran.dg/specifics_1.f90 -O3 -g execution test
FAIL: gfortran.dg/specifics_1.f90 -Os execution test
XPASS: gfortran.dg/g77/cabs.f -O1 execution test
XPASS: gfortran.dg/g77/cabs.f -O2 execution test
XPASS: gfortran.dg/g77/cabs.f -O3 -fomit-frame-pointer execution test
XPASS: gfortran.dg/g77/cabs.f -O3 -fomit-frame-pointer -funroll-loops execution test
XPASS: gfortran.dg/g77/cabs.f -O3 -fomit-frame-pointer -funroll-all-loops -finline-functions execution test
XPASS: gfortran.dg/g77/cabs.f -O3 -g execution test
XPASS: gfortran.dg/g77/cabs.f -Os execution test
WARNING: program timed out.
WARNING: program timed out.
FAIL: gfortran.fortran-torture/execute/intrinsic_abs.f90 execution, -O0
FAIL: gfortran.fortran-torture/execute/intrinsic_nearest.f90 execution, -O0
FAIL: gfortran.fortran-torture/execute/intrinsic_nearest.f90 execution, -O1
FAIL: gfortran.fortran-torture/execute/intrinsic_nearest.f90 execution, -O2
FAIL: gfortran.fortran-torture/execute/intrinsic_nearest.f90 execution, -O2 -fomit-frame-pointer -finline-functions
FAIL: gfortran.fortran-torture/execute/intrinsic_nearest.f90 execution, -O2 -fomit-frame-pointer -finline-functions -funroll-loops
FAIL: gfortran.fortran-torture/execute/intrinsic_nearest.f90 execution, -O2 -fbounds-check
FAIL: gfortran.fortran-torture/execute/intrinsic_nearest.f90 execution, -O3 -g
FAIL: gfortran.fortran-torture/execute/intrinsic_nearest.f90 execution, -Os
FAIL: gfortran.fortran-torture/execute/specifics.f90 execution, -O0
FAIL: gfortran.fortran-torture/execute/specifics.f90 execution, -O1
FAIL: gfortran.fortran-torture/execute/specifics.f90 execution, -O2
FAIL: gfortran.fortran-torture/execute/specifics.f90 execution, -O2 -fomit-frame-pointer -finline-functions
FAIL: gfortran.fortran-torture/execute/specifics.f90 execution, -O2 -fomit-frame-pointer -finline-functions -funroll-loops
FAIL: gfortran.fortran-torture/execute/specifics.f90 execution, -O2 -fbounds-check
FAIL: gfortran.fortran-torture/execute/specifics.f90 execution, -O3 -g
FAIL: gfortran.fortran-torture/execute/specifics.f90 execution, -Os
=== gfortran Summary for unix ===
# of expected passes 37380
# of unexpected failures 110
# of unexpected successes 7
# of expected failures 42
# of unsupported tests 66
Running target unix/-mabi=64
FAIL: gfortran.dg/complex_intrinsic_5.f90 -O0 execution test
FAIL: gfortran.dg/complex_intrinsic_5.f90 -O1 execution test
FAIL: gfortran.dg/complex_intrinsic_5.f90 -O2 execution test
FAIL: gfortran.dg/complex_intrinsic_5.f90 -O3 -fomit-frame-pointer execution test
FAIL: gfortran.dg/complex_intrinsic_5.f90 -O3 -fomit-frame-pointer -funroll-loops execution test
FAIL: gfortran.dg/complex_intrinsic_5.f90 -O3 -fomit-frame-pointer -funroll-all-loops -finline-functions execution test
FAIL: gfortran.dg/complex_intrinsic_5.f90 -O3 -g execution test
FAIL: gfortran.dg/complex_intrinsic_5.f90 -Os execution test
FAIL: gfortran.dg/default_format_1.f90 -O0 execution test
FAIL: gfortran.dg/default_format_1.f90 -O1 execution test
FAIL: gfortran.dg/default_format_1.f90 -O2 execution test
FAIL: gfortran.dg/default_format_1.f90 -O3 -fomit-frame-pointer execution test
FAIL: gfortran.dg/default_format_1.f90 -O3 -fomit-frame-pointer -funroll-loops execution test
FAIL: gfortran.dg/default_format_1.f90 -O3 -fomit-frame-pointer -funroll-all-loops -finline-functions execution test
FAIL: gfortran.dg/default_format_1.f90 -O3 -g execution test
FAIL: gfortran.dg/default_format_1.f90 -Os execution test
FAIL: gfortran.dg/default_format_denormal_1.f90 -O0 execution test
FAIL: gfortran.dg/default_format_denormal_1.f90 -O1 execution test
FAIL: gfortran.dg/default_format_denormal_1.f90 -O2 execution test
FAIL: gfortran.dg/default_format_denormal_1.f90 -O3 -fomit-frame-pointer execution test
FAIL: gfortran.dg/default_format_denormal_1.f90 -O3 -fomit-frame-pointer -funroll-loops execution test
FAIL: gfortran.dg/default_format_denormal_1.f90 -O3 -fomit-frame-pointer -funroll-all-loops -finline-functions execution test
FAIL: gfortran.dg/default_format_denormal_1.f90 -O3 -g execution test
FAIL: gfortran.dg/default_format_denormal_1.f90 -Os execution test
FAIL: gfortran.dg/default_format_denormal_2.f90 -O0 execution test
FAIL: gfortran.dg/default_format_denormal_2.f90 -O1 execution test
FAIL: gfortran.dg/default_format_denormal_2.f90 -O2 execution test
FAIL: gfortran.dg/default_format_denormal_2.f90 -O3 -fomit-frame-pointer execution test
FAIL: gfortran.dg/default_format_denormal_2.f90 -O3 -fomit-frame-pointer -funroll-loops execution test
FAIL: gfortran.dg/default_format_denormal_2.f90 -O3 -fomit-frame-pointer -funroll-all-loops -finline-functions execution test
FAIL: gfortran.dg/default_format_denormal_2.f90 -O3 -g execution test
FAIL: gfortran.dg/default_format_denormal_2.f90 -Os execution test
FAIL: gfortran.dg/integer_exponentiation_2.f90 -O0 execution test
FAIL: gfortran.dg/integer_exponentiation_2.f90 -O1 execution test
FAIL: gfortran.dg/integer_exponentiation_2.f90 -O2 execution test
FAIL: gfortran.dg/integer_exponentiation_2.f90 -O3 -fomit-frame-pointer execution test
FAIL: gfortran.dg/integer_exponentiation_2.f90 -O3 -fomit-frame-pointer -funroll-loops execution test
FAIL: gfortran.dg/integer_exponentiation_2.f90 -O3 -fomit-frame-pointer -funroll-all-loops -finline-functions execution test
FAIL: gfortran.dg/integer_exponentiation_2.f90 -O3 -g execution test
FAIL: gfortran.dg/integer_exponentiation_2.f90 -Os execution test
FAIL: gfortran.dg/large_real_kind_2.F90 -O1 execution test
FAIL: gfortran.dg/large_real_kind_2.F90 -O3 -fomit-frame-pointer -funroll-loops execution test
FAIL: gfortran.dg/large_real_kind_2.F90 -O3 -fomit-frame-pointer -funroll-all-loops -finline-functions execution test
FAIL: gfortran.dg/large_real_kind_2.F90 -Os execution test
FAIL: gfortran.dg/large_real_kind_form_io_2.f90 -O0 execution test
FAIL: gfortran.dg/large_real_kind_form_io_2.f90 -O1 execution test
FAIL: gfortran.dg/large_real_kind_form_io_2.f90 -O2 execution test
FAIL: gfortran.dg/large_real_kind_form_io_2.f90 -O3 -fomit-frame-pointer execution test
FAIL: gfortran.dg/large_real_kind_form_io_2.f90 -O3 -fomit-frame-pointer -funroll-loops execution test
FAIL: gfortran.dg/large_real_kind_form_io_2.f90 -O3 -fomit-frame-pointer -funroll-all-loops -finline-functions execution test
FAIL: gfortran.dg/large_real_kind_form_io_2.f90 -O3 -g execution test
FAIL: gfortran.dg/large_real_kind_form_io_2.f90 -Os execution test
FAIL: gfortran.dg/nan_3.f90 -O0 execution test
FAIL: gfortran.dg/nan_3.f90 -O1 execution test
FAIL: gfortran.dg/nan_3.f90 -O2 execution test
FAIL: gfortran.dg/nan_3.f90 -O3 -fomit-frame-pointer execution test
FAIL: gfortran.dg/nan_3.f90 -O3 -fomit-frame-pointer -funroll-loops execution test
FAIL: gfortran.dg/nan_3.f90 -O3 -fomit-frame-pointer -funroll-all-loops -finline-functions execution test
FAIL: gfortran.dg/nan_3.f90 -O3 -g execution test
FAIL: gfortran.dg/nan_3.f90 -Os execution test
FAIL: gfortran.dg/nan_6.f90 -O0 execution test
FAIL: gfortran.dg/nan_6.f90 -O1 execution test
FAIL: gfortran.dg/nan_6.f90 -O2 execution test
FAIL: gfortran.dg/nan_6.f90 -O3 -fomit-frame-pointer execution test
FAIL: gfortran.dg/nan_6.f90 -O3 -fomit-frame-pointer -funroll-loops execution test
FAIL: gfortran.dg/nan_6.f90 -O3 -fomit-frame-pointer -funroll-all-loops -finline-functions execution test
FAIL: gfortran.dg/nan_6.f90 -O3 -g execution test
FAIL: gfortran.dg/nan_6.f90 -Os execution test
FAIL: gfortran.dg/nearest_1.f90 -O0 execution test
FAIL: gfortran.dg/nearest_1.f90 -O1 execution test
FAIL: gfortran.dg/nearest_1.f90 -O2 execution test
FAIL: gfortran.dg/nearest_1.f90 -O3 -fomit-frame-pointer execution test
FAIL: gfortran.dg/nearest_1.f90 -O3 -fomit-frame-pointer -funroll-loops execution test
FAIL: gfortran.dg/nearest_1.f90 -O3 -fomit-frame-pointer -funroll-all-loops -finline-functions execution test
FAIL: gfortran.dg/nearest_1.f90 -O3 -g execution test
FAIL: gfortran.dg/nearest_1.f90 -Os execution test
FAIL: gfortran.dg/pr45636.f90 -O scan-tree-dump-times forwprop2 "memset" 0
FAIL: gfortran.dg/read_infnan_1.f90 -O0 execution test
FAIL: gfortran.dg/read_infnan_1.f90 -O1 execution test
FAIL: gfortran.dg/read_infnan_1.f90 -O2 execution test
FAIL: gfortran.dg/read_infnan_1.f90 -O3 -fomit-frame-pointer execution test
FAIL: gfortran.dg/read_infnan_1.f90 -O3 -fomit-frame-pointer -funroll-loops execution test
FAIL: gfortran.dg/read_infnan_1.f90 -O3 -fomit-frame-pointer -funroll-all-loops -finline-functions execution test
FAIL: gfortran.dg/read_infnan_1.f90 -O3 -g execution test
FAIL: gfortran.dg/read_infnan_1.f90 -Os execution test
FAIL: gfortran.dg/specifics_1.f90 -O0 execution test
FAIL: gfortran.dg/specifics_1.f90 -O1 execution test
FAIL: gfortran.dg/specifics_1.f90 -O2 execution test
FAIL: gfortran.dg/specifics_1.f90 -O3 -fomit-frame-pointer execution test
FAIL: gfortran.dg/specifics_1.f90 -O3 -fomit-frame-pointer -funroll-loops execution test
FAIL: gfortran.dg/specifics_1.f90 -O3 -fomit-frame-pointer -funroll-all-loops -finline-functions execution test
FAIL: gfortran.dg/specifics_1.f90 -O3 -g execution test
FAIL: gfortran.dg/specifics_1.f90 -Os execution test
XPASS: gfortran.dg/g77/cabs.f -O1 execution test
XPASS: gfortran.dg/g77/cabs.f -O2 execution test
XPASS: gfortran.dg/g77/cabs.f -O3 -fomit-frame-pointer execution test
XPASS: gfortran.dg/g77/cabs.f -O3 -fomit-frame-pointer -funroll-loops execution test
XPASS: gfortran.dg/g77/cabs.f -O3 -fomit-frame-pointer -funroll-all-loops -finline-functions execution test
XPASS: gfortran.dg/g77/cabs.f -O3 -g execution test
XPASS: gfortran.dg/g77/cabs.f -Os execution test
WARNING: program timed out.
FAIL: gfortran.fortran-torture/execute/intrinsic_abs.f90 execution, -O0
FAIL: gfortran.fortran-torture/execute/intrinsic_nearest.f90 execution, -O0
FAIL: gfortran.fortran-torture/execute/intrinsic_nearest.f90 execution, -O1
FAIL: gfortran.fortran-torture/execute/intrinsic_nearest.f90 execution, -O2
FAIL: gfortran.fortran-torture/execute/intrinsic_nearest.f90 execution, -O2 -fomit-frame-pointer -finline-functions
FAIL: gfortran.fortran-torture/execute/intrinsic_nearest.f90 execution, -O2 -fomit-frame-pointer -finline-functions -funroll-loops
FAIL: gfortran.fortran-torture/execute/intrinsic_nearest.f90 execution, -O2 -fbounds-check
FAIL: gfortran.fortran-torture/execute/intrinsic_nearest.f90 execution, -O3 -g
FAIL: gfortran.fortran-torture/execute/intrinsic_nearest.f90 execution, -Os
FAIL: gfortran.fortran-torture/execute/specifics.f90 execution, -O0
FAIL: gfortran.fortran-torture/execute/specifics.f90 execution, -O1
FAIL: gfortran.fortran-torture/execute/specifics.f90 execution, -O2
FAIL: gfortran.fortran-torture/execute/specifics.f90 execution, -O2 -fomit-frame-pointer -finline-functions
FAIL: gfortran.fortran-torture/execute/specifics.f90 execution, -O2 -fomit-frame-pointer -finline-functions -funroll-loops
FAIL: gfortran.fortran-torture/execute/specifics.f90 execution, -O2 -fbounds-check
FAIL: gfortran.fortran-torture/execute/specifics.f90 execution, -O3 -g
FAIL: gfortran.fortran-torture/execute/specifics.f90 execution, -Os
=== gfortran Summary for unix/-mabi=64 ===
# of expected passes 37380
# of unexpected failures 110
# of unexpected successes 7
# of expected failures 42
# of unsupported tests 66
=== gfortran Summary ===
# of expected passes 74760
# of unexpected failures 220
# of unexpected successes 14
# of expected failures 84
# of unsupported tests 132
/var/gcc/regression/trunk/6.5-gcc/build/gcc/testsuite/gfortran/../../gfortran version 4.6.0 20110211 (experimental) [trunk revision 170052] (GCC)
=== gnat tests ===
Running target unix
FAIL: gnat.dg/frame_overflow.adb (test for excess errors)
FAIL: gnat.dg/null_pointer_deref2.adb execution test
FAIL: gnat.dg/stack_check1.adb execution test
FAIL: gnat.dg/stack_check2.adb execution test
WARNING: program timed out.
FAIL: gnat.dg/test_prio.adb execution test
FAIL: gnat.dg/specs/addr1.ads (test for bogus messages, line 24)
FAIL: gnat.dg/specs/addr1.ads (test for excess errors)
=== gnat Summary for unix ===
# of expected passes 852
# of unexpected failures 7
# of expected failures 10
# of unsupported tests 5
Running target unix/-mabi=64
FAIL: gnat.dg/align_max.adb execution test
FAIL: gnat.dg/allocator_maxalign1.adb execution test
FAIL: gnat.dg/null_pointer_deref1.adb execution test
FAIL: gnat.dg/null_pointer_deref2.adb execution test
FAIL: gnat.dg/stack_check1.adb execution test
FAIL: gnat.dg/stack_check2.adb execution test
FAIL: gnat.dg/test_allocator_maxalign2.adb execution test
=== gnat Summary for unix/-mabi=64 ===
# of expected passes 852
# of unexpected failures 7
# of expected failures 10
# of unsupported tests 5
=== gnat Summary ===
# of expected passes 1704
# of unexpected failures 14
# of expected failures 20
# of unsupported tests 10
/var/gcc/regression/trunk/6.5-gcc/build/gcc/gnatmake version 4.6.0 20110211 (experimental) [trunk revision 170052]
=== objc tests ===
Running target unix
FAIL: objc.dg/stabs-1.m scan-assembler (.SUBSPA.*[\$]CODE[\$]|.text"?)\\n\\t.stabs.*100,0,0,([.\$])?L?L[\$]?etext[0-9]*\\n([.\$])?L?L[\$]?etext
=== objc Summary for unix ===
# of expected passes 2898
# of unexpected failures 1
# of expected failures 10
# of unsupported tests 74
Running target unix/-mabi=64
FAIL: objc.dg/stabs-1.m scan-assembler (.SUBSPA.*[\$]CODE[\$]|.text"?)\\n\\t.stabs.*100,0,0,([.\$])?L?L[\$]?etext[0-9]*\\n([.\$])?L?L[\$]?etext
=== objc Summary for unix/-mabi=64 ===
# of expected passes 2898
# of unexpected failures 1
# of expected failures 10
# of unsupported tests 74
=== objc Summary ===
# of expected passes 5796
# of unexpected failures 2
# of expected failures 20
# of unsupported tests 148
/var/gcc/regression/trunk/6.5-gcc/build/gcc/xgcc version 4.6.0 20110211 (experimental) [trunk revision 170052] (GCC)
=== boehm-gc tests ===
Running target unix
=== boehm-gc Summary for unix ===
# of expected passes 12
# of unsupported tests 1
Running target unix/-mabi=64
FAIL: staticrootslib.lo -O2 (test for excess errors)
FAIL: boehm-gc.lib/staticrootstest.c -O2 (test for excess errors)
WARNING: boehm-gc.lib/staticrootstest.c -O2 compilation failed to produce executable
=== boehm-gc Summary for unix/-mabi=64 ===
# of expected passes 9
# of unexpected failures 2
# of unsupported tests 1
=== boehm-gc Summary ===
# of expected passes 21
# of unexpected failures 2
# of unsupported tests 2
=== libffi tests ===
Running target unix
FAIL: libffi.call/cls_double_va.c -O0 -W -Wall output pattern test, is 0.0
FAIL: libffi.call/cls_longdouble_va.c -O0 -W -Wall output pattern test, is 0.0
FAIL: libffi.call/cls_double_va.c -O2 output pattern test, is 0.0
FAIL: libffi.call/cls_longdouble_va.c -O2 output pattern test, is 0.0
FAIL: libffi.call/cls_double_va.c -O3 output pattern test, is 0.0
FAIL: libffi.call/cls_longdouble_va.c -O3 output pattern test, is 0.0
FAIL: libffi.call/cls_double_va.c -Os output pattern test, is 0.0
FAIL: libffi.call/cls_longdouble_va.c -Os output pattern test, is 0.0
FAIL: libffi.call/cls_double_va.c -O2 -fomit-frame-pointer output pattern test, is 0.0
FAIL: libffi.call/cls_longdouble_va.c -O2 -fomit-frame-pointer output pattern test, is 0.0
=== libffi Summary for unix ===
# of expected passes 1624
# of unexpected failures 10
# of expected failures 10
# of unsupported tests 15
Running target unix/-mabi=64
FAIL: libffi.call/cls_double_va.c -O0 -W -Wall output pattern test, is 0.0
FAIL: libffi.call/cls_longdouble_va.c -O0 -W -Wall output pattern test, is 0.0
FAIL: libffi.call/cls_double_va.c -O2 output pattern test, is 0.0
FAIL: libffi.call/cls_longdouble_va.c -O2 output pattern test, is 0.0
FAIL: libffi.call/cls_double_va.c -O3 output pattern test, is 0.0
FAIL: libffi.call/cls_longdouble_va.c -O3 output pattern test, is 0.0
FAIL: libffi.call/cls_double_va.c -Os output pattern test, is 0.0
FAIL: libffi.call/cls_longdouble_va.c -Os output pattern test, is 0.0
FAIL: libffi.call/cls_double_va.c -O2 -fomit-frame-pointer output pattern test, is 0.0
FAIL: libffi.call/cls_longdouble_va.c -O2 -fomit-frame-pointer output pattern test, is 0.0
=== libffi Summary for unix/-mabi=64 ===
# of expected passes 1624
# of unexpected failures 10
# of expected failures 10
# of unsupported tests 15
=== libffi Summary ===
# of expected passes 3248
# of unexpected failures 20
# of expected failures 20
# of unsupported tests 30
=== libgomp tests ===
Running target unix
=== libgomp Summary for unix ===
# of expected passes 2522
# of unsupported tests 2
Running target unix/-mabi=64
=== libgomp Summary for unix/-mabi=64 ===
# of expected passes 2522
# of unsupported tests 2
=== libgomp Summary ===
# of expected passes 5044
# of unsupported tests 4
=== libjava tests ===
Running target unix
WARNING: program timed out.
FAIL: getstacktrace run
WARNING: program timed out.
FAIL: getallthreads run
FAIL: FileHandleGcTest execution - source compiled test
FAIL: FileHandleGcTest -findirect-dispatch execution - source compiled test
FAIL: FileHandleGcTest -O3 execution - source compiled test
FAIL: FileHandleGcTest -O3 -findirect-dispatch execution - source compiled test
FAIL: Thread_Interrupt output - source compiled test
FAIL: Thread_Interrupt -findirect-dispatch output - source compiled test
FAIL: Thread_Interrupt -O3 output - source compiled test
FAIL: Thread_Interrupt -O3 -findirect-dispatch output - source compiled test
FAIL: Throw_2 execution - source compiled test
FAIL: Throw_2 -findirect-dispatch execution - source compiled test
FAIL: Throw_2 -O3 execution - source compiled test
FAIL: Throw_2 -O3 -findirect-dispatch execution - source compiled test
=== libjava Summary for unix ===
# of expected passes 2552
# of unexpected failures 14
# of untested testcases 10
Running target unix/-mabi=64
WARNING: program timed out.
FAIL: getstacktrace run
WARNING: program timed out.
FAIL: getallthreads run
FAIL: FileHandleGcTest execution - source compiled test
FAIL: FileHandleGcTest -findirect-dispatch execution - source compiled test
FAIL: FileHandleGcTest -O3 execution - source compiled test
FAIL: FileHandleGcTest -O3 -findirect-dispatch execution - source compiled test
FAIL: Process_1 -findirect-dispatch output - source compiled test
FAIL: Process_1 -O3 output - source compiled test
FAIL: Process_2 -findirect-dispatch output - source compiled test
FAIL: Process_2 -O3 output - source compiled test
FAIL: Process_2 -O3 -findirect-dispatch output - source compiled test
FAIL: Process_7 -O3 -findirect-dispatch output - source compiled test
FAIL: Thread_Interrupt output - source compiled test
FAIL: Thread_Interrupt -findirect-dispatch output - source compiled test
FAIL: Thread_Interrupt -O3 output - source compiled test
FAIL: Thread_Interrupt -O3 -findirect-dispatch output - source compiled test
FAIL: Throw_2 execution - source compiled test
FAIL: Throw_2 -findirect-dispatch execution - source compiled test
FAIL: Throw_2 -O3 execution - source compiled test
FAIL: Throw_2 -O3 -findirect-dispatch execution - source compiled test
=== libjava Summary for unix/-mabi=64 ===
# of expected passes 2546
# of unexpected failures 20
# of untested testcases 10
=== libjava Summary ===
# of expected passes 5098
# of unexpected failures 34
# of untested testcases 20
=== libstdc++ tests ===
Running target unix
FAIL: 18_support/numeric_limits/epsilon.cc execution test
FAIL: 21_strings/basic_string/inserters_extractors/wchar_t/1.cc execution test
FAIL: 21_strings/basic_string/inserters_extractors/wchar_t/11.cc execution test
FAIL: 21_strings/basic_string/inserters_extractors/wchar_t/5.cc execution test
FAIL: 22_locale/ctype/cons/char/1.cc execution test
FAIL: 22_locale/ctype/is/wchar_t/1.cc execution test
FAIL: 22_locale/ctype/scan/wchar_t/1.cc execution test
FAIL: 22_locale/money_get/get/wchar_t/19.cc execution test
FAIL: 22_locale/money_get/get/wchar_t/8.cc execution test
FAIL: 26_numerics/complex/inserters_extractors/wchar_t/1.cc execution test
FAIL: 26_numerics/headers/cmath/c99_classification_macros_c.cc (test for excess errors)
FAIL: 27_io/basic_istream/extractors_arithmetic/char/12.cc execution test
FAIL: 27_io/basic_istream/extractors_arithmetic/wchar_t/01.cc execution test
FAIL: 27_io/basic_istream/extractors_arithmetic/wchar_t/07.cc execution test
FAIL: 27_io/basic_istream/extractors_arithmetic/wchar_t/08.cc execution test
FAIL: 27_io/basic_istream/extractors_arithmetic/wchar_t/10.cc execution test
FAIL: 27_io/basic_istream/extractors_arithmetic/wchar_t/12.cc execution test
FAIL: 27_io/basic_istream/extractors_arithmetic/wchar_t/13.cc execution test
FAIL: 27_io/basic_istream/extractors_character/wchar_t/1.cc execution test
FAIL: 27_io/basic_istream/extractors_character/wchar_t/11095-i.cc execution test
FAIL: 27_io/basic_istream/extractors_character/wchar_t/2.cc execution test
FAIL: 27_io/basic_istream/extractors_character/wchar_t/3.cc execution test
FAIL: 27_io/basic_istream/extractors_character/wchar_t/4.cc execution test
FAIL: 27_io/basic_istream/sentry/wchar_t/2.cc execution test
FAIL: 27_io/basic_istream/ws/wchar_t/1.cc execution test
=== libstdc++ Summary for unix ===
# of expected passes 6854
# of unexpected failures 25
# of expected failures 82
# of unsupported tests 707
Running target unix/-mabi=64
FAIL: 18_support/numeric_limits/epsilon.cc execution test
FAIL: 21_strings/basic_string/inserters_extractors/wchar_t/1.cc execution test
FAIL: 21_strings/basic_string/inserters_extractors/wchar_t/11.cc execution test
FAIL: 21_strings/basic_string/inserters_extractors/wchar_t/5.cc execution test
FAIL: 22_locale/ctype/cons/char/1.cc execution test
FAIL: 22_locale/ctype/is/wchar_t/1.cc execution test
FAIL: 22_locale/ctype/scan/wchar_t/1.cc execution test
FAIL: 22_locale/money_get/get/wchar_t/19.cc execution test
FAIL: 22_locale/money_get/get/wchar_t/8.cc execution test
FAIL: 26_numerics/complex/inserters_extractors/wchar_t/1.cc execution test
FAIL: 26_numerics/headers/cmath/c99_classification_macros_c.cc (test for excess errors)
FAIL: 27_io/basic_istream/extractors_arithmetic/char/12.cc execution test
FAIL: 27_io/basic_istream/extractors_arithmetic/wchar_t/01.cc execution test
FAIL: 27_io/basic_istream/extractors_arithmetic/wchar_t/07.cc execution test
FAIL: 27_io/basic_istream/extractors_arithmetic/wchar_t/08.cc execution test
FAIL: 27_io/basic_istream/extractors_arithmetic/wchar_t/10.cc execution test
FAIL: 27_io/basic_istream/extractors_arithmetic/wchar_t/12.cc execution test
FAIL: 27_io/basic_istream/extractors_arithmetic/wchar_t/13.cc execution test
FAIL: 27_io/basic_istream/extractors_character/wchar_t/1.cc execution test
FAIL: 27_io/basic_istream/extractors_character/wchar_t/11095-i.cc execution test
FAIL: 27_io/basic_istream/extractors_character/wchar_t/2.cc execution test
FAIL: 27_io/basic_istream/extractors_character/wchar_t/3.cc execution test
FAIL: 27_io/basic_istream/extractors_character/wchar_t/4.cc execution test
FAIL: 27_io/basic_istream/sentry/wchar_t/2.cc execution test
FAIL: 27_io/basic_istream/ws/wchar_t/1.cc execution test
=== libstdc++ Summary for unix/-mabi=64 ===
# of expected passes 6854
# of unexpected failures 25
# of expected failures 82
# of unsupported tests 707
=== libstdc++ Summary ===
# of expected passes 13708
# of unexpected failures 50
# of expected failures 164
# of unsupported tests 1414
=== libstdc++ Summary ===
Compiler version: 4.6.0 20110211 (experimental) [trunk revision 170052] (GCC)
Platform: mips-sgi-irix6.5
configure flags: --prefix=/vol/gcc --target=mips-sgi-irix6.5 --enable-checking=release --with-libelf=/vol/gcc --enable-libgcj --with-as=/vol/gcc/bin/gas-2.21 --with-gnu-as --with-gmp=/vol/gcc --with-mpfr=/vol/gcc --with-mpc=/vol/gcc --enable-languages=all,ada
BOOT_CFLAGS=-g -O2
-----------------------------------------------------------------------------
Rainer Orth, Center for Biotechnology, Bielefeld University