This is the mail archive of the
gcc-testresults@gcc.gnu.org
mailing list for the GCC project.
Results for 4.6.0 20110214 (experimental) [trunk revision 170122] (GCC) testsuite on sparc-sun-solaris2.10
- From: Sean McGovern <sean at seanmcgovern dot ca>
- To: gcc-testresults at gcc dot gnu dot org
- Date: Mon, 14 Feb 2011 17:54:45 -0500 (EST)
- Subject: Results for 4.6.0 20110214 (experimental) [trunk revision 170122] (GCC) testsuite on sparc-sun-solaris2.10
\$ uname -a
SunOS spark 5.10 Generic_141444-09 sun4u sparc SUNW,Sun-Blade-1000
\$ cat /etc/release
Solaris 10 10/09 s10s_u8wos_08a SPARC
Copyright 2009 Sun Microsystems, Inc. All Rights Reserved.
Use is subject to license terms.
Assembled 16 September 2009
\$ /usr/local/bin/as --version
GNU assembler (GNU Binutils) 2.21
\$ /usr/ccs/bin/ld -V
ld: Software Generation Utilities - Solaris Link Editors: 5.10-1.497
\$ /usr/sbin/psrinfo -pv
The physical processor has 1 virtual processor (0)
UltraSPARC-III (portid 0 impl 0x14 ver 0x34 clock 750 MHz)
Bootstrapped with:
\$ /usr/sfw/bin/gcc -v
Reading specs from /usr/sfw/lib/gcc/sparc-sun-solaris2.10/3.4.3/specs
Configured with: /sfw10/builds/build/sfw10-patch/usr/src/cmd/gcc/gcc-3.4.3/configure --prefix=/usr/sfw --with-as=/usr/ccs/bin/as --without-gnu-as --with-ld=/usr/ccs/bin/ld --without-gnu-ld --enable-languages=c,c++ --enable-shared
Thread model: posix
gcc version 3.4.3 (csl-sol210-3_4-branch+sol_rpath)
LAST_UPDATED: Mon Feb 14 05:16:39 UTC 2011 (revision 170122)
Native configuration is sparc-sun-solaris2.10
=== gcc tests ===
Running target unix/-m64
FAIL: gcc.c-torture/compile/limits-exprparen.c -O0 (internal compiler error)
FAIL: gcc.c-torture/compile/limits-exprparen.c -O0 (test for excess errors)
FAIL: gcc.c-torture/compile/limits-exprparen.c -O1 (internal compiler error)
FAIL: gcc.c-torture/compile/limits-exprparen.c -O1 (test for excess errors)
FAIL: gcc.c-torture/compile/limits-exprparen.c -O2 (internal compiler error)
FAIL: gcc.c-torture/compile/limits-exprparen.c -O2 (test for excess errors)
FAIL: gcc.c-torture/compile/limits-exprparen.c -O3 -fomit-frame-pointer (internal compiler error)
FAIL: gcc.c-torture/compile/limits-exprparen.c -O3 -fomit-frame-pointer (test for excess errors)
FAIL: gcc.c-torture/compile/limits-exprparen.c -O3 -g (internal compiler error)
FAIL: gcc.c-torture/compile/limits-exprparen.c -O3 -g (test for excess errors)
FAIL: gcc.c-torture/compile/limits-exprparen.c -Os (internal compiler error)
FAIL: gcc.c-torture/compile/limits-exprparen.c -Os (test for excess errors)
FAIL: gcc.c-torture/compile/limits-exprparen.c -O2 -flto -flto-partition=none (internal compiler error)
FAIL: gcc.c-torture/compile/limits-exprparen.c -O2 -flto -flto-partition=none (test for excess errors)
FAIL: gcc.c-torture/compile/limits-exprparen.c -O2 -flto (internal compiler error)
FAIL: gcc.c-torture/compile/limits-exprparen.c -O2 -flto (test for excess errors)
FAIL: gcc.misc-tests/gcov-1.c gcov failed: spawn failed
FAIL: gcc.misc-tests/gcov-10.c gcov failed: spawn failed
FAIL: gcc.misc-tests/gcov-10b.c gcov failed: spawn failed
FAIL: gcc.misc-tests/gcov-11.c gcov failed: spawn failed
FAIL: gcc.misc-tests/gcov-2.c gcov failed: spawn failed
FAIL: gcc.misc-tests/gcov-3.c gcov failed: spawn failed
FAIL: gcc.misc-tests/gcov-4.c gcov failed: spawn failed
FAIL: gcc.misc-tests/gcov-4b.c gcov failed: spawn failed
FAIL: gcc.misc-tests/gcov-5b.c gcov failed: spawn failed
FAIL: gcc.misc-tests/gcov-6.c gcov failed: spawn failed
FAIL: gcc.misc-tests/gcov-7.c gcov failed: spawn failed
FAIL: gcc.misc-tests/gcov-8.c gcov failed: spawn failed
FAIL: gcc.misc-tests/gcov-9.c gcov failed: spawn failed
=== gcc Summary ===
# of expected passes 69827
# of unexpected failures 29
# of expected failures 228
# of unsupported tests 1166
/var/opt/BUILD/gcc/obj-170122/gcc/xgcc version 4.6.0 20110214 (experimental) [trunk revision 170122] (GCC)
=== gcc tests ===
Running target unix
FAIL: gcc.c-torture/compile/limits-exprparen.c -O0 (internal compiler error)
FAIL: gcc.c-torture/compile/limits-exprparen.c -O0 (test for excess errors)
FAIL: gcc.c-torture/compile/limits-exprparen.c -O1 (internal compiler error)
FAIL: gcc.c-torture/compile/limits-exprparen.c -O1 (test for excess errors)
FAIL: gcc.c-torture/compile/limits-exprparen.c -O2 (internal compiler error)
FAIL: gcc.c-torture/compile/limits-exprparen.c -O2 (test for excess errors)
FAIL: gcc.c-torture/compile/limits-exprparen.c -O3 -fomit-frame-pointer (internal compiler error)
FAIL: gcc.c-torture/compile/limits-exprparen.c -O3 -fomit-frame-pointer (test for excess errors)
FAIL: gcc.c-torture/compile/limits-exprparen.c -O3 -g (internal compiler error)
FAIL: gcc.c-torture/compile/limits-exprparen.c -O3 -g (test for excess errors)
FAIL: gcc.c-torture/compile/limits-exprparen.c -Os (internal compiler error)
FAIL: gcc.c-torture/compile/limits-exprparen.c -Os (test for excess errors)
FAIL: gcc.c-torture/compile/limits-exprparen.c -O2 -flto -flto-partition=none (internal compiler error)
FAIL: gcc.c-torture/compile/limits-exprparen.c -O2 -flto -flto-partition=none (test for excess errors)
FAIL: gcc.c-torture/compile/limits-exprparen.c -O2 -flto (internal compiler error)
FAIL: gcc.c-torture/compile/limits-exprparen.c -O2 -flto (test for excess errors)
FAIL: gcc.c-torture/compile/limits-structnest.c -O2 (test for excess errors)
FAIL: gcc.c-torture/compile/limits-structnest.c -O3 -fomit-frame-pointer (test for excess errors)
FAIL: gcc.dg/lto/20110201-1 c_lto_20110201-1_0.o-c_lto_20110201-1_0.o link, -O0 -flto
UNRESOLVED: gcc.dg/lto/20110201-1 c_lto_20110201-1_0.o-c_lto_20110201-1_0.o execute -O0 -flto
FAIL: gcc.misc-tests/gcov-1.c gcov failed: spawn failed
FAIL: gcc.misc-tests/gcov-10.c gcov failed: spawn failed
FAIL: gcc.misc-tests/gcov-10b.c gcov failed: spawn failed
FAIL: gcc.misc-tests/gcov-11.c gcov failed: spawn failed
FAIL: gcc.misc-tests/gcov-2.c gcov failed: spawn failed
FAIL: gcc.misc-tests/gcov-3.c gcov failed: spawn failed
FAIL: gcc.misc-tests/gcov-4.c gcov failed: spawn failed
FAIL: gcc.misc-tests/gcov-4b.c gcov failed: spawn failed
FAIL: gcc.misc-tests/gcov-5b.c gcov failed: spawn failed
FAIL: gcc.misc-tests/gcov-6.c gcov failed: spawn failed
FAIL: gcc.misc-tests/gcov-7.c gcov failed: spawn failed
FAIL: gcc.misc-tests/gcov-8.c gcov failed: spawn failed
FAIL: gcc.misc-tests/gcov-9.c gcov failed: spawn failed
=== gcc Summary ===
# of expected passes 69232
# of unexpected failures 32
# of expected failures 237
# of unresolved testcases 1
# of unsupported tests 1163
/var/opt/BUILD/gcc/obj-170122/gcc/xgcc version 4.6.0 20110214 (experimental) [trunk revision 170122] (GCC)
Compiler version: 4.6.0 20110214 (experimental) [trunk revision 170122] (GCC)
Platform: sparc-sun-solaris2.10
configure flags: --prefix=/var/opt/BUILD/gcc/170122 --target=sparc-sun-solaris2.10 --with-gnu-as --with-as=/usr/local/bin/as --with-gmp=/local/gcc --with-mpfr=/local/gcc --with-mpc=/local/gcc --enable-languages=c --disable-libssp
BOOT_CFLAGS=-g -O2