This is the mail archive of the gcc-testresults@gcc.gnu.org mailing list for the GCC project.


Index Nav: [Date Index] [Subject Index] [Author Index] [Thread Index]
Message Nav: [Date Prev] [Date Next] [Thread Prev] [Thread Next]
Other format: [Raw text]

Results for 4.6.0 20110208 (experimental) [trunk revision 169953] (GCC) gcc testsuite on mmix-knuth-mmixware


Debian 5 on x86_64
cross tool versions:
GNU assembler (GNU Binutils) 2.18.50.20080419
GNU ld (GNU Binutils) 2.18.50.20080419

GNU Make 3.81
expect version 5.43.0
host gcc version: gcc (GCC) 4.6.0 20110207 (experimental) [trunk revision 169905]
LAST_UPDATED: Tue Feb  8 23:53:42 UTC 2011 (revision 169953)

Target is mmix-knuth-mmixware
Host   is x86_64-unknown-linux-gnu

		=== gcc tests ===


Running target mmixware-sim
FAIL: gcc.c-torture/execute/builtins/memcpy-chk.c execution,  -O2 
FAIL: gcc.c-torture/execute/builtins/memcpy-chk.c execution,  -O3 -fomit-frame-pointer 
FAIL: gcc.c-torture/execute/builtins/memcpy-chk.c execution,  -O3 -fomit-frame-pointer -funroll-loops 
FAIL: gcc.c-torture/execute/builtins/memcpy-chk.c execution,  -O3 -fomit-frame-pointer -funroll-all-loops -finline-functions 
FAIL: gcc.c-torture/execute/builtins/memcpy-chk.c execution,  -O3 -g 
FAIL: gcc.c-torture/execute/builtins/memcpy-chk.c execution,  -Os 
FAIL: gcc.c-torture/execute/builtins/memcpy-chk.c execution,  -O2 -flto -flto-partition=none 
FAIL: gcc.c-torture/execute/builtins/memcpy-chk.c execution,  -O2 -flto 
FAIL: gcc.c-torture/execute/builtins/memmove-chk.c execution,  -O2 
FAIL: gcc.c-torture/execute/builtins/memmove-chk.c execution,  -O3 -fomit-frame-pointer 
FAIL: gcc.c-torture/execute/builtins/memmove-chk.c execution,  -O3 -fomit-frame-pointer -funroll-loops 
FAIL: gcc.c-torture/execute/builtins/memmove-chk.c execution,  -O3 -fomit-frame-pointer -funroll-all-loops -finline-functions 
FAIL: gcc.c-torture/execute/builtins/memmove-chk.c execution,  -O3 -g 
FAIL: gcc.c-torture/execute/builtins/memmove-chk.c execution,  -Os 
FAIL: gcc.c-torture/execute/builtins/memmove-chk.c execution,  -O2 -flto -flto-partition=none 
FAIL: gcc.c-torture/execute/builtins/memmove-chk.c execution,  -O2 -flto 
FAIL: gcc.c-torture/execute/builtins/mempcpy-chk.c execution,  -O2 
FAIL: gcc.c-torture/execute/builtins/mempcpy-chk.c execution,  -O3 -fomit-frame-pointer 
FAIL: gcc.c-torture/execute/builtins/mempcpy-chk.c execution,  -O3 -fomit-frame-pointer -funroll-loops 
FAIL: gcc.c-torture/execute/builtins/mempcpy-chk.c execution,  -O3 -fomit-frame-pointer -funroll-all-loops -finline-functions 
FAIL: gcc.c-torture/execute/builtins/mempcpy-chk.c execution,  -O3 -g 
FAIL: gcc.c-torture/execute/builtins/mempcpy-chk.c execution,  -Os 
FAIL: gcc.c-torture/execute/builtins/mempcpy-chk.c execution,  -O2 -flto -flto-partition=none 
FAIL: gcc.c-torture/execute/builtins/mempcpy-chk.c execution,  -O2 -flto 
FAIL: gcc.c-torture/execute/builtins/memset-chk.c execution,  -O1 
FAIL: gcc.c-torture/execute/builtins/memset-chk.c execution,  -O2 
FAIL: gcc.c-torture/execute/builtins/memset-chk.c execution,  -O3 -fomit-frame-pointer 
FAIL: gcc.c-torture/execute/builtins/memset-chk.c execution,  -O3 -fomit-frame-pointer -funroll-loops 
FAIL: gcc.c-torture/execute/builtins/memset-chk.c execution,  -O3 -fomit-frame-pointer -funroll-all-loops -finline-functions 
FAIL: gcc.c-torture/execute/builtins/memset-chk.c execution,  -O3 -g 
FAIL: gcc.c-torture/execute/builtins/memset-chk.c execution,  -Os 
FAIL: gcc.c-torture/execute/builtins/memset-chk.c execution,  -O2 -flto -flto-partition=none 
FAIL: gcc.c-torture/execute/builtins/memset-chk.c execution,  -O2 -flto 
FAIL: gcc.c-torture/execute/builtins/snprintf-chk.c execution,  -O2 
FAIL: gcc.c-torture/execute/builtins/snprintf-chk.c execution,  -O3 -fomit-frame-pointer 
FAIL: gcc.c-torture/execute/builtins/snprintf-chk.c execution,  -O3 -fomit-frame-pointer -funroll-loops 
FAIL: gcc.c-torture/execute/builtins/snprintf-chk.c execution,  -O3 -fomit-frame-pointer -funroll-all-loops -finline-functions 
FAIL: gcc.c-torture/execute/builtins/snprintf-chk.c execution,  -O3 -g 
FAIL: gcc.c-torture/execute/builtins/snprintf-chk.c execution,  -Os 
FAIL: gcc.c-torture/execute/builtins/snprintf-chk.c execution,  -O2 -flto -flto-partition=none 
FAIL: gcc.c-torture/execute/builtins/snprintf-chk.c execution,  -O2 -flto 
FAIL: gcc.c-torture/execute/builtins/sprintf-chk.c execution,  -O2 
FAIL: gcc.c-torture/execute/builtins/sprintf-chk.c execution,  -O3 -fomit-frame-pointer 
FAIL: gcc.c-torture/execute/builtins/sprintf-chk.c execution,  -O3 -fomit-frame-pointer -funroll-loops 
FAIL: gcc.c-torture/execute/builtins/sprintf-chk.c execution,  -O3 -fomit-frame-pointer -funroll-all-loops -finline-functions 
FAIL: gcc.c-torture/execute/builtins/sprintf-chk.c execution,  -O3 -g 
FAIL: gcc.c-torture/execute/builtins/sprintf-chk.c execution,  -Os 
FAIL: gcc.c-torture/execute/builtins/sprintf-chk.c execution,  -O2 -flto -flto-partition=none 
FAIL: gcc.c-torture/execute/builtins/sprintf-chk.c execution,  -O2 -flto 
FAIL: gcc.c-torture/execute/builtins/stpcpy-chk.c execution,  -O2 
FAIL: gcc.c-torture/execute/builtins/stpcpy-chk.c execution,  -O3 -fomit-frame-pointer 
FAIL: gcc.c-torture/execute/builtins/stpcpy-chk.c execution,  -O3 -fomit-frame-pointer -funroll-loops 
FAIL: gcc.c-torture/execute/builtins/stpcpy-chk.c execution,  -O3 -fomit-frame-pointer -funroll-all-loops -finline-functions 
FAIL: gcc.c-torture/execute/builtins/stpcpy-chk.c execution,  -O3 -g 
FAIL: gcc.c-torture/execute/builtins/stpcpy-chk.c execution,  -Os 
FAIL: gcc.c-torture/execute/builtins/stpcpy-chk.c execution,  -O2 -flto -flto-partition=none 
FAIL: gcc.c-torture/execute/builtins/stpcpy-chk.c execution,  -O2 -flto 
FAIL: gcc.c-torture/execute/builtins/strcat-chk.c execution,  -O2 
FAIL: gcc.c-torture/execute/builtins/strcat-chk.c execution,  -O3 -fomit-frame-pointer 
FAIL: gcc.c-torture/execute/builtins/strcat-chk.c execution,  -O3 -fomit-frame-pointer -funroll-loops 
FAIL: gcc.c-torture/execute/builtins/strcat-chk.c execution,  -O3 -fomit-frame-pointer -funroll-all-loops -finline-functions 
FAIL: gcc.c-torture/execute/builtins/strcat-chk.c execution,  -O3 -g 
FAIL: gcc.c-torture/execute/builtins/strcat-chk.c execution,  -Os 
FAIL: gcc.c-torture/execute/builtins/strcat-chk.c execution,  -O2 -flto -flto-partition=none 
FAIL: gcc.c-torture/execute/builtins/strcat-chk.c execution,  -O2 -flto 
FAIL: gcc.c-torture/execute/builtins/strcpy-chk.c execution,  -O2 
FAIL: gcc.c-torture/execute/builtins/strcpy-chk.c execution,  -O3 -fomit-frame-pointer 
FAIL: gcc.c-torture/execute/builtins/strcpy-chk.c execution,  -O3 -fomit-frame-pointer -funroll-loops 
FAIL: gcc.c-torture/execute/builtins/strcpy-chk.c execution,  -O3 -fomit-frame-pointer -funroll-all-loops -finline-functions 
FAIL: gcc.c-torture/execute/builtins/strcpy-chk.c execution,  -O3 -g 
FAIL: gcc.c-torture/execute/builtins/strcpy-chk.c execution,  -Os 
FAIL: gcc.c-torture/execute/builtins/strcpy-chk.c execution,  -O2 -flto -flto-partition=none 
FAIL: gcc.c-torture/execute/builtins/strcpy-chk.c execution,  -O2 -flto 
FAIL: gcc.c-torture/execute/builtins/strncat-chk.c execution,  -O2 
FAIL: gcc.c-torture/execute/builtins/strncat-chk.c execution,  -O3 -fomit-frame-pointer 
FAIL: gcc.c-torture/execute/builtins/strncat-chk.c execution,  -O3 -fomit-frame-pointer -funroll-loops 
FAIL: gcc.c-torture/execute/builtins/strncat-chk.c execution,  -O3 -fomit-frame-pointer -funroll-all-loops -finline-functions 
FAIL: gcc.c-torture/execute/builtins/strncat-chk.c execution,  -O3 -g 
FAIL: gcc.c-torture/execute/builtins/strncat-chk.c execution,  -Os 
FAIL: gcc.c-torture/execute/builtins/strncat-chk.c execution,  -O2 -flto -flto-partition=none 
FAIL: gcc.c-torture/execute/builtins/strncat-chk.c execution,  -O2 -flto 
FAIL: gcc.c-torture/execute/builtins/strncpy-chk.c execution,  -O2 
FAIL: gcc.c-torture/execute/builtins/strncpy-chk.c execution,  -O3 -fomit-frame-pointer 
FAIL: gcc.c-torture/execute/builtins/strncpy-chk.c execution,  -O3 -fomit-frame-pointer -funroll-loops 
FAIL: gcc.c-torture/execute/builtins/strncpy-chk.c execution,  -O3 -fomit-frame-pointer -funroll-all-loops -finline-functions 
FAIL: gcc.c-torture/execute/builtins/strncpy-chk.c execution,  -O3 -g 
FAIL: gcc.c-torture/execute/builtins/strncpy-chk.c execution,  -Os 
FAIL: gcc.c-torture/execute/builtins/strncpy-chk.c execution,  -O2 -flto -flto-partition=none 
FAIL: gcc.c-torture/execute/builtins/strncpy-chk.c execution,  -O2 -flto 
FAIL: gcc.c-torture/execute/builtins/vsnprintf-chk.c execution,  -O1 
FAIL: gcc.c-torture/execute/builtins/vsnprintf-chk.c execution,  -O2 
FAIL: gcc.c-torture/execute/builtins/vsnprintf-chk.c execution,  -O3 -fomit-frame-pointer 
FAIL: gcc.c-torture/execute/builtins/vsnprintf-chk.c execution,  -O3 -fomit-frame-pointer -funroll-loops 
FAIL: gcc.c-torture/execute/builtins/vsnprintf-chk.c execution,  -O3 -fomit-frame-pointer -funroll-all-loops -finline-functions 
FAIL: gcc.c-torture/execute/builtins/vsnprintf-chk.c execution,  -O3 -g 
FAIL: gcc.c-torture/execute/builtins/vsnprintf-chk.c execution,  -Os 
FAIL: gcc.c-torture/execute/builtins/vsnprintf-chk.c execution,  -O2 -flto -flto-partition=none 
FAIL: gcc.c-torture/execute/builtins/vsnprintf-chk.c execution,  -O2 -flto 
FAIL: gcc.c-torture/execute/builtins/vsprintf-chk.c execution,  -O1 
FAIL: gcc.c-torture/execute/builtins/vsprintf-chk.c execution,  -O2 
FAIL: gcc.c-torture/execute/builtins/vsprintf-chk.c execution,  -O3 -fomit-frame-pointer 
FAIL: gcc.c-torture/execute/builtins/vsprintf-chk.c execution,  -O3 -fomit-frame-pointer -funroll-loops 
FAIL: gcc.c-torture/execute/builtins/vsprintf-chk.c execution,  -O3 -fomit-frame-pointer -funroll-all-loops -finline-functions 
FAIL: gcc.c-torture/execute/builtins/vsprintf-chk.c execution,  -O3 -g 
FAIL: gcc.c-torture/execute/builtins/vsprintf-chk.c execution,  -Os 
FAIL: gcc.c-torture/execute/builtins/vsprintf-chk.c execution,  -O2 -flto -flto-partition=none 
FAIL: gcc.c-torture/execute/builtins/vsprintf-chk.c execution,  -O2 -flto 
FAIL: gcc.c-torture/execute/20000412-1.c execution,  -O1 
FAIL: gcc.c-torture/execute/20000412-1.c execution,  -O2 
FAIL: gcc.c-torture/execute/20000412-1.c execution,  -O3 -fomit-frame-pointer 
FAIL: gcc.c-torture/execute/20000412-1.c execution,  -O3 -g 
FAIL: gcc.c-torture/execute/20000412-1.c execution,  -Os 
FAIL: gcc.c-torture/execute/20000412-1.c execution,  -O2 -flto -flto-partition=none 
FAIL: gcc.c-torture/execute/20000412-1.c execution,  -O2 -flto 
FAIL: gcc.c-torture/execute/20000717-2.c execution,  -O0 
FAIL: gcc.c-torture/execute/20010106-1.c execution,  -O1 
FAIL: gcc.c-torture/execute/20020226-1.c execution,  -O0 
FAIL: gcc.c-torture/execute/20020226-1.c execution,  -O1 
FAIL: gcc.c-torture/execute/20020226-1.c execution,  -O2 
FAIL: gcc.c-torture/execute/20020226-1.c execution,  -O3 -fomit-frame-pointer 
FAIL: gcc.c-torture/execute/20020226-1.c execution,  -O3 -g 
FAIL: gcc.c-torture/execute/20020226-1.c execution,  -Os 
FAIL: gcc.c-torture/execute/20020226-1.c execution,  -O2 -flto -flto-partition=none 
FAIL: gcc.c-torture/execute/20020226-1.c execution,  -O2 -flto 
FAIL: gcc.c-torture/execute/20020508-1.c execution,  -O0 
FAIL: gcc.c-torture/execute/20020508-1.c execution,  -O1 
FAIL: gcc.c-torture/execute/20020508-1.c execution,  -O2 
FAIL: gcc.c-torture/execute/20020508-1.c execution,  -O3 -fomit-frame-pointer 
FAIL: gcc.c-torture/execute/20020508-1.c execution,  -O3 -g 
FAIL: gcc.c-torture/execute/20020508-1.c execution,  -Os 
FAIL: gcc.c-torture/execute/20020508-1.c execution,  -O2 -flto -flto-partition=none 
FAIL: gcc.c-torture/execute/20020508-1.c execution,  -O2 -flto 
FAIL: gcc.c-torture/execute/20020508-2.c execution,  -O0 
FAIL: gcc.c-torture/execute/20020508-2.c execution,  -O1 
FAIL: gcc.c-torture/execute/20020508-2.c execution,  -O2 
FAIL: gcc.c-torture/execute/20020508-2.c execution,  -O3 -fomit-frame-pointer 
FAIL: gcc.c-torture/execute/20020508-2.c execution,  -O3 -g 
FAIL: gcc.c-torture/execute/20020508-2.c execution,  -Os 
FAIL: gcc.c-torture/execute/20020508-2.c execution,  -O2 -flto -flto-partition=none 
FAIL: gcc.c-torture/execute/20020508-2.c execution,  -O2 -flto 
FAIL: gcc.c-torture/execute/20020508-3.c execution,  -O0 
FAIL: gcc.c-torture/execute/20020508-3.c execution,  -O1 
FAIL: gcc.c-torture/execute/20020508-3.c execution,  -O2 
FAIL: gcc.c-torture/execute/20020508-3.c execution,  -O3 -fomit-frame-pointer 
FAIL: gcc.c-torture/execute/20020508-3.c execution,  -O3 -g 
FAIL: gcc.c-torture/execute/20020508-3.c execution,  -Os 
FAIL: gcc.c-torture/execute/20020508-3.c execution,  -O2 -flto -flto-partition=none 
FAIL: gcc.c-torture/execute/20020508-3.c execution,  -O2 -flto 
FAIL: gcc.c-torture/execute/20041011-1.c execution,  -O1 
FAIL: gcc.c-torture/execute/20041011-1.c execution,  -O2 
FAIL: gcc.c-torture/execute/20041011-1.c execution,  -O3 -fomit-frame-pointer 
FAIL: gcc.c-torture/execute/20041011-1.c execution,  -O3 -g 
FAIL: gcc.c-torture/execute/20041011-1.c execution,  -Os 
FAIL: gcc.c-torture/execute/20041011-1.c execution,  -O2 -flto -flto-partition=none 
FAIL: gcc.c-torture/execute/20041011-1.c execution,  -O2 -flto 
FAIL: gcc.c-torture/execute/20050111-1.c execution,  -O0 
FAIL: gcc.c-torture/execute/20050111-1.c execution,  -O1 
FAIL: gcc.c-torture/execute/20050604-1.c execution,  -O0 
FAIL: gcc.c-torture/execute/20050604-1.c execution,  -O1 
FAIL: gcc.c-torture/execute/20051113-1.c execution,  -O0 
FAIL: gcc.c-torture/execute/20051113-1.c execution,  -O1 
FAIL: gcc.c-torture/execute/20051113-1.c execution,  -O2 
FAIL: gcc.c-torture/execute/20051113-1.c execution,  -O3 -fomit-frame-pointer 
FAIL: gcc.c-torture/execute/20051113-1.c execution,  -O3 -fomit-frame-pointer -funroll-loops 
FAIL: gcc.c-torture/execute/20051113-1.c execution,  -O3 -fomit-frame-pointer -funroll-all-loops -finline-functions 
FAIL: gcc.c-torture/execute/20051113-1.c execution,  -O3 -g 
FAIL: gcc.c-torture/execute/20051113-1.c execution,  -Os 
FAIL: gcc.c-torture/execute/20051113-1.c execution,  -O2 -flto -flto-partition=none 
FAIL: gcc.c-torture/execute/20051113-1.c execution,  -O2 -flto 
FAIL: gcc.c-torture/execute/20060420-1.c execution,  -O0 
FAIL: gcc.c-torture/execute/20090814-1.c execution,  -O3 -fomit-frame-pointer 
FAIL: gcc.c-torture/execute/20090814-1.c execution,  -O3 -g 
FAIL: gcc.c-torture/execute/20101011-1.c execution,  -O0 
FAIL: gcc.c-torture/execute/20101011-1.c execution,  -O1 
FAIL: gcc.c-torture/execute/20101011-1.c execution,  -O2 
FAIL: gcc.c-torture/execute/20101011-1.c execution,  -O3 -fomit-frame-pointer 
FAIL: gcc.c-torture/execute/20101011-1.c execution,  -O3 -g 
FAIL: gcc.c-torture/execute/20101011-1.c execution,  -Os 
FAIL: gcc.c-torture/execute/20101011-1.c execution,  -O2 -flto -flto-partition=none 
FAIL: gcc.c-torture/execute/20101011-1.c execution,  -O2 -flto 
FAIL: gcc.c-torture/execute/920501-7.c execution,  -O1 
FAIL: gcc.c-torture/execute/920501-7.c execution,  -O2 
FAIL: gcc.c-torture/execute/920501-7.c execution,  -O3 -fomit-frame-pointer 
FAIL: gcc.c-torture/execute/920501-7.c execution,  -O3 -g 
FAIL: gcc.c-torture/execute/920501-7.c execution,  -Os 
FAIL: gcc.c-torture/execute/920501-7.c execution,  -O2 -flto -flto-partition=none 
FAIL: gcc.c-torture/execute/920501-7.c execution,  -O2 -flto 
FAIL: gcc.c-torture/execute/920721-4.c execution,  -O1 
FAIL: gcc.c-torture/execute/921029-1.c execution,  -O0 
FAIL: gcc.c-torture/execute/921029-1.c execution,  -O1 
FAIL: gcc.c-torture/execute/921029-1.c execution,  -Os 
FAIL: gcc.c-torture/execute/930126-1.c execution,  -O0 
FAIL: gcc.c-torture/execute/930126-1.c execution,  -O1 
FAIL: gcc.c-torture/execute/941015-1.c execution,  -O1 
FAIL: gcc.c-torture/execute/960302-1.c execution,  -Os 
FAIL: gcc.c-torture/execute/960402-1.c execution,  -O1 
FAIL: gcc.c-torture/execute/990811-1.c execution,  -O1 
FAIL: gcc.c-torture/execute/990811-1.c execution,  -O2 
FAIL: gcc.c-torture/execute/990811-1.c execution,  -O3 -fomit-frame-pointer 
FAIL: gcc.c-torture/execute/990811-1.c execution,  -O3 -g 
FAIL: gcc.c-torture/execute/990811-1.c execution,  -Os 
FAIL: gcc.c-torture/execute/990811-1.c execution,  -O2 -flto -flto-partition=none 
FAIL: gcc.c-torture/execute/990811-1.c execution,  -O2 -flto 
FAIL: gcc.c-torture/execute/ashldi-1.c execution,  -O1 
FAIL: gcc.c-torture/execute/ashldi-1.c execution,  -O2 
FAIL: gcc.c-torture/execute/ashldi-1.c execution,  -O3 -fomit-frame-pointer 
FAIL: gcc.c-torture/execute/ashldi-1.c execution,  -O3 -fomit-frame-pointer -funroll-loops 
FAIL: gcc.c-torture/execute/ashldi-1.c execution,  -O3 -fomit-frame-pointer -funroll-all-loops -finline-functions 
FAIL: gcc.c-torture/execute/ashldi-1.c execution,  -O3 -g 
FAIL: gcc.c-torture/execute/ashldi-1.c execution,  -Os 
FAIL: gcc.c-torture/execute/ashldi-1.c execution,  -O2 -flto -flto-partition=none 
FAIL: gcc.c-torture/execute/ashldi-1.c execution,  -O2 -flto 
FAIL: gcc.c-torture/execute/ashrdi-1.c execution,  -O1 
FAIL: gcc.c-torture/execute/bitfld-3.c execution,  -O0 
FAIL: gcc.c-torture/execute/bitfld-3.c execution,  -O1 
FAIL: gcc.c-torture/execute/bitfld-3.c execution,  -O2 
FAIL: gcc.c-torture/execute/bitfld-3.c execution,  -O3 -fomit-frame-pointer 
FAIL: gcc.c-torture/execute/bitfld-3.c execution,  -O3 -g 
FAIL: gcc.c-torture/execute/bitfld-3.c execution,  -Os 
FAIL: gcc.c-torture/execute/bitfld-3.c execution,  -O2 -flto -flto-partition=none 
FAIL: gcc.c-torture/execute/bitfld-3.c execution,  -O2 -flto 
FAIL: gcc.c-torture/execute/bitfld-5.c execution,  -O0 
FAIL: gcc.c-torture/execute/bitfld-5.c execution,  -O1 
FAIL: gcc.c-torture/execute/bitfld-5.c execution,  -O2 
FAIL: gcc.c-torture/execute/bitfld-5.c execution,  -O3 -fomit-frame-pointer 
FAIL: gcc.c-torture/execute/bitfld-5.c execution,  -O3 -g 
FAIL: gcc.c-torture/execute/bitfld-5.c execution,  -Os 
FAIL: gcc.c-torture/execute/bitfld-5.c execution,  -O2 -flto -flto-partition=none 
FAIL: gcc.c-torture/execute/bitfld-5.c execution,  -O2 -flto 
FAIL: gcc.c-torture/execute/built-in-setjmp.c execution,  -O2 
FAIL: gcc.c-torture/execute/built-in-setjmp.c execution,  -O3 -fomit-frame-pointer 
FAIL: gcc.c-torture/execute/built-in-setjmp.c execution,  -O3 -fomit-frame-pointer -funroll-loops 
FAIL: gcc.c-torture/execute/built-in-setjmp.c execution,  -O3 -fomit-frame-pointer -funroll-all-loops -finline-functions 
FAIL: gcc.c-torture/execute/built-in-setjmp.c execution,  -O3 -g 
FAIL: gcc.c-torture/execute/built-in-setjmp.c execution,  -Os 
FAIL: gcc.c-torture/execute/built-in-setjmp.c execution,  -O2 -flto -flto-partition=none 
FAIL: gcc.c-torture/execute/built-in-setjmp.c execution,  -O2 -flto 
FAIL: gcc.c-torture/execute/comp-goto-2.c execution,  -O1 
FAIL: gcc.c-torture/execute/comp-goto-2.c execution,  -O2 
FAIL: gcc.c-torture/execute/comp-goto-2.c execution,  -O3 -fomit-frame-pointer 
FAIL: gcc.c-torture/execute/comp-goto-2.c execution,  -O3 -g 
FAIL: gcc.c-torture/execute/comp-goto-2.c execution,  -Os 
FAIL: gcc.c-torture/execute/comp-goto-2.c execution,  -O2 -flto -flto-partition=none 
FAIL: gcc.c-torture/execute/comp-goto-2.c execution,  -O2 -flto 
FAIL: gcc.c-torture/execute/conversion.c execution,  -O0 
FAIL: gcc.c-torture/execute/conversion.c execution,  -O1 
FAIL: gcc.c-torture/execute/cvt-1.c execution,  -O0 
FAIL: gcc.c-torture/execute/cvt-1.c execution,  -O1 
FAIL: gcc.c-torture/execute/cvt-1.c execution,  -O2 
FAIL: gcc.c-torture/execute/cvt-1.c execution,  -O3 -fomit-frame-pointer 
FAIL: gcc.c-torture/execute/cvt-1.c execution,  -O3 -g 
FAIL: gcc.c-torture/execute/cvt-1.c execution,  -Os 
FAIL: gcc.c-torture/execute/cvt-1.c execution,  -O2 -flto -flto-partition=none 
FAIL: gcc.c-torture/execute/cvt-1.c execution,  -O2 -flto 
FAIL: gcc.c-torture/execute/divconst-2.c execution,  -O0 
FAIL: gcc.c-torture/execute/divconst-2.c execution,  -O1 
FAIL: gcc.c-torture/execute/divconst-2.c execution,  -O2 
FAIL: gcc.c-torture/execute/divconst-2.c execution,  -O3 -fomit-frame-pointer 
FAIL: gcc.c-torture/execute/divconst-2.c execution,  -O3 -fomit-frame-pointer -funroll-loops 
FAIL: gcc.c-torture/execute/divconst-2.c execution,  -O3 -fomit-frame-pointer -funroll-all-loops -finline-functions 
FAIL: gcc.c-torture/execute/divconst-2.c execution,  -O3 -g 
FAIL: gcc.c-torture/execute/divconst-2.c execution,  -Os 
FAIL: gcc.c-torture/execute/divconst-2.c execution,  -O2 -flto -flto-partition=none 
FAIL: gcc.c-torture/execute/divconst-2.c execution,  -O2 -flto 
FAIL: gcc.c-torture/execute/divconst-3.c execution,  -O0 
FAIL: gcc.c-torture/execute/divconst-3.c execution,  -O1 
FAIL: gcc.c-torture/execute/loop-2c.c execution,  -O1 
FAIL: gcc.c-torture/execute/loop-2d.c execution,  -O1 
FAIL: gcc.c-torture/execute/lshrdi-1.c execution,  -O1 
FAIL: gcc.c-torture/execute/lshrdi-1.c execution,  -O2 
FAIL: gcc.c-torture/execute/lshrdi-1.c execution,  -O3 -fomit-frame-pointer 
FAIL: gcc.c-torture/execute/lshrdi-1.c execution,  -O3 -fomit-frame-pointer -funroll-loops 
FAIL: gcc.c-torture/execute/lshrdi-1.c execution,  -O3 -fomit-frame-pointer -funroll-all-loops -finline-functions 
FAIL: gcc.c-torture/execute/lshrdi-1.c execution,  -O3 -g 
FAIL: gcc.c-torture/execute/lshrdi-1.c execution,  -Os 
FAIL: gcc.c-torture/execute/lshrdi-1.c execution,  -O2 -flto -flto-partition=none 
FAIL: gcc.c-torture/execute/lshrdi-1.c execution,  -O2 -flto 
FAIL: gcc.c-torture/execute/memset-2.c execution,  -O1 
FAIL: gcc.c-torture/execute/memset-2.c execution,  -O2 
FAIL: gcc.c-torture/execute/memset-2.c execution,  -O3 -fomit-frame-pointer 
FAIL: gcc.c-torture/execute/memset-2.c execution,  -O3 -g 
FAIL: gcc.c-torture/execute/memset-2.c execution,  -Os 
FAIL: gcc.c-torture/execute/memset-2.c execution,  -O2 -flto -flto-partition=none 
FAIL: gcc.c-torture/execute/memset-2.c execution,  -O2 -flto 
FAIL: gcc.c-torture/execute/nestfunc-6.c execution,  -O2 
FAIL: gcc.c-torture/execute/nestfunc-6.c execution,  -O3 -fomit-frame-pointer 
FAIL: gcc.c-torture/execute/nestfunc-6.c execution,  -O3 -g 
FAIL: gcc.c-torture/execute/nestfunc-6.c execution,  -O2 -flto -flto-partition=none 
FAIL: gcc.c-torture/execute/nestfunc-6.c execution,  -O2 -flto 
FAIL: gcc.c-torture/execute/pr24135.c execution,  -O1 
FAIL: gcc.c-torture/execute/pr24135.c execution,  -O2 
FAIL: gcc.c-torture/execute/pr24135.c execution,  -O3 -fomit-frame-pointer 
FAIL: gcc.c-torture/execute/pr24135.c execution,  -O3 -fomit-frame-pointer -funroll-loops 
FAIL: gcc.c-torture/execute/pr24135.c execution,  -O3 -fomit-frame-pointer -funroll-all-loops -finline-functions 
FAIL: gcc.c-torture/execute/pr24135.c execution,  -O3 -g 
FAIL: gcc.c-torture/execute/pr24135.c execution,  -Os 
FAIL: gcc.c-torture/execute/pr24135.c execution,  -O2 -flto -flto-partition=none 
FAIL: gcc.c-torture/execute/pr24135.c execution,  -O2 -flto 
FAIL: gcc.c-torture/execute/pr28403.c execution,  -O0 
FAIL: gcc.c-torture/execute/pr28403.c execution,  -O1 
FAIL: gcc.c-torture/execute/pr28403.c execution,  -O2 
FAIL: gcc.c-torture/execute/pr28403.c execution,  -O3 -fomit-frame-pointer 
FAIL: gcc.c-torture/execute/pr28403.c execution,  -O3 -g 
FAIL: gcc.c-torture/execute/pr28403.c execution,  -Os 
FAIL: gcc.c-torture/execute/pr28403.c execution,  -O2 -flto -flto-partition=none 
FAIL: gcc.c-torture/execute/pr28403.c execution,  -O2 -flto 
FAIL: gcc.c-torture/execute/pr34971.c execution,  -O0 
FAIL: gcc.c-torture/execute/pr34971.c execution,  -O1 
FAIL: gcc.c-torture/execute/pr34971.c execution,  -O2 
FAIL: gcc.c-torture/execute/pr34971.c execution,  -O3 -fomit-frame-pointer 
FAIL: gcc.c-torture/execute/pr34971.c execution,  -O3 -g 
FAIL: gcc.c-torture/execute/pr34971.c execution,  -Os 
FAIL: gcc.c-torture/execute/pr34971.c execution,  -O2 -flto -flto-partition=none 
FAIL: gcc.c-torture/execute/pr34971.c execution,  -O2 -flto 
FAIL: gcc.c-torture/execute/pr35800.c execution,  -O1 
FAIL: gcc.c-torture/execute/pr35800.c execution,  -Os 
FAIL: gcc.c-torture/execute/pr40057.c execution,  -O0 
FAIL: gcc.c-torture/execute/pr40057.c execution,  -O1 
FAIL: gcc.c-torture/execute/pr40057.c execution,  -O2 
FAIL: gcc.c-torture/execute/pr40057.c execution,  -O3 -fomit-frame-pointer 
FAIL: gcc.c-torture/execute/pr40057.c execution,  -O3 -g 
FAIL: gcc.c-torture/execute/pr40057.c execution,  -Os 
FAIL: gcc.c-torture/execute/pr40057.c execution,  -O2 -flto -flto-partition=none 
FAIL: gcc.c-torture/execute/pr40057.c execution,  -O2 -flto 
FAIL: gcc.c-torture/execute/pr40386.c execution,  -O0 
FAIL: gcc.c-torture/execute/pr40386.c execution,  -O1 
FAIL: gcc.c-torture/execute/pr40386.c execution,  -O2 
FAIL: gcc.c-torture/execute/pr40386.c execution,  -O3 -fomit-frame-pointer 
FAIL: gcc.c-torture/execute/pr40386.c execution,  -O3 -g 
FAIL: gcc.c-torture/execute/pr40386.c execution,  -Os 
FAIL: gcc.c-torture/execute/pr40386.c execution,  -O2 -flto -flto-partition=none 
FAIL: gcc.c-torture/execute/pr40386.c execution,  -O2 -flto 
WARNING: program timed out.
FAIL: gcc.c-torture/execute/pr42691.c execution,  -O1 
WARNING: program timed out.
FAIL: gcc.c-torture/execute/pr42691.c execution,  -O2 
WARNING: program timed out.
FAIL: gcc.c-torture/execute/pr42691.c execution,  -O3 -fomit-frame-pointer 
WARNING: program timed out.
FAIL: gcc.c-torture/execute/pr42691.c execution,  -O3 -g 
WARNING: program timed out.
FAIL: gcc.c-torture/execute/pr42691.c execution,  -Os 
WARNING: program timed out.
FAIL: gcc.c-torture/execute/pr42691.c execution,  -O2 -flto -flto-partition=none 
WARNING: program timed out.
FAIL: gcc.c-torture/execute/pr42691.c execution,  -O2 -flto 
FAIL: gcc.c-torture/execute/pr45830.c execution,  -O1 
FAIL: gcc.c-torture/execute/stdarg-3.c execution,  -O2 
FAIL: gcc.c-torture/execute/stdarg-3.c execution,  -O3 -fomit-frame-pointer 
FAIL: gcc.c-torture/execute/stdarg-3.c execution,  -O3 -g 
FAIL: gcc.c-torture/execute/stdarg-3.c execution,  -O2 -flto -flto-partition=none 
FAIL: gcc.c-torture/execute/stdarg-3.c execution,  -O2 -flto 
FAIL: gcc.c-torture/execute/stdarg-4.c execution,  -O1 
FAIL: gcc.c-torture/execute/strct-stdarg-1.c execution,  -O0 
FAIL: gcc.c-torture/execute/strct-stdarg-1.c execution,  -O1 
FAIL: gcc.c-torture/execute/strct-stdarg-1.c execution,  -O2 
FAIL: gcc.c-torture/execute/strct-stdarg-1.c execution,  -O3 -fomit-frame-pointer 
FAIL: gcc.c-torture/execute/strct-stdarg-1.c execution,  -O3 -fomit-frame-pointer -funroll-loops 
FAIL: gcc.c-torture/execute/strct-stdarg-1.c execution,  -O3 -fomit-frame-pointer -funroll-all-loops -finline-functions 
FAIL: gcc.c-torture/execute/strct-stdarg-1.c execution,  -O3 -g 
FAIL: gcc.c-torture/execute/strct-stdarg-1.c execution,  -Os 
FAIL: gcc.c-torture/execute/strct-stdarg-1.c execution,  -O2 -flto -flto-partition=none 
FAIL: gcc.c-torture/execute/strct-stdarg-1.c execution,  -O2 -flto 
FAIL: gcc.c-torture/execute/string-opt-5.c execution,  -O1 
FAIL: gcc.c-torture/execute/string-opt-5.c execution,  -O2 
FAIL: gcc.c-torture/execute/string-opt-5.c execution,  -O3 -fomit-frame-pointer 
FAIL: gcc.c-torture/execute/string-opt-5.c execution,  -O3 -g 
FAIL: gcc.c-torture/execute/string-opt-5.c execution,  -Os 
FAIL: gcc.c-torture/execute/string-opt-5.c execution,  -O2 -flto -flto-partition=none 
FAIL: gcc.c-torture/execute/string-opt-5.c execution,  -O2 -flto 
FAIL: gcc.c-torture/execute/va-arg-10.c execution,  -O1 
FAIL: gcc.c-torture/execute/va-arg-10.c execution,  -O2 
FAIL: gcc.c-torture/execute/va-arg-10.c execution,  -Os 
FAIL: gcc.c-torture/execute/va-arg-10.c execution,  -O2 -flto -flto-partition=none 
FAIL: gcc.c-torture/execute/va-arg-10.c execution,  -O2 -flto 
FAIL: gcc.c-torture/execute/va-arg-2.c execution,  -O1 
FAIL: gcc.c-torture/execute/va-arg-2.c execution,  -O2 
FAIL: gcc.c-torture/execute/va-arg-2.c execution,  -Os 
FAIL: gcc.c-torture/execute/va-arg-2.c execution,  -O2 -flto -flto-partition=none 
FAIL: gcc.c-torture/execute/va-arg-2.c execution,  -O2 -flto 
FAIL: gcc.c-torture/execute/va-arg-22.c execution,  -O0 
FAIL: gcc.c-torture/execute/va-arg-22.c execution,  -O1 
FAIL: gcc.c-torture/execute/va-arg-9.c execution,  -O1 
FAIL: gcc.c-torture/execute/va-arg-9.c execution,  -O2 
FAIL: gcc.c-torture/execute/va-arg-9.c execution,  -Os 
FAIL: gcc.c-torture/execute/va-arg-9.c execution,  -O2 -flto -flto-partition=none 
FAIL: gcc.c-torture/execute/va-arg-9.c execution,  -O2 -flto 
FAIL: gcc.c-torture/execute/vector-subscript-1.c execution,  -O0 
FAIL: gcc.c-torture/execute/vector-subscript-2.c execution,  -O0 
FAIL: gcc.c-torture/execute/ieee/20000320-1.c execution,  -O0 
FAIL: gcc.c-torture/execute/ieee/20000320-1.c execution,  -O1 
FAIL: gcc.c-torture/execute/ieee/20000320-1.c execution,  -O2 
FAIL: gcc.c-torture/execute/ieee/20000320-1.c execution,  -O3 -fomit-frame-pointer 
FAIL: gcc.c-torture/execute/ieee/20000320-1.c execution,  -O3 -g 
FAIL: gcc.c-torture/execute/ieee/20000320-1.c execution,  -Os 
FAIL: gcc.c-torture/execute/ieee/20000320-1.c execution,  -O2 -flto -flto-partition=none 
FAIL: gcc.c-torture/execute/ieee/20000320-1.c execution,  -O2 -flto 
FAIL: gcc.c-torture/execute/ieee/inf-2.c execution,  -O1 
FAIL: gcc.c-torture/execute/ieee/inf-2.c execution,  -O2 
FAIL: gcc.c-torture/execute/ieee/inf-2.c execution,  -O3 -fomit-frame-pointer 
FAIL: gcc.c-torture/execute/ieee/inf-2.c execution,  -O3 -g 
FAIL: gcc.c-torture/execute/ieee/inf-2.c execution,  -Os 
FAIL: gcc.c-torture/execute/ieee/inf-2.c execution,  -O2 -flto -flto-partition=none 
FAIL: gcc.c-torture/execute/ieee/inf-2.c execution,  -O2 -flto 
FAIL: gcc.c-torture/execute/ieee/inf-3.c execution,  -O1 
FAIL: gcc.c-torture/execute/ieee/inf-3.c execution,  -O2 
FAIL: gcc.c-torture/execute/ieee/inf-3.c execution,  -O3 -fomit-frame-pointer 
FAIL: gcc.c-torture/execute/ieee/inf-3.c execution,  -O3 -g 
FAIL: gcc.c-torture/execute/ieee/inf-3.c execution,  -Os 
FAIL: gcc.c-torture/execute/ieee/inf-3.c execution,  -O2 -flto -flto-partition=none 
FAIL: gcc.c-torture/execute/ieee/inf-3.c execution,  -O2 -flto 
FAIL: gcc.c-torture/execute/ieee/rbug.c execution,  -O0 
FAIL: gcc.c-torture/execute/ieee/rbug.c execution,  -O1 
FAIL: gcc.c-torture/execute/ieee/rbug.c execution,  -O2 
FAIL: gcc.c-torture/execute/ieee/rbug.c execution,  -O3 -fomit-frame-pointer 
FAIL: gcc.c-torture/execute/ieee/rbug.c execution,  -O3 -g 
FAIL: gcc.c-torture/execute/ieee/rbug.c execution,  -Os 
FAIL: gcc.c-torture/execute/ieee/rbug.c execution,  -O2 -flto -flto-partition=none 
FAIL: gcc.c-torture/execute/ieee/rbug.c execution,  -O2 -flto 
FAIL: gcc.dg/compat/struct-by-value-1 c_compat_x_tst.o-c_compat_y_tst.o execute 
FAIL: gcc.dg/compat/struct-by-value-2 c_compat_x_tst.o-c_compat_y_tst.o execute 
FAIL: gcc.dg/compat/struct-by-value-4 c_compat_x_tst.o-c_compat_y_tst.o execute 
FAIL: gcc.dg/compat/struct-return-2 c_compat_x_tst.o-c_compat_y_tst.o execute 
FAIL: gcc.dg/compat/vector-1 c_compat_x_tst.o-c_compat_y_tst.o execute 
FAIL: gcc.dg/compat/vector-2 c_compat_x_tst.o-c_compat_y_tst.o execute 
FAIL: gcc.dg/debug/debug-1.c scan-assembler xyzzy
FAIL: gcc.dg/debug/debug-1.c scan-assembler xyzzy
FAIL: gcc.dg/debug/debug-1.c scan-assembler xyzzy
FAIL: gcc.dg/debug/debug-1.c scan-assembler xyzzy
FAIL: gcc.dg/debug/debug-2.c scan-assembler xyzzy
FAIL: gcc.dg/debug/debug-2.c scan-assembler xyzzy
FAIL: gcc.dg/debug/debug-2.c scan-assembler xyzzy
FAIL: gcc.dg/debug/debug-2.c scan-assembler xyzzy
FAIL: gcc.dg/debug/dwarf2/inline2.c scan-assembler-times (?:byte|data1)[^\\n]*0x3[^\\n]* DW_AT_inline 3
FAIL: gcc.dg/debug/dwarf2/pr41445-1.c scan-assembler DW_TAG_variable[^\\\\r\\\\n]*[\\\\r\\\\n]+[^\\\\r\\\\n]*"varh[^\\\\r\\\\n]*DW_AT_name([^\\\\r\\\\n]*[\\\\r\\\\n]+[^\\\\r\\\\n]*DW_AT_)*[^\\\\r\\\\n]*[\\\\r\\\\n]+[^\\\\r\\\\n]*[^0-9a-fA-FxX](0x)?8[^0-9a-fA-FxX][^\\\\r\\\\n]*DW_AT_decl_line
FAIL: gcc.dg/debug/dwarf2/pr41445-1.c scan-assembler DW_TAG_variable[^\\\\r\\\\n]*[\\\\r\\\\n]+[^\\\\r\\\\n]*"vari[^\\\\r\\\\n]*DW_AT_name([^\\\\r\\\\n]*[\\\\r\\\\n]+[^\\\\r\\\\n]*DW_AT_)*[^\\\\r\\\\n]*[\\\\r\\\\n]+[^\\\\r\\\\n]*[^0-9a-fA-FxX](0xc|12)[^0-9a-fA-FxX][^\\\\r\\\\n]*DW_AT_decl_line
FAIL: gcc.dg/debug/dwarf2/pr41445-1.c scan-assembler DW_TAG_variable[^\\\\r\\\\n]*[\\\\r\\\\n]+[^\\\\r\\\\n]*"varj[^\\\\r\\\\n]*DW_AT_name([^\\\\r\\\\n]*[\\\\r\\\\n]+[^\\\\r\\\\n]*DW_AT_)*[^\\\\r\\\\n]*[\\\\r\\\\n]+[^\\\\r\\\\n]*[^0-9a-fA-FxX](0xd|13)[^0-9a-fA-FxX][^\\\\r\\\\n]*DW_AT_decl_line
FAIL: gcc.dg/debug/dwarf2/pr41445-2.c scan-assembler DW_TAG_variable[^\\\\r\\\\n]*[\\\\r\\\\n]+[^\\\\r\\\\n]*"varh[^\\\\r\\\\n]*DW_AT_name([^\\\\r\\\\n]*[\\\\r\\\\n]+[^\\\\r\\\\n]*DW_AT_)*[^\\\\r\\\\n]*[\\\\r\\\\n]+[^\\\\r\\\\n]*[^0-9a-fA-FxX](0x)?8[^0-9a-fA-FxX][^\\\\r\\\\n]*DW_AT_decl_line
FAIL: gcc.dg/debug/dwarf2/pr41445-2.c scan-assembler DW_TAG_variable[^\\\\r\\\\n]*[\\\\r\\\\n]+[^\\\\r\\\\n]*"vari[^\\\\r\\\\n]*DW_AT_name([^\\\\r\\\\n]*[\\\\r\\\\n]+[^\\\\r\\\\n]*DW_AT_)*[^\\\\r\\\\n]*[\\\\r\\\\n]+[^\\\\r\\\\n]*[^0-9a-fA-FxX](0xc|12)[^0-9a-fA-FxX][^\\\\r\\\\n]*DW_AT_decl_line
FAIL: gcc.dg/debug/dwarf2/pr41445-2.c scan-assembler DW_TAG_variable[^\\\\r\\\\n]*[\\\\r\\\\n]+[^\\\\r\\\\n]*"varj[^\\\\r\\\\n]*DW_AT_name([^\\\\r\\\\n]*[\\\\r\\\\n]+[^\\\\r\\\\n]*DW_AT_)*[^\\\\r\\\\n]*[\\\\r\\\\n]+[^\\\\r\\\\n]*[^0-9a-fA-FxX](0xd|13)[^0-9a-fA-FxX][^\\\\r\\\\n]*DW_AT_decl_line
FAIL: gcc.dg/debug/dwarf2/pr41445-3.c scan-assembler DW_TAG_variable[^\\\\r\\\\n]*[\\\\r\\\\n]+[^\\\\r\\\\n]*"varh[^\\\\r\\\\n]*DW_AT_name([^\\\\r\\\\n]*[\\\\r\\\\n]+[^\\\\r\\\\n]*DW_AT_)*[^\\\\r\\\\n]*[\\\\r\\\\n]+[^\\\\r\\\\n]*[^0-9a-fA-FxX](0x)?8[^0-9a-fA-FxX][^\\\\r\\\\n]*DW_AT_decl_line
FAIL: gcc.dg/debug/dwarf2/pr41445-3.c scan-assembler DW_TAG_variable[^\\\\r\\\\n]*[\\\\r\\\\n]+[^\\\\r\\\\n]*"vari[^\\\\r\\\\n]*DW_AT_name([^\\\\r\\\\n]*[\\\\r\\\\n]+[^\\\\r\\\\n]*DW_AT_)*[^\\\\r\\\\n]*[\\\\r\\\\n]+[^\\\\r\\\\n]*[^0-9a-fA-FxX](0xc|12)[^0-9a-fA-FxX][^\\\\r\\\\n]*DW_AT_decl_line
FAIL: gcc.dg/debug/dwarf2/pr41445-3.c scan-assembler DW_TAG_variable[^\\\\r\\\\n]*[\\\\r\\\\n]+[^\\\\r\\\\n]*"varj[^\\\\r\\\\n]*DW_AT_name([^\\\\r\\\\n]*[\\\\r\\\\n]+[^\\\\r\\\\n]*DW_AT_)*[^\\\\r\\\\n]*[\\\\r\\\\n]+[^\\\\r\\\\n]*[^0-9a-fA-FxX](0xd|13)[^0-9a-fA-FxX][^\\\\r\\\\n]*DW_AT_decl_line
FAIL: gcc.dg/debug/dwarf2/pr41445-4.c scan-assembler DW_TAG_variable[^\\\\r\\\\n]*[\\\\r\\\\n]+[^\\\\r\\\\n]*"varh[^\\\\r\\\\n]*DW_AT_name([^\\\\r\\\\n]*[\\\\r\\\\n]+[^\\\\r\\\\n]*DW_AT_)*[^\\\\r\\\\n]*[\\\\r\\\\n]+[^\\\\r\\\\n]*[^0-9a-fA-FxX](0x)?8[^0-9a-fA-FxX][^\\\\r\\\\n]*DW_AT_decl_line
FAIL: gcc.dg/debug/dwarf2/pr41445-4.c scan-assembler DW_TAG_variable[^\\\\r\\\\n]*[\\\\r\\\\n]+[^\\\\r\\\\n]*"vari[^\\\\r\\\\n]*DW_AT_name([^\\\\r\\\\n]*[\\\\r\\\\n]+[^\\\\r\\\\n]*DW_AT_)*[^\\\\r\\\\n]*[\\\\r\\\\n]+[^\\\\r\\\\n]*[^0-9a-fA-FxX](0xc|12)[^0-9a-fA-FxX][^\\\\r\\\\n]*DW_AT_decl_line
FAIL: gcc.dg/debug/dwarf2/pr41445-4.c scan-assembler DW_TAG_variable[^\\\\r\\\\n]*[\\\\r\\\\n]+[^\\\\r\\\\n]*"varj[^\\\\r\\\\n]*DW_AT_name([^\\\\r\\\\n]*[\\\\r\\\\n]+[^\\\\r\\\\n]*DW_AT_)*[^\\\\r\\\\n]*[\\\\r\\\\n]+[^\\\\r\\\\n]*[^0-9a-fA-FxX](0xd|13)[^0-9a-fA-FxX][^\\\\r\\\\n]*DW_AT_decl_line
FAIL: gcc.dg/debug/dwarf2/pr41445-5.c scan-assembler DW_TAG_variable[^\\\\r\\\\n]*[\\\\r\\\\n]+[^\\\\r\\\\n]*"vari[^\\\\r\\\\n]*DW_AT_name([^\\\\r\\\\n]*[\\\\r\\\\n]+[^\\\\r\\\\n]*DW_AT_)*[^\\\\r\\\\n]*[\\\\r\\\\n]+[^\\\\r\\\\n]*[^0-9a-fA-FxX](0x)?7[^0-9a-fA-FxX][^\\\\r\\\\n]*DW_AT_decl_line
FAIL: gcc.dg/debug/dwarf2/pr41445-5.c scan-assembler DW_TAG_variable[^\\\\r\\\\n]*[\\\\r\\\\n]+[^\\\\r\\\\n]*"varj[^\\\\r\\\\n]*DW_AT_name([^\\\\r\\\\n]*[\\\\r\\\\n]+[^\\\\r\\\\n]*DW_AT_)*[^\\\\r\\\\n]*[\\\\r\\\\n]+[^\\\\r\\\\n]*[^0-9a-fA-FxX](0xa|10)[^0-9a-fA-FxX][^\\\\r\\\\n]*DW_AT_decl_line
FAIL: gcc.dg/debug/dwarf2/pr41445-6.c scan-assembler DW_TAG_variable[^\\\\r\\\\n]*[\\\\r\\\\n]+[^\\\\r\\\\n]*"vari[^\\\\r\\\\n]*DW_AT_name([^\\\\r\\\\n]*[\\\\r\\\\n]+[^\\\\r\\\\n]*DW_AT_)*[^\\\\r\\\\n]*[\\\\r\\\\n]+[^\\\\r\\\\n]*[^0-9a-fA-FxX](0x)?7[^0-9a-fA-FxX][^\\\\r\\\\n]*DW_AT_decl_line
FAIL: gcc.dg/debug/dwarf2/pr41445-6.c scan-assembler DW_TAG_variable[^\\\\r\\\\n]*[\\\\r\\\\n]+[^\\\\r\\\\n]*"varj[^\\\\r\\\\n]*DW_AT_name([^\\\\r\\\\n]*[\\\\r\\\\n]+[^\\\\r\\\\n]*DW_AT_)*[^\\\\r\\\\n]*[\\\\r\\\\n]+[^\\\\r\\\\n]*[^0-9a-fA-FxX](0xa|10)[^0-9a-fA-FxX][^\\\\r\\\\n]*DW_AT_decl_line
FAIL: gcc.dg/debug/dwarf2/struct-loc1.c scan-assembler DW_TAG_structure_type[^\\\\r\\\\n]*[\\\\r\\\\n]+[^\\\\r\\\\n]*"foo[^\\\\r\\\\n]*DW_AT_name([^\\\\r\\\\n]*[\\\\r\\\\n]+[^\\\\r\\\\n]*DW_AT_)*[^\\\\r\\\\n]*[\\\\r\\\\n]+[^\\\\r\\\\n]*[^0-9a-fA-FxX](0x)?6[^0-9a-fA-FxX][^\\\\r\\\\n]*DW_AT_decl_line
FAIL: gcc.dg/20040625-1.c execution test
FAIL: gcc.dg/attr-weakref-1.c execution test
FAIL: gcc.dg/builtin-apply4.c execution test
FAIL: gcc.dg/builtin-return-1.c execution test
FAIL: gcc.dg/c99-stdint-1.c (test for excess errors)
FAIL: gcc.dg/c99-stdint-7.c (test for excess errors)
FAIL: gcc.dg/const-uniq-1.c scan-tree-dump-times gimple "L\\\$?C0" 2
FAIL: gcc.dg/div-double-1.c execution test
FAIL: gcc.dg/non-local-goto-1.c execution test
FAIL: gcc.dg/non-local-goto-2.c execution test
FAIL: gcc.dg/pr28796-2.c execution test
XPASS: gcc.dg/pr30957-1.c execution test
FAIL: gcc.dg/pr30957-1.c scan-rtl-dump loop2_unroll "Expanding Accumulator"
FAIL: gcc.dg/pr32912-2.c (internal compiler error)
FAIL: gcc.dg/pr32912-2.c (test for excess errors)
UNRESOLVED: gcc.dg/pr32912-2.c compilation failed to produce executable
FAIL: gcc.dg/pr33017.c execution test
FAIL: gcc.dg/pr35258.c execution test
FAIL: gcc.dg/pr42629.c (test for excess errors)
FAIL: gcc.dg/pr42631.c scan-rtl-dump-not web "Web oldreg"
FAIL: gcc.dg/pr45055.c (test for excess errors)
FAIL: gcc.dg/pr45259.c (test for excess errors)
FAIL: gcc.dg/pr45353.c (test for excess errors)
FAIL: gcc.dg/pr46614.c (test for excess errors)
FAIL: gcc.dg/pr46909.c scan-tree-dump ifcombine "optimizing two comparisons to x_[0-9]+\\(D\\) != 4"
FAIL: gcc.dg/sibcall-7.c execution test
FAIL: gcc.dg/stack-usage-1.c (test for excess errors)
FAIL: gcc.dg/stack-usage-1.c scan-file foo\\t(256|264)\\tstatic
FAIL: gcc.dg/struct-by-value-1.c execution test
FAIL: gcc.dg/ucnid-11.c (internal compiler error)
FAIL: gcc.dg/ucnid-11.c (test for excess errors)
UNRESOLVED: gcc.dg/ucnid-11.c compilation failed to produce executable
FAIL: gcc.dg/ucnid-12.c (internal compiler error)
FAIL: gcc.dg/ucnid-12.c (test for excess errors)
UNRESOLVED: gcc.dg/ucnid-12.c compilation failed to produce executable
FAIL: gcc.dg/ucnid-2.c (internal compiler error)
FAIL: gcc.dg/ucnid-2.c (test for excess errors)
UNRESOLVED: gcc.dg/ucnid-2.c compilation failed to produce executable
FAIL: gcc.dg/ucnid-3.c (internal compiler error)
FAIL: gcc.dg/ucnid-3.c (test for excess errors)
UNRESOLVED: gcc.dg/ucnid-3.c compilation failed to produce executable
FAIL: gcc.dg/ucnid-4.c (internal compiler error)
FAIL: gcc.dg/ucnid-4.c (test for excess errors)
UNRESOLVED: gcc.dg/ucnid-4.c compilation failed to produce executable
FAIL: gcc.dg/ucnid-6.c (internal compiler error)
FAIL: gcc.dg/ucnid-6.c (test for excess errors)
UNRESOLVED: gcc.dg/ucnid-6.c compilation failed to produce executable
FAIL: gcc.dg/uninit-pred-7_a.c bogus warning (test for bogus messages, line 26)
FAIL: gcc.dg/uninit-pred-8_a.c bogus warning (test for bogus messages, line 26)
FAIL: gcc.dg/var-expand1.c scan-rtl-dump loop2_unroll "Expanding Accumulator"
FAIL: gcc.dg/visibility-14.c scan-hidden hidden[ \\t_]*foo
FAIL: gcc.dg/visibility-15.c scan-hidden hidden[ \\t_]*foo
FAIL: gcc.dg/visibility-16.c scan-hidden hidden[ \\t_]*foo
FAIL: gcc.dg/visibility-17.c scan-hidden hidden[ \\t_]*foo
FAIL: gcc.dg/visibility-18.c scan-hidden hidden[ \\t_]*foo
FAIL: gcc.dg/visibility-19.c scan-hidden hidden[ \\t_]*foo
FAIL: gcc.dg/torture/fp-int-convert-double.c  -O0  execution test
FAIL: gcc.dg/torture/fp-int-convert-double.c  -O1  execution test
FAIL: gcc.dg/torture/fp-int-convert-double.c  -O2  execution test
FAIL: gcc.dg/torture/fp-int-convert-double.c  -O3 -fomit-frame-pointer  execution test
FAIL: gcc.dg/torture/fp-int-convert-double.c  -O3 -g  execution test
FAIL: gcc.dg/torture/fp-int-convert-double.c  -Os  execution test
FAIL: gcc.dg/torture/fp-int-convert-double.c  -O2 -flto -flto-partition=none  execution test
FAIL: gcc.dg/torture/fp-int-convert-double.c  -O2 -flto  execution test
FAIL: gcc.dg/torture/fp-int-convert-float.c  -O0  execution test
FAIL: gcc.dg/torture/fp-int-convert-float.c  -O1  execution test
FAIL: gcc.dg/torture/fp-int-convert-float.c  -O2  execution test
FAIL: gcc.dg/torture/fp-int-convert-float.c  -O3 -fomit-frame-pointer  execution test
FAIL: gcc.dg/torture/fp-int-convert-float.c  -O3 -g  execution test
FAIL: gcc.dg/torture/fp-int-convert-float.c  -Os  execution test
FAIL: gcc.dg/torture/fp-int-convert-float.c  -O2 -flto -flto-partition=none  execution test
FAIL: gcc.dg/torture/fp-int-convert-float.c  -O2 -flto  execution test
FAIL: gcc.dg/torture/fp-int-convert-long-double.c  -O0  execution test
FAIL: gcc.dg/torture/fp-int-convert-long-double.c  -O1  execution test
FAIL: gcc.dg/torture/fp-int-convert-long-double.c  -O2  execution test
FAIL: gcc.dg/torture/fp-int-convert-long-double.c  -O3 -fomit-frame-pointer  execution test
FAIL: gcc.dg/torture/fp-int-convert-long-double.c  -O3 -g  execution test
FAIL: gcc.dg/torture/fp-int-convert-long-double.c  -Os  execution test
FAIL: gcc.dg/torture/fp-int-convert-long-double.c  -O2 -flto -flto-partition=none  execution test
FAIL: gcc.dg/torture/fp-int-convert-long-double.c  -O2 -flto  execution test
FAIL: gcc.dg/torture/pr37731-1.c  -O1  execution test
FAIL: gcc.dg/torture/pr37731-1.c  -O2  execution test
FAIL: gcc.dg/torture/pr37731-1.c  -O3 -fomit-frame-pointer  execution test
FAIL: gcc.dg/torture/pr37731-1.c  -O3 -g  execution test
FAIL: gcc.dg/torture/pr37731-1.c  -Os  execution test
FAIL: gcc.dg/torture/pr37731-1.c  -O2 -flto -flto-partition=none  execution test
FAIL: gcc.dg/torture/pr37731-1.c  -O2 -flto  execution test
FAIL: gcc.dg/torture/pr37731-2.c  -O1  execution test
FAIL: gcc.dg/torture/pr37731-2.c  -O2  execution test
FAIL: gcc.dg/torture/pr37731-2.c  -O3 -fomit-frame-pointer  execution test
FAIL: gcc.dg/torture/pr37731-2.c  -O3 -g  execution test
FAIL: gcc.dg/torture/pr37731-2.c  -Os  execution test
FAIL: gcc.dg/torture/pr37731-2.c  -O2 -flto -flto-partition=none  execution test
FAIL: gcc.dg/torture/pr37731-2.c  -O2 -flto  execution test
FAIL: gcc.dg/torture/pr37868.c  -O0  execution test
FAIL: gcc.dg/torture/pr37868.c  -O3 -fomit-frame-pointer  execution test
FAIL: gcc.dg/torture/pr37868.c  -O3 -g  execution test
FAIL: gcc.dg/torture/pr39074-2.c  -O1  scan-tree-dump alias "y.._., points-to vars: { i }"
FAIL: gcc.dg/torture/pr39074-2.c  -O2  scan-tree-dump alias "y.._., points-to vars: { i }"
FAIL: gcc.dg/torture/pr39074-2.c  -O3 -fomit-frame-pointer  scan-tree-dump alias "y.._., points-to vars: { i }"
FAIL: gcc.dg/torture/pr39074-2.c  -O3 -g  scan-tree-dump alias "y.._., points-to vars: { i }"
FAIL: gcc.dg/torture/pr39074-2.c  -Os  scan-tree-dump alias "y.._., points-to vars: { i }"
FAIL: gcc.dg/torture/pr39074-2.c  -O2 -flto -flto-partition=none  scan-tree-dump alias "y.._., points-to vars: { i }"
FAIL: gcc.dg/torture/pr39074-2.c  -O2 -flto  scan-tree-dump alias "y.._., points-to vars: { i }"
FAIL: gcc.dg/torture/pr39074.c  -O1  scan-tree-dump alias "y.._., points-to vars: { i }"
FAIL: gcc.dg/torture/pr39074.c  -O2  scan-tree-dump alias "y.._., points-to vars: { i }"
FAIL: gcc.dg/torture/pr39074.c  -O3 -fomit-frame-pointer  scan-tree-dump alias "y.._., points-to vars: { i }"
FAIL: gcc.dg/torture/pr39074.c  -O3 -g  scan-tree-dump alias "y.._., points-to vars: { i }"
FAIL: gcc.dg/torture/pr39074.c  -Os  scan-tree-dump alias "y.._., points-to vars: { i }"
FAIL: gcc.dg/torture/pr39074.c  -O2 -flto -flto-partition=none  scan-tree-dump alias "y.._., points-to vars: { i }"
FAIL: gcc.dg/torture/pr39074.c  -O2 -flto  scan-tree-dump alias "y.._., points-to vars: { i }"
FAIL: gcc.dg/torture/pta-callused-1.c  -O1  scan-tree-dump alias "p.._., points-to vars: { i j }"
FAIL: gcc.dg/torture/pta-callused-1.c  -O2  scan-tree-dump alias "p.._., points-to vars: { i j }"
FAIL: gcc.dg/torture/pta-callused-1.c  -O3 -fomit-frame-pointer  scan-tree-dump alias "p.._., points-to vars: { i j }"
FAIL: gcc.dg/torture/pta-callused-1.c  -O3 -g  scan-tree-dump alias "p.._., points-to vars: { i j }"
FAIL: gcc.dg/torture/pta-callused-1.c  -Os  scan-tree-dump alias "p.._., points-to vars: { i j }"
FAIL: gcc.dg/torture/pta-callused-1.c  -O2 -flto -flto-partition=none  scan-tree-dump alias "p.._., points-to vars: { i j }"
FAIL: gcc.dg/torture/pta-callused-1.c  -O2 -flto  scan-tree-dump alias "p.._., points-to vars: { i j }"
FAIL: gcc.dg/torture/type-generic-1.c  -O1  execution test
FAIL: gcc.dg/torture/type-generic-1.c  -O2  execution test
FAIL: gcc.dg/torture/type-generic-1.c  -O3 -fomit-frame-pointer  execution test
FAIL: gcc.dg/torture/type-generic-1.c  -O3 -g  execution test
FAIL: gcc.dg/torture/type-generic-1.c  -Os  execution test
FAIL: gcc.dg/torture/type-generic-1.c  -O2 -flto -flto-partition=none  execution test
FAIL: gcc.dg/torture/type-generic-1.c  -O2 -flto  execution test
FAIL: gcc.dg/torture/vector-1.c  -O0  execution test
FAIL: gcc.dg/torture/vector-2.c  -O0  execution test
FAIL: gcc.dg/torture/vector-2.c  -O1  execution test
FAIL: gcc.dg/torture/stackalign/builtin-apply-4.c  -O0  execution test
FAIL: gcc.dg/torture/stackalign/builtin-apply-4.c  -O1  execution test
FAIL: gcc.dg/torture/stackalign/builtin-apply-4.c  -O2  execution test
FAIL: gcc.dg/torture/stackalign/builtin-apply-4.c  -O3 -fomit-frame-pointer  execution test
FAIL: gcc.dg/torture/stackalign/builtin-apply-4.c  -O3 -g  execution test
FAIL: gcc.dg/torture/stackalign/builtin-apply-4.c  -Os  execution test
FAIL: gcc.dg/torture/stackalign/builtin-apply-4.c  -O2 -flto -flto-partition=none  execution test
FAIL: gcc.dg/torture/stackalign/builtin-apply-4.c  -O2 -flto  execution test
FAIL: gcc.dg/torture/stackalign/builtin-return-1.c  -O0  execution test
FAIL: gcc.dg/torture/stackalign/builtin-return-1.c  -O1  execution test
FAIL: gcc.dg/torture/stackalign/builtin-return-1.c  -O2  execution test
FAIL: gcc.dg/torture/stackalign/builtin-return-1.c  -O3 -fomit-frame-pointer  execution test
FAIL: gcc.dg/torture/stackalign/builtin-return-1.c  -O3 -g  execution test
FAIL: gcc.dg/torture/stackalign/builtin-return-1.c  -Os  execution test
FAIL: gcc.dg/torture/stackalign/builtin-return-1.c  -O2 -flto -flto-partition=none  execution test
FAIL: gcc.dg/torture/stackalign/builtin-return-1.c  -O2 -flto  execution test
FAIL: gcc.dg/torture/stackalign/comp-goto-1.c  -O1  execution test
FAIL: gcc.dg/torture/stackalign/comp-goto-1.c  -O2  execution test
FAIL: gcc.dg/torture/stackalign/comp-goto-1.c  -O3 -fomit-frame-pointer  execution test
FAIL: gcc.dg/torture/stackalign/comp-goto-1.c  -O3 -g  execution test
FAIL: gcc.dg/torture/stackalign/comp-goto-1.c  -Os  execution test
FAIL: gcc.dg/torture/stackalign/comp-goto-1.c  -O2 -flto -flto-partition=none  execution test
FAIL: gcc.dg/torture/stackalign/comp-goto-1.c  -O2 -flto  execution test
FAIL: gcc.dg/torture/stackalign/nested-4.c  -O0  execution test
FAIL: gcc.dg/torture/stackalign/nested-6.c  -O2  execution test
FAIL: gcc.dg/torture/stackalign/nested-6.c  -O3 -fomit-frame-pointer  execution test
FAIL: gcc.dg/torture/stackalign/nested-6.c  -O3 -g  execution test
FAIL: gcc.dg/torture/stackalign/nested-6.c  -O2 -flto -flto-partition=none  execution test
FAIL: gcc.dg/torture/stackalign/nested-6.c  -O2 -flto  execution test
FAIL: gcc.dg/torture/stackalign/non-local-goto-1.c  -O2  execution test
FAIL: gcc.dg/torture/stackalign/non-local-goto-1.c  -O3 -fomit-frame-pointer  execution test
FAIL: gcc.dg/torture/stackalign/non-local-goto-1.c  -O3 -fomit-frame-pointer -funroll-loops  execution test
FAIL: gcc.dg/torture/stackalign/non-local-goto-1.c  -O3 -fomit-frame-pointer -funroll-all-loops -finline-functions  execution test
FAIL: gcc.dg/torture/stackalign/non-local-goto-1.c  -O3 -g  execution test
FAIL: gcc.dg/torture/stackalign/non-local-goto-1.c  -Os  execution test
FAIL: gcc.dg/torture/stackalign/non-local-goto-1.c  -O2 -flto -flto-partition=none  execution test
FAIL: gcc.dg/torture/stackalign/non-local-goto-1.c  -O2 -flto  execution test
FAIL: gcc.dg/torture/stackalign/non-local-goto-2.c  -O1  execution test
FAIL: gcc.dg/torture/stackalign/non-local-goto-2.c  -O2  execution test
FAIL: gcc.dg/torture/stackalign/non-local-goto-2.c  -O3 -fomit-frame-pointer  execution test
FAIL: gcc.dg/torture/stackalign/non-local-goto-2.c  -O3 -fomit-frame-pointer -funroll-loops  execution test
FAIL: gcc.dg/torture/stackalign/non-local-goto-2.c  -O3 -fomit-frame-pointer -funroll-all-loops -finline-functions  execution test
FAIL: gcc.dg/torture/stackalign/non-local-goto-2.c  -O3 -g  execution test
FAIL: gcc.dg/torture/stackalign/non-local-goto-2.c  -Os  execution test
FAIL: gcc.dg/torture/stackalign/non-local-goto-2.c  -O2 -flto -flto-partition=none  execution test
FAIL: gcc.dg/torture/stackalign/non-local-goto-2.c  -O2 -flto  execution test
FAIL: gcc.dg/torture/stackalign/non-local-goto-3.c  -O1  execution test
FAIL: gcc.dg/torture/stackalign/non-local-goto-3.c  -O2  execution test
FAIL: gcc.dg/torture/stackalign/non-local-goto-3.c  -O3 -fomit-frame-pointer  execution test
FAIL: gcc.dg/torture/stackalign/non-local-goto-3.c  -O3 -fomit-frame-pointer -funroll-loops  execution test
FAIL: gcc.dg/torture/stackalign/non-local-goto-3.c  -O3 -fomit-frame-pointer -funroll-all-loops -finline-functions  execution test
FAIL: gcc.dg/torture/stackalign/non-local-goto-3.c  -O3 -g  execution test
FAIL: gcc.dg/torture/stackalign/non-local-goto-3.c  -Os  execution test
FAIL: gcc.dg/torture/stackalign/non-local-goto-3.c  -O2 -flto -flto-partition=none  execution test
FAIL: gcc.dg/torture/stackalign/non-local-goto-3.c  -O2 -flto  execution test
FAIL: gcc.dg/torture/stackalign/non-local-goto-4.c  -O1  execution test
FAIL: gcc.dg/torture/stackalign/non-local-goto-4.c  -O2  execution test
FAIL: gcc.dg/torture/stackalign/non-local-goto-4.c  -O3 -fomit-frame-pointer  execution test
FAIL: gcc.dg/torture/stackalign/non-local-goto-4.c  -O3 -g  execution test
FAIL: gcc.dg/torture/stackalign/non-local-goto-4.c  -Os  execution test
FAIL: gcc.dg/torture/stackalign/non-local-goto-4.c  -O2 -flto -flto-partition=none  execution test
FAIL: gcc.dg/torture/stackalign/non-local-goto-4.c  -O2 -flto  execution test
FAIL: gcc.dg/torture/stackalign/ret-struct-1.c  -O0  execution test
FAIL: gcc.dg/torture/stackalign/ret-struct-1.c  -O1  execution test
FAIL: gcc.dg/torture/stackalign/ret-struct-1.c  -O2  execution test
FAIL: gcc.dg/torture/stackalign/ret-struct-1.c  -Os  execution test
FAIL: gcc.dg/torture/stackalign/ret-struct-1.c  -O2 -flto -flto-partition=none  execution test
FAIL: gcc.dg/torture/stackalign/ret-struct-1.c  -O2 -flto  execution test
FAIL: gcc.dg/torture/stackalign/setjmp-1.c  -O2  execution test
FAIL: gcc.dg/torture/stackalign/setjmp-1.c  -O3 -fomit-frame-pointer  execution test
FAIL: gcc.dg/torture/stackalign/setjmp-1.c  -O3 -fomit-frame-pointer -funroll-loops  execution test
FAIL: gcc.dg/torture/stackalign/setjmp-1.c  -O3 -fomit-frame-pointer -funroll-all-loops -finline-functions  execution test
FAIL: gcc.dg/torture/stackalign/setjmp-1.c  -O3 -g  execution test
FAIL: gcc.dg/torture/stackalign/setjmp-1.c  -Os  execution test
FAIL: gcc.dg/torture/stackalign/setjmp-1.c  -O2 -flto -flto-partition=none  execution test
FAIL: gcc.dg/torture/stackalign/setjmp-1.c  -O2 -flto  execution test
FAIL: gcc.dg/torture/stackalign/setjmp-3.c  -O2  execution test
FAIL: gcc.dg/torture/stackalign/setjmp-3.c  -O3 -fomit-frame-pointer  execution test
FAIL: gcc.dg/torture/stackalign/setjmp-3.c  -O3 -fomit-frame-pointer -funroll-loops  execution test
FAIL: gcc.dg/torture/stackalign/setjmp-3.c  -O3 -fomit-frame-pointer -funroll-all-loops -finline-functions  execution test
FAIL: gcc.dg/torture/stackalign/setjmp-3.c  -O3 -g  execution test
FAIL: gcc.dg/torture/stackalign/setjmp-3.c  -Os  execution test
FAIL: gcc.dg/torture/stackalign/setjmp-3.c  -O2 -flto -flto-partition=none  execution test
FAIL: gcc.dg/torture/stackalign/setjmp-3.c  -O2 -flto  execution test
FAIL: gcc.dg/torture/stackalign/setjmp-4.c  -O2  execution test
FAIL: gcc.dg/torture/stackalign/setjmp-4.c  -O3 -fomit-frame-pointer  execution test
FAIL: gcc.dg/torture/stackalign/setjmp-4.c  -O3 -fomit-frame-pointer -funroll-loops  execution test
FAIL: gcc.dg/torture/stackalign/setjmp-4.c  -O3 -fomit-frame-pointer -funroll-all-loops -finline-functions  execution test
FAIL: gcc.dg/torture/stackalign/setjmp-4.c  -O3 -g  execution test
FAIL: gcc.dg/torture/stackalign/setjmp-4.c  -Os  execution test
FAIL: gcc.dg/torture/stackalign/setjmp-4.c  -O2 -flto -flto-partition=none  execution test
FAIL: gcc.dg/torture/stackalign/setjmp-4.c  -O2 -flto  execution test
FAIL: gcc.dg/tree-ssa/ipa-cp-1.c scan-tree-dump-times optimized "very_long_function.constprop.0 \\(\\)" 3
FAIL: gcc.dg/tree-ssa/loop-1.c scan-assembler-times foo 5
FAIL: gcc.dg/tree-ssa/predcom-5.c execution test
FAIL: gcc.dg/tree-ssa/reassoc-20.c scan-tree-dump-times optimized "b.._. \\+ a.._." 1
FAIL: gcc.dg/tree-ssa/vrp47.c scan-tree-dump-times vrp1 "[xy][^ ]* !=" 0
FAIL: gcc.dg/tree-ssa/vrp47.c scan-tree-dump-times dom1 "x[^ ]* & y" 1
FAIL: gcc.dg/tree-ssa/vrp47.c scan-tree-dump-times vrp1 "x[^ ]* [|] y" 1
FAIL: gcc.dg/weak/typeof-2.c scan-assembler baz3.*baz3.*baz3.*baz3.*baz3.*baz3

		=== gcc Summary ===

# of expected passes		65266
# of unexpected failures	664
# of unexpected successes	1
# of expected failures		117
# of unresolved testcases	7
# of unsupported tests		1004
/home/mstein/sim/trunk/mmix/build/gcc/xgcc  version 4.6.0 20110208 (experimental) [trunk revision 169953] (GCC) 


Compiler version: 4.6.0 20110208 (experimental) [trunk revision 169953] (GCC) gcc 
Platform: mmix-knuth-mmixware
configure flags: --target=mmix --prefix=/home/mstein/cross-local/mmix --enable-languages=c --disable-nls --disable-build-warnings --with-sysroot=/home/mstein/cross-local/mmix --with-build-sysroot=/home/mstein/cross-local/mmix --with-ld=/home/mstein/cross-local/mmix/usr/bin/ld --with-as=/home/mstein/cross-local/mmix/usr/bin/as --disable-libssp --with-mpfr=/opt/cfarm/mpfr-2.4.1 --with-gmp=/opt/cfarm/gmp-4.2.4 --with-libelf=/opt/cfarm/libelf-0.8.12 --with-mpc=/opt/cfarm/mpc-0.8


Index Nav: [Date Index] [Subject Index] [Author Index] [Thread Index]
Message Nav: [Date Prev] [Date Next] [Thread Prev] [Thread Next]