This is the mail archive of the
gcc-testresults@gcc.gnu.org
mailing list for the GCC project.
Results for 4.6.0 20110128 (experimental) [trunk revision 169359] (GCC) testsuite on sparc-sun-solaris2.9
- From: Rainer Orth <ro at CeBiTec dot Uni-Bielefeld dot DE>
- To: gcc-testresults at gcc dot gnu dot org
- Date: Mon, 31 Jan 2011 11:10:25 +0100 (MET)
- Subject: Results for 4.6.0 20110128 (experimental) [trunk revision 169359] (GCC) testsuite on sparc-sun-solaris2.9
LAST_UPDATED: Fri Jan 28 15:24:34 UTC 2011 (revision 169359)
=== acats tests ===
=== acats Summary ===
# of expected passes 2321
# of unexpected failures 0
Native configuration is sparc-sun-solaris2.9
=== g++ tests ===
Running target unix
WARNING: program timed out.
FAIL: g++.dg/lto/20091219 cp_lto_20091219_0.o-cp_lto_20091219_0.o link, -O3 -flto
UNRESOLVED: g++.dg/lto/20091219 cp_lto_20091219_0.o-cp_lto_20091219_0.o execute -O3 -flto
FAIL: g++.dg/torture/pr31863.C -O2 -flto (test for excess errors)
=== g++ Summary for unix ===
# of expected passes 25813
# of unexpected failures 2
# of expected failures 161
# of unresolved testcases 1
# of unsupported tests 491
Running target unix/-m64
FAIL: g++.dg/lto/20091219 cp_lto_20091219_0.o-cp_lto_20091219_0.o link, -O3 -flto
UNRESOLVED: g++.dg/lto/20091219 cp_lto_20091219_0.o-cp_lto_20091219_0.o execute -O3 -flto
FAIL: g++.dg/torture/pr31863.C -O2 -flto (test for excess errors)
=== g++ Summary for unix/-m64 ===
# of expected passes 26425
# of unexpected failures 2
# of expected failures 161
# of unresolved testcases 1
# of unsupported tests 488
=== g++ Summary ===
# of expected passes 52238
# of unexpected failures 4
# of expected failures 322
# of unresolved testcases 2
# of unsupported tests 979
/var/gcc/regression/trunk/9-gcc/build/gcc/testsuite/g++/../../g++ version 4.6.0 20110128 (experimental) [trunk revision 169359] (GCC)
=== gcc tests ===
Running target unix
FAIL: gcc.dg/pr42918.c (test for excess errors)
XPASS: gcc.dg/vect/slp-multitypes-2.c execution test
=== gcc Summary for unix ===
# of expected passes 68977
# of unexpected failures 1
# of unexpected successes 1
# of expected failures 235
# of unsupported tests 1210
Running target unix/-m64
FAIL: gcc.dg/pr42918.c (test for excess errors)
=== gcc Summary for unix/-m64 ===
# of expected passes 69561
# of unexpected failures 1
# of expected failures 227
# of unsupported tests 1218
=== gcc Summary ===
# of expected passes 138538
# of unexpected failures 2
# of unexpected successes 1
# of expected failures 462
# of unsupported tests 2428
/var/gcc/regression/trunk/9-gcc/build/gcc/xgcc version 4.6.0 20110128 (experimental) [trunk revision 169359] (GCC)
=== gfortran tests ===
Running target unix
=== gfortran Summary for unix ===
# of expected passes 37323
# of expected failures 45
# of unsupported tests 364
Running target unix/-m64
=== gfortran Summary for unix/-m64 ===
# of expected passes 37572
# of expected failures 43
# of unsupported tests 243
=== gfortran Summary ===
# of expected passes 74895
# of expected failures 88
# of unsupported tests 607
/var/gcc/regression/trunk/9-gcc/build/gcc/testsuite/gfortran/../../gfortran version 4.6.0 20110128 (experimental) [trunk revision 169359] (GCC)
=== gnat tests ===
Running target unix
=== gnat Summary for unix ===
# of expected passes 863
# of expected failures 10
# of unsupported tests 4
Running target unix/-m64
=== gnat Summary for unix/-m64 ===
# of expected passes 863
# of expected failures 10
# of unsupported tests 4
=== gnat Summary ===
# of expected passes 1726
# of expected failures 20
# of unsupported tests 8
/var/gcc/regression/trunk/9-gcc/build/gcc/gnatmake version 4.6.0 20110128 (experimental) [trunk revision 169359]
=== objc tests ===
Running target unix
=== objc Summary for unix ===
# of expected passes 2899
# of expected failures 10
# of unsupported tests 74
Running target unix/-m64
=== objc Summary for unix/-m64 ===
# of expected passes 2899
# of expected failures 10
# of unsupported tests 74
=== objc Summary ===
# of expected passes 5798
# of expected failures 20
# of unsupported tests 148
/var/gcc/regression/trunk/9-gcc/build/gcc/xgcc version 4.6.0 20110128 (experimental) [trunk revision 169359] (GCC)
=== boehm-gc tests ===
Running target unix
=== boehm-gc Summary for unix ===
# of expected passes 12
# of unsupported tests 1
Running target unix/-m64
=== boehm-gc Summary for unix/-m64 ===
# of expected passes 12
# of unsupported tests 1
=== boehm-gc Summary ===
# of expected passes 24
# of unsupported tests 2
=== libffi tests ===
Running target unix
=== libffi Summary for unix ===
# of expected passes 1634
# of expected failures 10
# of unsupported tests 15
Running target unix/-m64
=== libffi Summary for unix/-m64 ===
# of expected passes 1634
# of expected failures 10
# of unsupported tests 15
=== libffi Summary ===
# of expected passes 3268
# of expected failures 20
# of unsupported tests 30
=== libgomp tests ===
Running target unix
=== libgomp Summary for unix ===
# of expected passes 2508
# of unsupported tests 9
Running target unix/-m64
=== libgomp Summary for unix/-m64 ===
# of expected passes 2508
# of unsupported tests 9
=== libgomp Summary ===
# of expected passes 5016
# of unsupported tests 18
=== libjava tests ===
Running target unix
FAIL: InvokeInterface execution - source compiled test
FAIL: InvokeInterface -O3 execution - source compiled test
=== libjava Summary for unix ===
# of expected passes 2570
# of unexpected failures 2
# of untested testcases 2
Running target unix/-m64
FAIL: InvokeInterface execution - source compiled test
FAIL: InvokeInterface -O3 execution - source compiled test
FAIL: StackTrace2 -findirect-dispatch execution - source compiled test
=== libjava Summary for unix/-m64 ===
# of expected passes 2568
# of unexpected failures 3
# of untested testcases 3
=== libjava Summary ===
# of expected passes 5138
# of unexpected failures 5
# of untested testcases 5
=== libstdc++ tests ===
Running target unix
=== libstdc++ Summary for unix ===
# of expected passes 6832
# of expected failures 85
# of unsupported tests 735
Running target unix/-m64
=== libstdc++ Summary for unix/-m64 ===
# of expected passes 6832
# of expected failures 85
# of unsupported tests 735
=== libstdc++ Summary ===
# of expected passes 13664
# of expected failures 170
# of unsupported tests 1470
Compiler version: 4.6.0 20110128 (experimental) [trunk revision 169359] (GCC)
Platform: sparc-sun-solaris2.9
configure flags: --prefix=/vol/gcc --target=sparc-sun-solaris2.9 --with-gmp=/vol/gcc --with-mpfr=/vol/gcc --with-mpc=/vol/gcc --enable-languages=all,ada
BOOT_CFLAGS=-g -O2