This is the mail archive of the gcc-testresults@gcc.gnu.org mailing list for the GCC project.


Index Nav: [Date Index] [Subject Index] [Author Index] [Thread Index]
Message Nav: [Date Prev] [Date Next] [Thread Prev] [Thread Next]
Other format: [Raw text]

Results for 4.6.0 20110122 (experimental) [trunk revision 169130] (GCC) testsuite on x86_64-unknown-linux-gnu


LAST_UPDATED: Sat Jan 22 18:10:36 UTC 2011 (revision 169130)

Native configuration is x86_64-unknown-linux-gnu

		=== g++ tests ===


Running target unix/-m32

		=== g++ Summary for unix/-m32 ===

# of expected passes		6927
# of expected failures		26
# of unsupported tests		10

Running target unix

		=== g++ Summary for unix ===

# of expected passes		6880
# of expected failures		26
# of unsupported tests		20

		=== g++ Summary ===

# of expected passes		53879
# of expected failures		318
# of unsupported tests		503
/export/gnu/import/svn/gcc-test/bld/gcc/testsuite/g++/../../g++  version 4.6.0 20110122 (experimental) [trunk revision 169130] (GCC) 

		=== gcc tests ===


Running target unix/-m32
FAIL: gcc.c-torture/compile/limits-exprparen.c  -O0  (internal compiler error)
FAIL: gcc.c-torture/compile/limits-exprparen.c  -O0  (test for excess errors)
FAIL: gcc.c-torture/compile/limits-exprparen.c  -O1  (internal compiler error)
FAIL: gcc.c-torture/compile/limits-exprparen.c  -O1  (test for excess errors)
FAIL: gcc.c-torture/compile/limits-exprparen.c  -O2  (internal compiler error)
FAIL: gcc.c-torture/compile/limits-exprparen.c  -O2  (test for excess errors)
FAIL: gcc.c-torture/compile/limits-exprparen.c  -O3 -fomit-frame-pointer  (internal compiler error)
FAIL: gcc.c-torture/compile/limits-exprparen.c  -O3 -fomit-frame-pointer  (test for excess errors)
FAIL: gcc.c-torture/compile/limits-exprparen.c  -O3 -g  (internal compiler error)
FAIL: gcc.c-torture/compile/limits-exprparen.c  -O3 -g  (test for excess errors)
FAIL: gcc.c-torture/compile/limits-exprparen.c  -Os  (internal compiler error)
FAIL: gcc.c-torture/compile/limits-exprparen.c  -Os  (test for excess errors)
FAIL: gcc.c-torture/compile/limits-exprparen.c  -O2 -flto -flto-partition=none  (internal compiler error)
FAIL: gcc.c-torture/compile/limits-exprparen.c  -O2 -flto -flto-partition=none  (test for excess errors)
FAIL: gcc.c-torture/compile/limits-exprparen.c  -O2 -flto  (internal compiler error)
FAIL: gcc.c-torture/compile/limits-exprparen.c  -O2 -flto  (test for excess errors)
XPASS: gcc.dg/guality/example.c  -O0  execution test
XPASS: gcc.dg/guality/example.c  -O1  execution test
XPASS: gcc.dg/guality/example.c  -O2  execution test
XPASS: gcc.dg/guality/guality.c  -O0  execution test
XPASS: gcc.dg/guality/guality.c  -O1  execution test
XPASS: gcc.dg/guality/guality.c  -O2  execution test
XPASS: gcc.dg/guality/guality.c  -O3 -fomit-frame-pointer  execution test
XPASS: gcc.dg/guality/guality.c  -O3 -g  execution test
XPASS: gcc.dg/guality/guality.c  -Os  execution test
XPASS: gcc.dg/guality/inline-params.c  -O2  execution test
XPASS: gcc.dg/guality/inline-params.c  -O3 -fomit-frame-pointer  execution test
XPASS: gcc.dg/guality/inline-params.c  -O3 -g  execution test
XPASS: gcc.dg/guality/inline-params.c  -Os  execution test
FAIL: gcc.dg/guality/pr36728-1.c  -O2 -flto -flto-partition=none  line 12 arg1 == 1
FAIL: gcc.dg/guality/pr36728-1.c  -O2 -flto -flto-partition=none  line 14 arg1 == 1
FAIL: gcc.dg/guality/pr36728-1.c  -O2 -flto  line 12 arg1 == 1
FAIL: gcc.dg/guality/pr36728-1.c  -O2 -flto  line 14 arg1 == 1
XPASS: gcc.dg/guality/pr41353-1.c  -O0  line 28 j == 28 + 37
XPASS: gcc.dg/guality/pr41353-1.c  -O1  line 28 j == 28 + 37
XPASS: gcc.dg/guality/pr41353-1.c  -O2  line 28 j == 28 + 37
XPASS: gcc.dg/guality/pr41353-1.c  -O3 -fomit-frame-pointer  line 28 j == 28 + 37
XPASS: gcc.dg/guality/pr41353-1.c  -O3 -g  line 28 j == 28 + 37
XPASS: gcc.dg/guality/pr41353-1.c  -Os  line 28 j == 28 + 37
XPASS: gcc.dg/guality/pr41353-1.c  -O2 -flto -flto-partition=none  line 28 j == 28 + 37
XPASS: gcc.dg/guality/pr41353-1.c  -O2 -flto  line 28 j == 28 + 37
XPASS: gcc.dg/guality/pr41447-1.c  -O0  execution test
XPASS: gcc.dg/guality/pr41447-1.c  -O1  execution test
XPASS: gcc.dg/guality/pr41447-1.c  -Os  execution test
XPASS: gcc.dg/guality/pr41616-1.c  -O0  execution test
XPASS: gcc.dg/guality/pr41616-1.c  -O1  execution test
XPASS: gcc.dg/guality/pr41616-1.c  -O2  execution test
XPASS: gcc.dg/guality/pr41616-1.c  -O3 -fomit-frame-pointer  execution test
XPASS: gcc.dg/guality/pr41616-1.c  -O3 -g  execution test
XPASS: gcc.dg/guality/pr41616-1.c  -Os  execution test
FAIL: gcc.dg/guality/pr43077-1.c  -O2 -flto -flto-partition=none  line 42 varb == 2
FAIL: gcc.dg/guality/pr43479.c  -O2 -flto -flto-partition=none  line 13 h == 9
FAIL: gcc.dg/guality/pr43479.c  -O2 -flto -flto-partition=none  line 18 h == 9
FAIL: gcc.dg/guality/pr43479.c  -O2 -flto  line 13 h == 9
FAIL: gcc.dg/guality/pr43479.c  -O2 -flto  line 18 h == 9
FAIL: gcc.dg/torture/stackalign/builtin-apply-3.c  -O2 -flto -flto-partition=none  execution test
FAIL: gcc.dg/torture/stackalign/builtin-apply-3.c  -O2 -flto  execution test
FAIL: gcc.dg/torture/stackalign/builtin-apply-4.c  -O2 -flto -flto-partition=none  execution test
FAIL: gcc.dg/torture/stackalign/builtin-apply-4.c  -O2 -flto  execution test
FAIL: gcc.dg/torture/stackalign/builtin-return-1.c  -O2 -flto -flto-partition=none  execution test
FAIL: gcc.dg/torture/stackalign/builtin-return-1.c  -O2 -flto  execution test
FAIL: gcc.dg/torture/stackalign/builtin-apply-3.c  -O2 -flto -flto-partition=none  execution test
FAIL: gcc.dg/torture/stackalign/builtin-apply-3.c  -O2 -flto  execution test
FAIL: gcc.dg/torture/stackalign/builtin-apply-4.c  -O2 -flto -flto-partition=none  execution test
FAIL: gcc.dg/torture/stackalign/builtin-apply-4.c  -O2 -flto  execution test
FAIL: gcc.dg/torture/stackalign/builtin-return-1.c  -O2 -flto -flto-partition=none  execution test
FAIL: gcc.dg/torture/stackalign/builtin-return-1.c  -O2 -flto  execution test
FAIL: gcc.dg/torture/stackalign/builtin-apply-3.c  -O2 -flto -flto-partition=none  execution test
FAIL: gcc.dg/torture/stackalign/builtin-apply-3.c  -O2 -flto  execution test
FAIL: gcc.dg/torture/stackalign/builtin-apply-4.c  -O2 -flto -flto-partition=none  execution test
FAIL: gcc.dg/torture/stackalign/builtin-apply-4.c  -O2 -flto  execution test
FAIL: gcc.dg/torture/stackalign/builtin-return-1.c  -O2 -flto -flto-partition=none  execution test
FAIL: gcc.dg/torture/stackalign/builtin-apply-3.c  -O2 -flto -flto-partition=none  execution test
FAIL: gcc.dg/torture/stackalign/builtin-apply-3.c  -O2 -flto  execution test
FAIL: gcc.dg/torture/stackalign/builtin-apply-4.c  -O2 -flto -flto-partition=none  execution test
FAIL: gcc.dg/torture/stackalign/builtin-apply-4.c  -O2 -flto  execution test
FAIL: gcc.dg/torture/stackalign/builtin-return-1.c  -O2 -flto -flto-partition=none  execution test
FAIL: gcc.dg/torture/stackalign/builtin-return-1.c  -O2 -flto  execution test

		=== gcc Summary for unix/-m32 ===


Running target unix
FAIL: gcc.c-torture/compile/limits-exprparen.c  -O0  (internal compiler error)
FAIL: gcc.c-torture/compile/limits-exprparen.c  -O0  (test for excess errors)
FAIL: gcc.c-torture/compile/limits-exprparen.c  -O1  (internal compiler error)
FAIL: gcc.c-torture/compile/limits-exprparen.c  -O1  (test for excess errors)
FAIL: gcc.c-torture/compile/limits-exprparen.c  -O2  (internal compiler error)
FAIL: gcc.c-torture/compile/limits-exprparen.c  -O2  (test for excess errors)
FAIL: gcc.c-torture/compile/limits-exprparen.c  -O3 -fomit-frame-pointer  (internal compiler error)
FAIL: gcc.c-torture/compile/limits-exprparen.c  -O3 -fomit-frame-pointer  (test for excess errors)
FAIL: gcc.c-torture/compile/limits-exprparen.c  -O3 -g  (internal compiler error)
FAIL: gcc.c-torture/compile/limits-exprparen.c  -O3 -g  (test for excess errors)
FAIL: gcc.c-torture/compile/limits-exprparen.c  -Os  (internal compiler error)
FAIL: gcc.c-torture/compile/limits-exprparen.c  -Os  (test for excess errors)
FAIL: gcc.c-torture/compile/limits-exprparen.c  -O2 -flto -flto-partition=none  (internal compiler error)
FAIL: gcc.c-torture/compile/limits-exprparen.c  -O2 -flto -flto-partition=none  (test for excess errors)
FAIL: gcc.c-torture/compile/limits-exprparen.c  -O2 -flto  (internal compiler error)
FAIL: gcc.c-torture/compile/limits-exprparen.c  -O2 -flto  (test for excess errors)
XPASS: gcc.dg/guality/example.c  -O0  execution test
XPASS: gcc.dg/guality/example.c  -O1  execution test
XPASS: gcc.dg/guality/example.c  -O2  execution test
XPASS: gcc.dg/guality/example.c  -Os  execution test
XPASS: gcc.dg/guality/guality.c  -O0  execution test
XPASS: gcc.dg/guality/guality.c  -O1  execution test
XPASS: gcc.dg/guality/guality.c  -O2  execution test
XPASS: gcc.dg/guality/guality.c  -O3 -fomit-frame-pointer  execution test
XPASS: gcc.dg/guality/guality.c  -O3 -g  execution test
XPASS: gcc.dg/guality/guality.c  -Os  execution test
XPASS: gcc.dg/guality/inline-params.c  -O2  execution test
XPASS: gcc.dg/guality/inline-params.c  -O3 -fomit-frame-pointer  execution test
XPASS: gcc.dg/guality/inline-params.c  -O3 -g  execution test
XPASS: gcc.dg/guality/inline-params.c  -Os  execution test
XPASS: gcc.dg/guality/pr41353-1.c  -O0  line 28 j == 28 + 37
XPASS: gcc.dg/guality/pr41353-1.c  -O1  line 28 j == 28 + 37
XPASS: gcc.dg/guality/pr41353-1.c  -O2  line 28 j == 28 + 37
XPASS: gcc.dg/guality/pr41353-1.c  -O3 -fomit-frame-pointer  line 28 j == 28 + 37
XPASS: gcc.dg/guality/pr41353-1.c  -O3 -g  line 28 j == 28 + 37
XPASS: gcc.dg/guality/pr41353-1.c  -Os  line 28 j == 28 + 37
XPASS: gcc.dg/guality/pr41353-1.c  -O2 -flto -flto-partition=none  line 28 j == 28 + 37
XPASS: gcc.dg/guality/pr41353-1.c  -O2 -flto  line 28 j == 28 + 37
XPASS: gcc.dg/guality/pr41447-1.c  -O0  execution test
XPASS: gcc.dg/guality/pr41447-1.c  -O1  execution test
XPASS: gcc.dg/guality/pr41447-1.c  -O2  execution test
XPASS: gcc.dg/guality/pr41447-1.c  -O3 -fomit-frame-pointer  execution test
XPASS: gcc.dg/guality/pr41447-1.c  -O3 -g  execution test
XPASS: gcc.dg/guality/pr41447-1.c  -Os  execution test
XPASS: gcc.dg/guality/pr41616-1.c  -O0  execution test
XPASS: gcc.dg/guality/pr41616-1.c  -O1  execution test
XPASS: gcc.dg/guality/pr41616-1.c  -O2  execution test
XPASS: gcc.dg/guality/pr41616-1.c  -O3 -fomit-frame-pointer  execution test
XPASS: gcc.dg/guality/pr41616-1.c  -O3 -g  execution test
XPASS: gcc.dg/guality/pr41616-1.c  -Os  execution test
FAIL: gcc.dg/guality/pr43077-1.c  -O2 -flto -flto-partition=none  line 42 a == 1
FAIL: gcc.dg/guality/pr43077-1.c  -O2 -flto -flto-partition=none  line 42 b == 2
FAIL: gcc.dg/guality/pr43077-1.c  -O2 -flto -flto-partition=none  line 42 c == 3
FAIL: gcc.dg/guality/pr43077-1.c  -O2 -flto -flto-partition=none  line 42 varb == 2
FAIL: gcc.dg/guality/pr43077-1.c  -O2 -flto  line 42 a == 1
FAIL: gcc.dg/guality/pr43077-1.c  -O2 -flto  line 42 b == 2
FAIL: gcc.dg/guality/pr43077-1.c  -O2 -flto  line 42 c == 3
FAIL: gcc.dg/guality/pr43479.c  -O2 -flto -flto-partition=none  line 13 h == 9
FAIL: gcc.dg/guality/pr43479.c  -O2 -flto -flto-partition=none  line 18 h == 9
FAIL: gcc.dg/guality/pr43479.c  -O2 -flto  line 13 h == 9
FAIL: gcc.dg/guality/pr43479.c  -O2 -flto  line 18 h == 9
FAIL: gcc.dg/guality/pr45003-1.c  -O2 -flto -flto-partition=none  line 10 a == 0x8078
FAIL: gcc.dg/guality/pr45003-1.c  -O2 -flto -flto-partition=none  line 19 a == 0xffff8078
FAIL: gcc.dg/guality/pr45003-1.c  -O2 -flto  line 10 a == 0x8078
FAIL: gcc.dg/guality/pr45003-1.c  -O2 -flto  line 19 a == 0xffff8078
FAIL: gcc.dg/guality/pr45003-2.c  -O2 -flto -flto-partition=none  line 10 a == 0x8078
FAIL: gcc.dg/guality/pr45003-2.c  -O2 -flto -flto-partition=none  line 19 a == 0xffff8078
FAIL: gcc.dg/guality/pr45003-2.c  -O2 -flto  line 10 a == 0x8078
FAIL: gcc.dg/guality/pr45003-2.c  -O2 -flto  line 19 a == 0xffff8078
FAIL: gcc.dg/guality/pr45003-3.c  -O2 -flto -flto-partition=none  line 10 a == -32648
FAIL: gcc.dg/guality/pr45003-3.c  -O2 -flto -flto-partition=none  line 19 a == 0x8078
FAIL: gcc.dg/guality/pr45003-3.c  -O2 -flto  line 10 a == -32648
FAIL: gcc.dg/guality/pr45003-3.c  -O2 -flto  line 19 a == 0x8078
FAIL: gcc.dg/guality/sra-1.c  -O2  line 43 a.j == 14
FAIL: gcc.dg/guality/sra-1.c  -O3 -fomit-frame-pointer  line 43 a.j == 14
FAIL: gcc.dg/guality/sra-1.c  -O3 -g  line 43 a.j == 14
FAIL: gcc.dg/guality/sra-1.c  -Os  line 43 a.j == 14
FAIL: gcc.dg/guality/vla-1.c  -O1  line 17 sizeof (a) == 6
FAIL: gcc.dg/guality/vla-1.c  -O2  line 17 sizeof (a) == 6
FAIL: gcc.dg/guality/vla-1.c  -O3 -fomit-frame-pointer  line 17 sizeof (a) == 6
FAIL: gcc.dg/guality/vla-1.c  -O3 -g  line 17 sizeof (a) == 6
FAIL: gcc.dg/guality/vla-1.c  -Os  line 17 sizeof (a) == 6
FAIL: gcc.dg/guality/vla-1.c  -O2 -flto -flto-partition=none  line 17 sizeof (a) == 6
FAIL: gcc.dg/guality/vla-1.c  -O2 -flto -flto-partition=none  line 24 sizeof (a) == 17 * sizeof (short)
FAIL: gcc.dg/guality/vla-1.c  -O2 -flto  line 17 sizeof (a) == 6
FAIL: gcc.dg/guality/vla-1.c  -O2 -flto  line 24 sizeof (a) == 17 * sizeof (short)
FAIL: gcc.dg/guality/vla-2.c  -O2 -flto -flto-partition=none  line 16 sizeof (a) == 5 * sizeof (int)
FAIL: gcc.dg/guality/vla-2.c  -O2 -flto -flto-partition=none  line 25 sizeof (a) == 6 * sizeof (int)
FAIL: gcc.dg/guality/vla-2.c  -O2 -flto  line 16 sizeof (a) == 5 * sizeof (int)
FAIL: gcc.dg/guality/vla-2.c  -O2 -flto  line 25 sizeof (a) == 6 * sizeof (int)

		=== gcc Summary for unix ===


		=== gcc Summary ===

# of expected passes		155045
# of unexpected failures	104
# of unexpected successes	64
# of expected failures		480
# of unsupported tests		1956
/export/gnu/import/svn/gcc-test/bld/gcc/xgcc  version 4.6.0 20110122 (experimental) [trunk revision 169130] (GCC) 

		=== gfortran tests ===


Running target unix/-m32

		=== gfortran Summary for unix/-m32 ===

# of expected passes		4014

Running target unix

		=== gfortran Summary for unix ===

# of expected passes		4014

		=== gfortran Summary ===

# of expected passes		75707
# of expected failures		106
# of unsupported tests		222
/export/gnu/import/svn/gcc-test/bld/gcc/testsuite/gfortran/../../gfortran  version 4.6.0 20110122 (experimental) [trunk revision 169130] (GCC) 

		=== objc tests ===


Running target unix/-m32

		=== objc Summary for unix/-m32 ===

# of expected passes		64

Running target unix

		=== objc Summary for unix ===

# of expected passes		64

		=== objc Summary ===

# of expected passes		5796
# of expected failures		22
# of unsupported tests		148
/export/gnu/import/svn/gcc-test/bld/gcc/xgcc  version 4.6.0 20110122 (experimental) [trunk revision 169130] (GCC) 

		=== libffi tests ===


Running target unix/-m32

		=== libffi Summary for unix/-m32 ===

# of expected passes		24

Running target unix

		=== libffi Summary for unix ===

# of expected passes		24

		=== libffi Summary ===

# of expected passes		3268
# of expected failures		20
# of unsupported tests		30
		=== libgomp tests ===


Running target unix/-m32
FAIL: libgomp.graphite/force-parallel-1.c execution test

		=== libgomp Summary for unix/-m32 ===

# of expected passes		45
# of unexpected failures	1

Running target unix
FAIL: libgomp.graphite/force-parallel-1.c execution test

		=== libgomp Summary for unix ===

# of expected passes		45
# of unexpected failures	1

		=== libgomp Summary ===

# of expected passes		5142
# of unexpected failures	2
		=== libjava tests ===


Running target unix/-m32

		=== libjava Summary for unix/-m32 ===


Running target unix

		=== libjava Summary for unix ===


		=== libjava Summary ===

# of expected passes		5148
		=== libmudflap tests ===


Running target unix/-m32
FAIL: libmudflap.c/pass49-frag.c execution test
FAIL: libmudflap.c/pass49-frag.c output pattern test
FAIL: libmudflap.c/pass49-frag.c execution test
FAIL: libmudflap.c/pass49-frag.c output pattern test
FAIL: libmudflap.c/pass49-frag.c (-O2) execution test
FAIL: libmudflap.c/pass49-frag.c (-O2) output pattern test
FAIL: libmudflap.c/pass49-frag.c (-O2) execution test
FAIL: libmudflap.c/pass49-frag.c (-O2) output pattern test
FAIL: libmudflap.c/pass49-frag.c (-O3) execution test
FAIL: libmudflap.c/pass49-frag.c (-O3) output pattern test
FAIL: libmudflap.c/pass49-frag.c (-O3) execution test
FAIL: libmudflap.c/pass49-frag.c (-O3) output pattern test

		=== libmudflap Summary for unix/-m32 ===

# of expected passes		264

Running target unix
FAIL: libmudflap.c/pass49-frag.c execution test
FAIL: libmudflap.c/pass49-frag.c output pattern test
FAIL: libmudflap.c/pass49-frag.c execution test
FAIL: libmudflap.c/pass49-frag.c output pattern test
FAIL: libmudflap.c/pass49-frag.c (-O2) execution test
FAIL: libmudflap.c/pass49-frag.c (-O2) output pattern test
FAIL: libmudflap.c/pass49-frag.c (-O2) execution test
FAIL: libmudflap.c/pass49-frag.c (-O2) output pattern test
FAIL: libmudflap.c/pass49-frag.c (-O3) execution test
FAIL: libmudflap.c/pass49-frag.c (-O3) output pattern test
FAIL: libmudflap.c/pass49-frag.c (-O3) execution test
FAIL: libmudflap.c/pass49-frag.c (-O3) output pattern test

		=== libmudflap Summary for unix ===

# of expected passes		264

		=== libmudflap Summary ===

# of expected passes		2830
# of unexpected failures	24
		=== libstdc++ tests ===


Running target unix/-m32

		=== libstdc++ Summary for unix/-m32 ===

# of expected passes		8243
# of expected failures		85
# of unsupported tests		108

Running target unix

		=== libstdc++ Summary for unix ===

# of expected passes		8243
# of expected failures		85
# of unsupported tests		108

		=== libstdc++ Summary ===

# of expected passes		16488
# of expected failures		170
# of unsupported tests		216

Compiler version: 4.6.0 20110122 (experimental) [trunk revision 169130] (GCC) 
Platform: x86_64-unknown-linux-gnu
configure flags: --enable-clocale=gnu --with-system-zlib --enable-shared --with-demangler-in-ld --with-build-config=bootstrap-lto --with-fpmath=sse --enable-languages=c,c++,fortran,java,lto,objc


Index Nav: [Date Index] [Subject Index] [Author Index] [Thread Index]
Message Nav: [Date Prev] [Date Next] [Thread Prev] [Thread Next]