This is the mail archive of the gcc-testresults@gcc.gnu.org mailing list for the GCC project.


Index Nav: [Date Index] [Subject Index] [Author Index] [Thread Index]
Message Nav: [Date Prev] [Date Next] [Thread Prev] [Thread Next]
Other format: [Raw text]

Results for 4.4.5 (GCC) testsuite on i686-pc-linux-gnu


LAST_UPDATED: Obtained from SVN: tags/gcc_4_4_5_release revision 164871

		=== acats tests ===

		=== acats Summary ===
# of expected passes		2315
# of unexpected failures	0
Native configuration is i686-pc-linux-gnu

		=== gcc tests ===


Running target unix

		=== gcc Summary ===

# of expected passes		57393
# of expected failures		191
# of unsupported tests		910
/home/guerby/build44/gcc/xgcc  version 4.4.5 (GCC) 

		=== gfortran tests ===


Running target unix

		=== gfortran Summary ===

# of expected passes		30296
# of expected failures		9
# of unsupported tests		108
/home/guerby/build44/gcc/testsuite/gfortran/../../gfortran  version 4.4.5 (GCC) 

		=== g++ tests ===


Running target unix

		=== g++ Summary ===

# of expected passes		20276
# of expected failures		157
# of unsupported tests		103
/home/guerby/build44/gcc/testsuite/g++/../../g++  version 4.4.5 (GCC) 

		=== gnat tests ===


Running target unix

		=== gnat Summary ===

# of expected passes		619
# of expected failures		6
		=== objc tests ===


Running target unix

		=== objc Summary ===

# of expected passes		1874
# of expected failures		7
# of unsupported tests		24
/home/guerby/build44/gcc/xgcc  version 4.4.5 (GCC) 

		=== libffi tests ===


Running target unix

		=== libffi Summary ===

# of expected passes		1389
# of unsupported tests		10
		=== libgomp tests ===


Running target unix

		=== libgomp Summary ===

# of expected passes		2476
		=== libjava tests ===


Running target unix

		=== libjava Summary ===

# of expected passes		2574
		=== libmudflap tests ===


Running target unix
FAIL: libmudflap.c++/pass41-frag.cxx execution test
FAIL: libmudflap.c++/pass41-frag.cxx (-static) execution test
FAIL: libmudflap.c++/pass41-frag.cxx ( -O) execution test
FAIL: libmudflap.c++/pass41-frag.cxx (-O2) execution test
FAIL: libmudflap.c++/pass41-frag.cxx (-O3) execution test

		=== libmudflap Summary ===

# of expected passes		1889
# of unexpected failures	5
		=== libstdc++ tests ===


Running target unix
FAIL: abi_check

		=== libstdc++ Summary ===

# of expected passes		5861
# of unexpected failures	1
# of expected failures		80
# of unsupported tests		338

Compiler version: 4.4.5 (GCC) 
Platform: i686-pc-linux-gnu
configure flags: --disable-nls --enable-__cxa_atexit --enable-threads=posix --enable-languages=all,ada --prefix=/opt/cfarm/release/4.4.5 --with-mpc=/opt/cfarm/mpc-0.8


Index Nav: [Date Index] [Subject Index] [Author Index] [Thread Index]
Message Nav: [Date Prev] [Date Next] [Thread Prev] [Thread Next]