This is the mail archive of the
gcc-testresults@gcc.gnu.org
mailing list for the GCC project.
Results for 4.6.0 20110114 (experimental) [trunk revision 168816] (GCC) testsuite on sparc-sun-solaris2.11
- From: Rainer Orth <ro at CeBiTec dot Uni-Bielefeld dot DE>
- To: gcc-testresults at gcc dot gnu dot org
- Date: Mon, 17 Jan 2011 12:31:34 +0100 (MET)
- Subject: Results for 4.6.0 20110114 (experimental) [trunk revision 168816] (GCC) testsuite on sparc-sun-solaris2.11
LAST_UPDATED: Fri Jan 14 19:48:05 UTC 2011 (revision 168816)
=== acats tests ===
FAIL: c52103x
FAIL: c52104x
FAIL: c52104y
FAIL: cb1010a
FAIL: cb1010c
FAIL: cb1010d
=== acats Summary ===
# of expected passes 2315
# of unexpected failures 6
Native configuration is sparc-sun-solaris2.11
=== g++ tests ===
Running target unix
FAIL: g++.dg/lto/20091219 cp_lto_20091219_0.o-cp_lto_20091219_0.o link, -O3 -flto
UNRESOLVED: g++.dg/lto/20091219 cp_lto_20091219_0.o-cp_lto_20091219_0.o execute -O3 -flto
=== g++ Summary for unix ===
# of expected passes 25806
# of unexpected failures 1
# of expected failures 159
# of unresolved testcases 1
# of unsupported tests 425
Running target unix/-m64
FAIL: g++.dg/lto/20091219 cp_lto_20091219_0.o-cp_lto_20091219_0.o link, -O3 -flto
UNRESOLVED: g++.dg/lto/20091219 cp_lto_20091219_0.o-cp_lto_20091219_0.o execute -O3 -flto
=== g++ Summary for unix/-m64 ===
# of expected passes 26418
# of unexpected failures 1
# of expected failures 159
# of unresolved testcases 1
# of unsupported tests 422
=== g++ Summary ===
# of expected passes 52224
# of unexpected failures 2
# of expected failures 318
# of unresolved testcases 2
# of unsupported tests 847
/var/gcc/regression/trunk/11-gcc/build/gcc/testsuite/g++/../../g++ version 4.6.0 20110114 (experimental) [trunk revision 168816] (GCC)
=== gcc tests ===
Running target unix
XPASS: gcc.dg/vect/slp-multitypes-2.c execution test
=== gcc Summary for unix ===
# of expected passes 68915
# of unexpected successes 1
# of expected failures 236
# of unsupported tests 1159
Running target unix/-m64
=== gcc Summary for unix/-m64 ===
# of expected passes 69498
# of expected failures 228
# of unsupported tests 1168
=== gcc Summary ===
# of expected passes 138413
# of unexpected successes 1
# of expected failures 464
# of unsupported tests 2327
/var/gcc/regression/trunk/11-gcc/build/gcc/xgcc version 4.6.0 20110114 (experimental) [trunk revision 168816] (GCC)
=== gfortran tests ===
Running target unix
FAIL: gfortran.dg/array_constructor_33.f90 -O (test for excess errors)
WARNING: program timed out.
=== gfortran Summary for unix ===
# of expected passes 37530
# of unexpected failures 1
# of expected failures 45
# of unsupported tests 226
Running target unix/-m64
FAIL: gfortran.dg/array_constructor_33.f90 -O (test for excess errors)
WARNING: program timed out.
=== gfortran Summary for unix/-m64 ===
# of expected passes 37811
# of unexpected failures 1
# of expected failures 43
# of unsupported tests 89
=== gfortran Summary ===
# of expected passes 75341
# of unexpected failures 2
# of expected failures 88
# of unsupported tests 315
/var/gcc/regression/trunk/11-gcc/build/gcc/testsuite/gfortran/../../gfortran version 4.6.0 20110114 (experimental) [trunk revision 168816] (GCC)
=== gnat tests ===
Running target unix
FAIL: gnat.dg/null_pointer_deref2.adb execution test
FAIL: gnat.dg/stack_check1.adb execution test
FAIL: gnat.dg/stack_check2.adb execution test
=== gnat Summary for unix ===
# of expected passes 858
# of unexpected failures 3
# of expected failures 10
# of unsupported tests 5
Running target unix/-m64
FAIL: gnat.dg/null_pointer_deref2.adb execution test
FAIL: gnat.dg/stack_check1.adb execution test
FAIL: gnat.dg/stack_check2.adb execution test
=== gnat Summary for unix/-m64 ===
# of expected passes 858
# of unexpected failures 3
# of expected failures 10
# of unsupported tests 5
=== gnat Summary ===
# of expected passes 1716
# of unexpected failures 6
# of expected failures 20
# of unsupported tests 10
=== objc tests ===
Running target unix
=== objc Summary for unix ===
# of expected passes 2895
# of expected failures 10
# of unsupported tests 74
Running target unix/-m64
=== objc Summary for unix/-m64 ===
# of expected passes 2895
# of expected failures 10
# of unsupported tests 74
=== objc Summary ===
# of expected passes 5790
# of expected failures 20
# of unsupported tests 148
/var/gcc/regression/trunk/11-gcc/build/gcc/xgcc version 4.6.0 20110114 (experimental) [trunk revision 168816] (GCC)
=== libffi tests ===
Running target unix
=== libffi Summary for unix ===
# of expected passes 1634
# of expected failures 10
# of unsupported tests 15
Running target unix/-m64
=== libffi Summary for unix/-m64 ===
# of expected passes 1634
# of expected failures 10
# of unsupported tests 15
=== libffi Summary ===
# of expected passes 3268
# of expected failures 20
# of unsupported tests 30
=== libgomp tests ===
Running target unix
=== libgomp Summary for unix ===
# of expected passes 2508
# of unsupported tests 9
Running target unix/-m64
=== libgomp Summary for unix/-m64 ===
# of expected passes 2508
# of unsupported tests 9
=== libgomp Summary ===
# of expected passes 5016
# of unsupported tests 18
=== libjava tests ===
Running target unix
FAIL: TestClosureGC run
FAIL: Array_3 execution - source compiled test
FAIL: Array_3 -findirect-dispatch execution - source compiled test
FAIL: Array_3 -O3 execution - source compiled test
FAIL: Array_3 -O3 -findirect-dispatch execution - source compiled test
FAIL: Invoke_1 execution - source compiled test
FAIL: Invoke_1 -findirect-dispatch execution - source compiled test
FAIL: Invoke_1 -O3 execution - source compiled test
FAIL: Invoke_1 -O3 -findirect-dispatch execution - source compiled test
FAIL: PR218 execution - source compiled test
FAIL: PR218 -O3 execution - source compiled test
FAIL: StackTrace2 execution - source compiled test
FAIL: StackTrace2 -findirect-dispatch execution - source compiled test
FAIL: StackTrace2 -O3 execution - source compiled test
FAIL: StackTrace2 -O3 -findirect-dispatch execution - source compiled test
FAIL: Throw_2 execution - source compiled test
FAIL: Throw_2 -findirect-dispatch execution - source compiled test
FAIL: Throw_2 -O3 execution - source compiled test
FAIL: Throw_2 -O3 -findirect-dispatch execution - source compiled test
FAIL: Throw_3 execution - source compiled test
FAIL: Throw_3 -findirect-dispatch execution - source compiled test
FAIL: Throw_3 -O3 execution - source compiled test
FAIL: Throw_3 -O3 -findirect-dispatch execution - source compiled test
FAIL: pr83 -findirect-dispatch execution - source compiled test
FAIL: pr83 -O3 -findirect-dispatch execution - source compiled test
=== libjava Summary for unix ===
# of expected passes 2525
# of unexpected failures 25
# of untested testcases 25
Running target unix/-m64
FAIL: TestClosureGC run
FAIL: Array_3 execution - source compiled test
FAIL: Array_3 -findirect-dispatch execution - source compiled test
FAIL: Array_3 -O3 execution - source compiled test
FAIL: Array_3 -O3 -findirect-dispatch execution - source compiled test
FAIL: Invoke_1 execution - source compiled test
FAIL: Invoke_1 -findirect-dispatch execution - source compiled test
FAIL: Invoke_1 -O3 execution - source compiled test
FAIL: Invoke_1 -O3 -findirect-dispatch execution - source compiled test
FAIL: PR218 execution - source compiled test
FAIL: PR218 -O3 execution - source compiled test
FAIL: StackTrace2 execution - source compiled test
FAIL: StackTrace2 -findirect-dispatch execution - source compiled test
FAIL: StackTrace2 -O3 execution - source compiled test
FAIL: StackTrace2 -O3 -findirect-dispatch execution - source compiled test
FAIL: Throw_2 execution - source compiled test
WARNING: program timed out.
FAIL: Throw_2 -findirect-dispatch execution - source compiled test
FAIL: Throw_2 -O3 execution - source compiled test
WARNING: program timed out.
FAIL: Throw_2 -O3 -findirect-dispatch execution - source compiled test
FAIL: Throw_3 execution - source compiled test
FAIL: Throw_3 -findirect-dispatch execution - source compiled test
FAIL: Throw_3 -O3 execution - source compiled test
WARNING: program timed out.
FAIL: Throw_3 -O3 -findirect-dispatch execution - source compiled test
FAIL: pr83 -findirect-dispatch execution - source compiled test
FAIL: pr83 -O3 -findirect-dispatch execution - source compiled test
=== libjava Summary for unix/-m64 ===
# of expected passes 2525
# of unexpected failures 25
# of untested testcases 25
=== libjava Summary ===
# of expected passes 5050
# of unexpected failures 50
# of untested testcases 50
=== libstdc++ tests ===
Running target unix
=== libstdc++ Summary for unix ===
# of expected passes 7342
# of expected failures 83
# of unsupported tests 459
Running target unix/-m64
=== libstdc++ Summary for unix/-m64 ===
# of expected passes 7342
# of expected failures 83
# of unsupported tests 459
=== libstdc++ Summary ===
# of expected passes 14684
# of expected failures 166
# of unsupported tests 918
Compiler version: 4.6.0 20110114 (experimental) [trunk revision 168816] (GCC)
Platform: sparc-sun-solaris2.11
configure flags: --prefix=/vol/gcc --target=sparc-sun-solaris2.11 --with-gmp=/vol/gcc --with-mpfr=/vol/gcc --with-mpc=/vol/gcc --enable-languages=all,ada
BOOT_CFLAGS=-g -O2