This is the mail archive of the
gcc-testresults@gcc.gnu.org
mailing list for the GCC project.
Results for 4.4.6 20110114 (prerelease) [gcc-4_4-branch revision 168768] (GCC) testsuite on i386-pc-solaris2.9
- From: Rainer Orth <ro at CeBiTec dot Uni-Bielefeld dot DE>
- To: gcc-testresults at gcc dot gnu dot org
- Date: Mon, 17 Jan 2011 12:30:01 +0100 (MET)
- Subject: Results for 4.4.6 20110114 (prerelease) [gcc-4_4-branch revision 168768] (GCC) testsuite on i386-pc-solaris2.9
LAST_UPDATED: Fri Jan 14 19:50:56 UTC 2011 (revision 168768)
=== acats tests ===
=== acats Summary ===
# of expected passes 2315
# of unexpected failures 0
Native configuration is i386-pc-solaris2.9
=== g++ tests ===
Running target unix
FAIL: g++.old-deja/g++.other/headers1.C (test for excess errors)
WARNING: g++.old-deja/g++.other/headers1.C compilation failed to produce executable
=== g++ Summary ===
# of expected passes 19950
# of unexpected failures 1
# of expected failures 158
# of unsupported tests 215
/var/gcc/regression/gcc-4.4-branch/9-gcc/build/gcc/testsuite/g++/../../g++ version 4.4.6 20110114 (prerelease) [gcc-4_4-branch revision 168768] (GCC)
=== gcc tests ===
Running target unix
FAIL: gcc.c-torture/compile/pr38789.c -O0 (test for excess errors)
FAIL: gcc.c-torture/compile/pr38789.c -O1 (test for excess errors)
FAIL: gcc.c-torture/compile/pr38789.c -O2 (test for excess errors)
FAIL: gcc.c-torture/compile/pr38789.c -O3 -fomit-frame-pointer (test for excess errors)
FAIL: gcc.c-torture/compile/pr38789.c -O3 -g (test for excess errors)
FAIL: gcc.c-torture/compile/pr38789.c -Os (test for excess errors)
FAIL: gcc.c-torture/execute/990127-2.c execution, -O2
FAIL: gcc.c-torture/execute/990127-2.c execution, -Os
XPASS: gcc.dg/tree-ssa/20040204-1.c scan-tree-dump-times optimized "link_error" 0
FAIL: gcc.target/i386/pr37191.c (test for excess errors)
FAIL: gcc.target/i386/pr41963.c (test for excess errors)
FAIL: gcc.target/i386/reload-1.c (test for excess errors)
FAIL: gcc.target/i386/reload-1.c scan-rtl-dump-not csa "deleted 1 dead insns": dump file does not exist
=== gcc Summary ===
# of expected passes 55785
# of unexpected failures 12
# of unexpected successes 1
# of expected failures 190
# of unsupported tests 1226
/var/gcc/regression/gcc-4.4-branch/9-gcc/build/gcc/xgcc version 4.4.6 20110114 (prerelease) [gcc-4_4-branch revision 168768] (GCC)
=== gfortran tests ===
Running target unix
=== gfortran Summary ===
# of expected passes 29964
# of expected failures 9
# of unsupported tests 276
/var/gcc/regression/gcc-4.4-branch/9-gcc/build/gcc/testsuite/gfortran/../../gfortran version 4.4.6 20110114 (prerelease) [gcc-4_4-branch revision 168768] (GCC)
=== gnat tests ===
Running target unix
=== gnat Summary ===
# of expected passes 617
# of expected failures 6
# of unsupported tests 1
=== objc tests ===
Running target unix
=== objc Summary ===
# of expected passes 1874
# of expected failures 7
# of unsupported tests 24
/var/gcc/regression/gcc-4.4-branch/9-gcc/build/gcc/xgcc version 4.4.6 20110114 (prerelease) [gcc-4_4-branch revision 168768] (GCC)
=== libffi tests ===
Running target unix
=== libffi Summary ===
# of expected passes 1399
# of unsupported tests 10
=== libgomp tests ===
Running target unix
=== libgomp Summary ===
# of expected passes 2488
# of unsupported tests 2
=== libjava tests ===
Running target unix
FAIL: InvokeInterface execution - source compiled test
FAIL: InvokeInterface -O3 execution - source compiled test
FAIL: Throw_2 execution - source compiled test
FAIL: Throw_2 -findirect-dispatch execution - source compiled test
FAIL: Throw_2 -O3 execution - source compiled test
FAIL: Throw_2 -O3 -findirect-dispatch execution - source compiled test
=== libjava Summary ===
# of expected passes 2562
# of unexpected failures 6
# of untested testcases 6
=== libstdc++ tests ===
Running target unix
=== libstdc++ Summary ===
# of expected passes 5464
# of expected failures 76
# of unsupported tests 546
=== libstdc++ Summary ===
Compiler version: 4.4.6 20110114 (prerelease) [gcc-4_4-branch revision 168768] (GCC)
Platform: i386-pc-solaris2.9
configure flags: --prefix=/vol/gcc --target=i386-pc-solaris2.9 --with-gmp=/vol/gcc --with-mpfr=/vol/gcc --with-mpc=/vol/gcc --enable-languages=all,ada
BOOT_CFLAGS=-g -O2