This is the mail archive of the
gcc-testresults@gcc.gnu.org
mailing list for the GCC project.
Results for 4.6.0 20110112 (experimental) [trunk revision 168728] (GCC) testsuite on hppa-unknown-linux-gnu
- From: dave at gsyprf11 dot external dot hp dot com (John David Anglin)
- To: dave dot anglin at nrc-cnrc dot gc dot ca, gcc-testresults at gcc dot gnu dot org
- Date: Sat, 15 Jan 2011 16:43:49 -0800 (PST)
- Subject: Results for 4.6.0 20110112 (experimental) [trunk revision 168728] (GCC) testsuite on hppa-unknown-linux-gnu
LAST_UPDATED: Wed Jan 12 19:36:03 UTC 2011 (revision 168728)
=== acats tests ===
FAIL: cb20001
=== acats Summary ===
# of expected passes 2320
# of unexpected failures 1
Native configuration is hppa-unknown-linux-gnu
=== g++ tests ===
Running target unix
FAIL: g++.dg/lto/20080904 cp_lto_20080904_0.o-cp_lto_20080904_0.o execute -O0 -flto -flto-partition=none
FAIL: g++.dg/lto/20080904 cp_lto_20080904_0.o-cp_lto_20080904_0.o execute -O2 -flto -flto-partition=none
FAIL: g++.dg/lto/20080904 cp_lto_20080904_0.o-cp_lto_20080904_0.o execute -O0 -flto -flto-partition=1to1
FAIL: g++.dg/lto/20080904 cp_lto_20080904_0.o-cp_lto_20080904_0.o execute -O2 -flto -flto-partition=1to1
FAIL: g++.dg/lto/20080904 cp_lto_20080904_0.o-cp_lto_20080904_0.o execute -O0 -flto
FAIL: g++.dg/lto/20080904 cp_lto_20080904_0.o-cp_lto_20080904_0.o execute -O2 -flto
FAIL: g++.dg/lto/20081109 cp_lto_20081109_0.o-cp_lto_20081109_1.o execute -O0 -flto -flto-partition=none
FAIL: g++.dg/lto/20081109 cp_lto_20081109_0.o-cp_lto_20081109_1.o execute -O2 -flto -flto-partition=none
FAIL: g++.dg/lto/20081109 cp_lto_20081109_0.o-cp_lto_20081109_1.o execute -O0 -flto -flto-partition=1to1
FAIL: g++.dg/lto/20081109 cp_lto_20081109_0.o-cp_lto_20081109_1.o execute -O2 -flto -flto-partition=1to1
FAIL: g++.dg/lto/20081109 cp_lto_20081109_0.o-cp_lto_20081109_1.o execute -O0 -flto
FAIL: g++.dg/lto/20081109 cp_lto_20081109_0.o-cp_lto_20081109_1.o execute -O2 -flto
FAIL: g++.dg/lto/20081118-1 cp_lto_20081118-1_0.o-cp_lto_20081118-1_1.o link, -O0 -flto -flto-partition=none (internal compiler error)
UNRESOLVED: g++.dg/lto/20081118-1 cp_lto_20081118-1_0.o-cp_lto_20081118-1_1.o execute -O0 -flto -flto-partition=none
FAIL: g++.dg/lto/20081118-1 cp_lto_20081118-1_0.o-cp_lto_20081118-1_1.o link, -O0 -flto -flto-partition=1to1 (internal compiler error)
UNRESOLVED: g++.dg/lto/20081118-1 cp_lto_20081118-1_0.o-cp_lto_20081118-1_1.o execute -O0 -flto -flto-partition=1to1
FAIL: g++.dg/lto/20081118-1 cp_lto_20081118-1_0.o-cp_lto_20081118-1_1.o link, -O0 -flto (internal compiler error)
UNRESOLVED: g++.dg/lto/20081118-1 cp_lto_20081118-1_0.o-cp_lto_20081118-1_1.o execute -O0 -flto
FAIL: g++.dg/lto/20081125 cp_lto_20081125_0.o-cp_lto_20081125_1.o link, -flto -flto-partition=1to1 (internal compiler error)
UNRESOLVED: g++.dg/lto/20081125 cp_lto_20081125_0.o-cp_lto_20081125_1.o execute -flto -flto-partition=1to1
FAIL: g++.dg/lto/20081204-1 cp_lto_20081204-1_0.o-cp_lto_20081204-1_1.o link, -flto -flto-partition=1to1 -fPIC -r -nostdlib
UNRESOLVED: g++.dg/lto/20081204-1 cp_lto_20081204-1_0.o-cp_lto_20081204-1_1.o execute -flto -flto-partition=1to1 -fPIC -r -nostdlib
FAIL: g++.dg/lto/20081217-1 cp_lto_20081217-1_0.o-cp_lto_20081217-1_0.o link, -O0 -flto -flto-partition=none
UNRESOLVED: g++.dg/lto/20081217-1 cp_lto_20081217-1_0.o-cp_lto_20081217-1_0.o execute -O0 -flto -flto-partition=none
FAIL: g++.dg/lto/20081217-1 cp_lto_20081217-1_0.o-cp_lto_20081217-1_0.o link, -O2 -flto -flto-partition=none
UNRESOLVED: g++.dg/lto/20081217-1 cp_lto_20081217-1_0.o-cp_lto_20081217-1_0.o execute -O2 -flto -flto-partition=none
FAIL: g++.dg/lto/20081217-1 cp_lto_20081217-1_0.o-cp_lto_20081217-1_0.o link, -O0 -flto -flto-partition=1to1
UNRESOLVED: g++.dg/lto/20081217-1 cp_lto_20081217-1_0.o-cp_lto_20081217-1_0.o execute -O0 -flto -flto-partition=1to1
FAIL: g++.dg/lto/20081217-1 cp_lto_20081217-1_0.o-cp_lto_20081217-1_0.o link, -O2 -flto -flto-partition=1to1
UNRESOLVED: g++.dg/lto/20081217-1 cp_lto_20081217-1_0.o-cp_lto_20081217-1_0.o execute -O2 -flto -flto-partition=1to1
FAIL: g++.dg/lto/20081217-1 cp_lto_20081217-1_0.o-cp_lto_20081217-1_0.o link, -O0 -flto
UNRESOLVED: g++.dg/lto/20081217-1 cp_lto_20081217-1_0.o-cp_lto_20081217-1_0.o execute -O0 -flto
FAIL: g++.dg/lto/20081217-1 cp_lto_20081217-1_0.o-cp_lto_20081217-1_0.o link, -O2 -flto
UNRESOLVED: g++.dg/lto/20081217-1 cp_lto_20081217-1_0.o-cp_lto_20081217-1_0.o execute -O2 -flto
FAIL: g++.dg/lto/20090311-1 cp_lto_20090311-1_0.o-cp_lto_20090311-1_1.o link, -O0 -flto -flto-partition=none (internal compiler error)
UNRESOLVED: g++.dg/lto/20090311-1 cp_lto_20090311-1_0.o-cp_lto_20090311-1_1.o execute -O0 -flto -flto-partition=none
FAIL: g++.dg/lto/20090311-1 cp_lto_20090311-1_0.o-cp_lto_20090311-1_1.o link, -O2 -flto -flto-partition=none (internal compiler error)
UNRESOLVED: g++.dg/lto/20090311-1 cp_lto_20090311-1_0.o-cp_lto_20090311-1_1.o execute -O2 -flto -flto-partition=none
FAIL: g++.dg/lto/20090311-1 cp_lto_20090311-1_0.o-cp_lto_20090311-1_1.o link, -O0 -flto -flto-partition=1to1 (internal compiler error)
UNRESOLVED: g++.dg/lto/20090311-1 cp_lto_20090311-1_0.o-cp_lto_20090311-1_1.o execute -O0 -flto -flto-partition=1to1
FAIL: g++.dg/lto/20090311-1 cp_lto_20090311-1_0.o-cp_lto_20090311-1_1.o link, -O2 -flto -flto-partition=1to1 (internal compiler error)
UNRESOLVED: g++.dg/lto/20090311-1 cp_lto_20090311-1_0.o-cp_lto_20090311-1_1.o execute -O2 -flto -flto-partition=1to1
FAIL: g++.dg/lto/20090311-1 cp_lto_20090311-1_0.o-cp_lto_20090311-1_1.o link, -O0 -flto (internal compiler error)
UNRESOLVED: g++.dg/lto/20090311-1 cp_lto_20090311-1_0.o-cp_lto_20090311-1_1.o execute -O0 -flto
FAIL: g++.dg/lto/20090311-1 cp_lto_20090311-1_0.o-cp_lto_20090311-1_1.o link, -O2 -flto (internal compiler error)
UNRESOLVED: g++.dg/lto/20090311-1 cp_lto_20090311-1_0.o-cp_lto_20090311-1_1.o execute -O2 -flto
FAIL: g++.dg/lto/20090315 cp_lto_20090315_0.o-cp_lto_20090315_1.o link, -O0 -flto -flto-partition=none (internal compiler error)
UNRESOLVED: g++.dg/lto/20090315 cp_lto_20090315_0.o-cp_lto_20090315_1.o execute -O0 -flto -flto-partition=none
FAIL: g++.dg/lto/20090315 cp_lto_20090315_0.o-cp_lto_20090315_1.o link, -O2 -flto -flto-partition=none (internal compiler error)
UNRESOLVED: g++.dg/lto/20090315 cp_lto_20090315_0.o-cp_lto_20090315_1.o execute -O2 -flto -flto-partition=none
FAIL: g++.dg/lto/20090315 cp_lto_20090315_0.o-cp_lto_20090315_1.o link, -O0 -flto -flto-partition=1to1 (internal compiler error)
UNRESOLVED: g++.dg/lto/20090315 cp_lto_20090315_0.o-cp_lto_20090315_1.o execute -O0 -flto -flto-partition=1to1
FAIL: g++.dg/lto/20090315 cp_lto_20090315_0.o-cp_lto_20090315_1.o link, -O2 -flto -flto-partition=1to1 (internal compiler error)
UNRESOLVED: g++.dg/lto/20090315 cp_lto_20090315_0.o-cp_lto_20090315_1.o execute -O2 -flto -flto-partition=1to1
FAIL: g++.dg/lto/20090315 cp_lto_20090315_0.o-cp_lto_20090315_1.o link, -O0 -flto (internal compiler error)
UNRESOLVED: g++.dg/lto/20090315 cp_lto_20090315_0.o-cp_lto_20090315_1.o execute -O0 -flto
FAIL: g++.dg/lto/20090315 cp_lto_20090315_0.o-cp_lto_20090315_1.o link, -O2 -flto (internal compiler error)
UNRESOLVED: g++.dg/lto/20090315 cp_lto_20090315_0.o-cp_lto_20090315_1.o execute -O2 -flto
FAIL: g++.dg/lto/20091210-1 cp_lto_20091210-1_0.o-cp_lto_20091210-1_1.o link, -O0 -flto -flto-partition=none (internal compiler error)
UNRESOLVED: g++.dg/lto/20091210-1 cp_lto_20091210-1_0.o-cp_lto_20091210-1_1.o execute -O0 -flto -flto-partition=none
FAIL: g++.dg/lto/20091210-1 cp_lto_20091210-1_0.o-cp_lto_20091210-1_1.o link, -O2 -flto -flto-partition=none (internal compiler error)
UNRESOLVED: g++.dg/lto/20091210-1 cp_lto_20091210-1_0.o-cp_lto_20091210-1_1.o execute -O2 -flto -flto-partition=none
FAIL: g++.dg/lto/20091210-1 cp_lto_20091210-1_0.o-cp_lto_20091210-1_1.o link, -O0 -flto -flto-partition=1to1 (internal compiler error)
UNRESOLVED: g++.dg/lto/20091210-1 cp_lto_20091210-1_0.o-cp_lto_20091210-1_1.o execute -O0 -flto -flto-partition=1to1
FAIL: g++.dg/lto/20091210-1 cp_lto_20091210-1_0.o-cp_lto_20091210-1_1.o link, -O2 -flto -flto-partition=1to1 (internal compiler error)
UNRESOLVED: g++.dg/lto/20091210-1 cp_lto_20091210-1_0.o-cp_lto_20091210-1_1.o execute -O2 -flto -flto-partition=1to1
FAIL: g++.dg/lto/20091210-1 cp_lto_20091210-1_0.o-cp_lto_20091210-1_1.o link, -O0 -flto (internal compiler error)
UNRESOLVED: g++.dg/lto/20091210-1 cp_lto_20091210-1_0.o-cp_lto_20091210-1_1.o execute -O0 -flto
FAIL: g++.dg/lto/20091210-1 cp_lto_20091210-1_0.o-cp_lto_20091210-1_1.o link, -O2 -flto (internal compiler error)
UNRESOLVED: g++.dg/lto/20091210-1 cp_lto_20091210-1_0.o-cp_lto_20091210-1_1.o execute -O2 -flto
FAIL: g++.dg/lto/20091219 cp_lto_20091219_0.o-cp_lto_20091219_0.o link, -O3 -flto
UNRESOLVED: g++.dg/lto/20091219 cp_lto_20091219_0.o-cp_lto_20091219_0.o execute -O3 -flto
FAIL: g++.dg/torture/pr30252.C -O2 -flto -flto-partition=none execution test
FAIL: g++.dg/torture/pr30252.C -O2 -flto execution test
FAIL: g++.dg/torture/pr31863.C -O2 -flto -flto-partition=none (test for excess errors)
FAIL: g++.dg/torture/pr31863.C -O2 -flto (test for excess errors)
FAIL: g++.dg/torture/pr33572.C -O2 -flto -flto-partition=none execution test
FAIL: g++.dg/torture/pr33572.C -O2 -flto execution test
FAIL: g++.dg/torture/pr39417.C -O2 -flto -flto-partition=none execution test
FAIL: g++.dg/torture/pr39417.C -O2 -flto execution test
FAIL: g++.dg/torture/pr40389.C -O2 -flto -flto-partition=none (test for excess errors)
UNRESOLVED: g++.dg/torture/pr40389.C -O2 -flto -flto-partition=none compilation failed to produce executable
FAIL: g++.dg/torture/pr40389.C -O2 -flto (test for excess errors)
UNRESOLVED: g++.dg/torture/pr40389.C -O2 -flto compilation failed to produce executable
FAIL: g++.dg/torture/stackalign/eh-alloca-1.C -O2 -flto -flto-partition=none execution test
FAIL: g++.dg/torture/stackalign/eh-alloca-1.C -O2 -flto execution test
FAIL: g++.dg/torture/stackalign/eh-global-1.C -O2 -flto -flto-partition=none execution test
FAIL: g++.dg/torture/stackalign/eh-global-1.C -O2 -flto execution test
FAIL: g++.dg/torture/stackalign/eh-inline-1.C -O2 -flto -flto-partition=none execution test
FAIL: g++.dg/torture/stackalign/eh-inline-1.C -O2 -flto execution test
FAIL: g++.dg/torture/stackalign/eh-inline-2.C -O2 -flto -flto-partition=none execution test
FAIL: g++.dg/torture/stackalign/eh-inline-2.C -O2 -flto execution test
FAIL: g++.dg/torture/stackalign/eh-vararg-1.C -O2 -flto -flto-partition=none execution test
FAIL: g++.dg/torture/stackalign/eh-vararg-1.C -O2 -flto execution test
FAIL: g++.dg/torture/stackalign/eh-vararg-2.C -O2 -flto -flto-partition=none execution test
FAIL: g++.dg/torture/stackalign/eh-vararg-2.C -O2 -flto execution test
FAIL: g++.dg/torture/stackalign/throw-1.C -O2 -flto -flto-partition=none execution test
FAIL: g++.dg/torture/stackalign/throw-1.C -O2 -flto execution test
FAIL: g++.dg/torture/stackalign/throw-2.C -O2 -flto -flto-partition=none execution test
FAIL: g++.dg/torture/stackalign/throw-2.C -O2 -flto execution test
FAIL: g++.dg/torture/stackalign/throw-3.C -O2 -flto -flto-partition=none execution test
FAIL: g++.dg/torture/stackalign/throw-3.C -O2 -flto execution test
FAIL: g++.dg/torture/stackalign/eh-alloca-1.C -O2 -flto -flto-partition=none execution test
FAIL: g++.dg/torture/stackalign/eh-alloca-1.C -O2 -flto execution test
FAIL: g++.dg/torture/stackalign/eh-global-1.C -O2 -flto -flto-partition=none execution test
FAIL: g++.dg/torture/stackalign/eh-global-1.C -O2 -flto execution test
FAIL: g++.dg/torture/stackalign/eh-inline-1.C -O2 -flto -flto-partition=none execution test
FAIL: g++.dg/torture/stackalign/eh-inline-1.C -O2 -flto execution test
FAIL: g++.dg/torture/stackalign/eh-inline-2.C -O2 -flto -flto-partition=none execution test
FAIL: g++.dg/torture/stackalign/eh-inline-2.C -O2 -flto execution test
FAIL: g++.dg/torture/stackalign/eh-vararg-1.C -O2 -flto -flto-partition=none execution test
FAIL: g++.dg/torture/stackalign/eh-vararg-1.C -O2 -flto execution test
FAIL: g++.dg/torture/stackalign/eh-vararg-2.C -O2 -flto -flto-partition=none execution test
FAIL: g++.dg/torture/stackalign/eh-vararg-2.C -O2 -flto execution test
FAIL: g++.dg/torture/stackalign/throw-1.C -O2 -flto -flto-partition=none execution test
FAIL: g++.dg/torture/stackalign/throw-1.C -O2 -flto execution test
FAIL: g++.dg/torture/stackalign/throw-2.C -O2 -flto -flto-partition=none execution test
FAIL: g++.dg/torture/stackalign/throw-2.C -O2 -flto execution test
FAIL: g++.dg/torture/stackalign/throw-3.C -O2 -flto -flto-partition=none execution test
FAIL: g++.dg/torture/stackalign/throw-3.C -O2 -flto execution test
=== g++ Summary ===
# of expected passes 25736
# of unexpected failures 88
# of expected failures 158
# of unresolved testcases 32
# of unsupported tests 421
/home2/dave/gcc-4.6/objdir/gcc/testsuite/g++/../../g++ version 4.6.0 20110112 (experimental) [trunk revision 168728] (GCC)
=== gcc tests ===
Running target unix
FAIL: gcc.c-torture/execute/builtins/20010124-1.c execution, -O2 -flto -flto-partition=none
FAIL: gcc.c-torture/execute/builtins/20010124-1.c execution, -O2 -flto
FAIL: gcc.c-torture/execute/builtins/abs-1.c compilation, -O2 -flto -flto-partition=none (internal compiler error)
UNRESOLVED: gcc.c-torture/execute/builtins/abs-1.c execution, -O2 -flto -flto-partition=none
FAIL: gcc.c-torture/execute/builtins/abs-1.c compilation, -O2 -flto (internal compiler error)
UNRESOLVED: gcc.c-torture/execute/builtins/abs-1.c execution, -O2 -flto
FAIL: gcc.c-torture/execute/builtins/abs-2.c execution, -O2 -flto -flto-partition=none
FAIL: gcc.c-torture/execute/builtins/abs-2.c execution, -O2 -flto
FAIL: gcc.c-torture/execute/builtins/abs-3.c execution, -O2 -flto -flto-partition=none
FAIL: gcc.c-torture/execute/builtins/abs-3.c execution, -O2 -flto
FAIL: gcc.c-torture/execute/builtins/complex-1.c execution, -O2 -flto -flto-partition=none
FAIL: gcc.c-torture/execute/builtins/complex-1.c execution, -O2 -flto
FAIL: gcc.c-torture/execute/builtins/fprintf.c execution, -O2 -flto -flto-partition=none
FAIL: gcc.c-torture/execute/builtins/fprintf.c execution, -O2 -flto
FAIL: gcc.c-torture/execute/builtins/fputs.c execution, -O2 -flto -flto-partition=none
FAIL: gcc.c-torture/execute/builtins/fputs.c execution, -O2 -flto
FAIL: gcc.c-torture/execute/builtins/memchr.c execution, -O2 -flto -flto-partition=none
FAIL: gcc.c-torture/execute/builtins/memchr.c execution, -O2 -flto
FAIL: gcc.c-torture/execute/builtins/memcmp.c execution, -O2 -flto -flto-partition=none
FAIL: gcc.c-torture/execute/builtins/memcmp.c execution, -O2 -flto
FAIL: gcc.c-torture/execute/builtins/memcpy-chk.c execution, -O2 -flto -flto-partition=none
FAIL: gcc.c-torture/execute/builtins/memcpy-chk.c execution, -O2 -flto
FAIL: gcc.c-torture/execute/builtins/memmove-2.c execution, -O2 -flto -flto-partition=none
FAIL: gcc.c-torture/execute/builtins/memmove-2.c execution, -O2 -flto
FAIL: gcc.c-torture/execute/builtins/memmove-chk.c execution, -O2 -flto -flto-partition=none
FAIL: gcc.c-torture/execute/builtins/memmove-chk.c execution, -O2 -flto
FAIL: gcc.c-torture/execute/builtins/memmove.c execution, -O2 -flto -flto-partition=none
FAIL: gcc.c-torture/execute/builtins/memmove.c execution, -O2 -flto
FAIL: gcc.c-torture/execute/builtins/memops-asm.c execution, -O2 -flto -flto-partition=none
FAIL: gcc.c-torture/execute/builtins/memops-asm.c execution, -O2 -flto
FAIL: gcc.c-torture/execute/builtins/mempcpy-2.c execution, -O2 -flto -flto-partition=none
FAIL: gcc.c-torture/execute/builtins/mempcpy-2.c execution, -O2 -flto
FAIL: gcc.c-torture/execute/builtins/mempcpy-chk.c execution, -O2 -flto -flto-partition=none
FAIL: gcc.c-torture/execute/builtins/mempcpy-chk.c execution, -O2 -flto
FAIL: gcc.c-torture/execute/builtins/mempcpy.c execution, -O2 -flto -flto-partition=none
FAIL: gcc.c-torture/execute/builtins/mempcpy.c execution, -O2 -flto
FAIL: gcc.c-torture/execute/builtins/memset-chk.c execution, -O2 -flto -flto-partition=none
FAIL: gcc.c-torture/execute/builtins/memset-chk.c execution, -O2 -flto
FAIL: gcc.c-torture/execute/builtins/memset.c execution, -O2 -flto -flto-partition=none
FAIL: gcc.c-torture/execute/builtins/memset.c execution, -O2 -flto
FAIL: gcc.c-torture/execute/builtins/pr22237.c execution, -O2 -flto -flto-partition=none
FAIL: gcc.c-torture/execute/builtins/pr22237.c execution, -O2 -flto
FAIL: gcc.c-torture/execute/builtins/pr23484-chk.c execution, -O2 -flto -flto-partition=none
FAIL: gcc.c-torture/execute/builtins/pr23484-chk.c execution, -O2 -flto
FAIL: gcc.c-torture/execute/builtins/printf.c execution, -O2 -flto -flto-partition=none
FAIL: gcc.c-torture/execute/builtins/printf.c execution, -O2 -flto
FAIL: gcc.c-torture/execute/builtins/snprintf-chk.c execution, -O2 -flto -flto-partition=none
FAIL: gcc.c-torture/execute/builtins/snprintf-chk.c execution, -O2 -flto
FAIL: gcc.c-torture/execute/builtins/sprintf-chk.c execution, -O2 -flto -flto-partition=none
FAIL: gcc.c-torture/execute/builtins/sprintf-chk.c execution, -O2 -flto
FAIL: gcc.c-torture/execute/builtins/sprintf.c execution, -O2 -flto -flto-partition=none
FAIL: gcc.c-torture/execute/builtins/sprintf.c execution, -O2 -flto
FAIL: gcc.c-torture/execute/builtins/stpcpy-chk.c execution, -O2 -flto -flto-partition=none
FAIL: gcc.c-torture/execute/builtins/stpcpy-chk.c execution, -O2 -flto
FAIL: gcc.c-torture/execute/builtins/strcat-chk.c execution, -O2 -flto -flto-partition=none
FAIL: gcc.c-torture/execute/builtins/strcat-chk.c execution, -O2 -flto
FAIL: gcc.c-torture/execute/builtins/strcat.c execution, -O2 -flto -flto-partition=none
FAIL: gcc.c-torture/execute/builtins/strcat.c execution, -O2 -flto
FAIL: gcc.c-torture/execute/builtins/strchr.c execution, -O2 -flto -flto-partition=none
FAIL: gcc.c-torture/execute/builtins/strchr.c execution, -O2 -flto
FAIL: gcc.c-torture/execute/builtins/strcmp.c execution, -O2 -flto -flto-partition=none
FAIL: gcc.c-torture/execute/builtins/strcmp.c execution, -O2 -flto
FAIL: gcc.c-torture/execute/builtins/strcpy-2.c execution, -O2 -flto -flto-partition=none
FAIL: gcc.c-torture/execute/builtins/strcpy-2.c execution, -O2 -flto
FAIL: gcc.c-torture/execute/builtins/strcpy-chk.c execution, -O2 -flto -flto-partition=none
FAIL: gcc.c-torture/execute/builtins/strcpy-chk.c execution, -O2 -flto
FAIL: gcc.c-torture/execute/builtins/strcpy.c execution, -O2 -flto -flto-partition=none
FAIL: gcc.c-torture/execute/builtins/strcpy.c execution, -O2 -flto
FAIL: gcc.c-torture/execute/builtins/strcspn.c execution, -O2 -flto -flto-partition=none
FAIL: gcc.c-torture/execute/builtins/strcspn.c execution, -O2 -flto
FAIL: gcc.c-torture/execute/builtins/strlen-2.c execution, -O2 -flto -flto-partition=none
FAIL: gcc.c-torture/execute/builtins/strlen-2.c execution, -O2 -flto
FAIL: gcc.c-torture/execute/builtins/strlen-3.c execution, -O2 -flto -flto-partition=none
FAIL: gcc.c-torture/execute/builtins/strlen-3.c execution, -O2 -flto
FAIL: gcc.c-torture/execute/builtins/strlen.c execution, -O2 -flto -flto-partition=none
FAIL: gcc.c-torture/execute/builtins/strlen.c execution, -O2 -flto
FAIL: gcc.c-torture/execute/builtins/strncat-chk.c execution, -O2 -flto -flto-partition=none
FAIL: gcc.c-torture/execute/builtins/strncat-chk.c execution, -O2 -flto
FAIL: gcc.c-torture/execute/builtins/strncat.c execution, -O2 -flto -flto-partition=none
FAIL: gcc.c-torture/execute/builtins/strncat.c execution, -O2 -flto
FAIL: gcc.c-torture/execute/builtins/strncmp-2.c execution, -O2 -flto -flto-partition=none
FAIL: gcc.c-torture/execute/builtins/strncmp-2.c execution, -O2 -flto
FAIL: gcc.c-torture/execute/builtins/strncmp.c execution, -O2 -flto -flto-partition=none
FAIL: gcc.c-torture/execute/builtins/strncmp.c execution, -O2 -flto
FAIL: gcc.c-torture/execute/builtins/strncpy-chk.c execution, -O2 -flto -flto-partition=none
FAIL: gcc.c-torture/execute/builtins/strncpy-chk.c execution, -O2 -flto
FAIL: gcc.c-torture/execute/builtins/strncpy.c execution, -O2 -flto -flto-partition=none
FAIL: gcc.c-torture/execute/builtins/strncpy.c execution, -O2 -flto
FAIL: gcc.c-torture/execute/builtins/strpbrk.c execution, -O2 -flto -flto-partition=none
FAIL: gcc.c-torture/execute/builtins/strpbrk.c execution, -O2 -flto
FAIL: gcc.c-torture/execute/builtins/strpcpy-2.c execution, -O2 -flto -flto-partition=none
FAIL: gcc.c-torture/execute/builtins/strpcpy-2.c execution, -O2 -flto
FAIL: gcc.c-torture/execute/builtins/strpcpy.c execution, -O2 -flto -flto-partition=none
FAIL: gcc.c-torture/execute/builtins/strpcpy.c execution, -O2 -flto
FAIL: gcc.c-torture/execute/builtins/strrchr.c execution, -O2 -flto -flto-partition=none
FAIL: gcc.c-torture/execute/builtins/strrchr.c execution, -O2 -flto
FAIL: gcc.c-torture/execute/builtins/strspn.c execution, -O2 -flto -flto-partition=none
FAIL: gcc.c-torture/execute/builtins/strspn.c execution, -O2 -flto
FAIL: gcc.c-torture/execute/builtins/strstr-asm.c compilation, -O2 -flto -flto-partition=none (internal compiler error)
UNRESOLVED: gcc.c-torture/execute/builtins/strstr-asm.c execution, -O2 -flto -flto-partition=none
FAIL: gcc.c-torture/execute/builtins/strstr-asm.c compilation, -O2 -flto (internal compiler error)
UNRESOLVED: gcc.c-torture/execute/builtins/strstr-asm.c execution, -O2 -flto
FAIL: gcc.c-torture/execute/builtins/strstr.c execution, -O2 -flto -flto-partition=none
FAIL: gcc.c-torture/execute/builtins/strstr.c execution, -O2 -flto
FAIL: gcc.c-torture/execute/builtins/vsnprintf-chk.c execution, -O2 -flto -flto-partition=none
FAIL: gcc.c-torture/execute/builtins/vsnprintf-chk.c execution, -O2 -flto
FAIL: gcc.c-torture/execute/builtins/vsprintf-chk.c execution, -O2 -flto -flto-partition=none
FAIL: gcc.c-torture/execute/builtins/vsprintf-chk.c execution, -O2 -flto
FAIL: gcc.c-torture/execute/20101011-1.c execution, -O2 -flto -flto-partition=none
FAIL: gcc.c-torture/execute/20101011-1.c execution, -O2 -flto
FAIL: gcc.c-torture/execute/bcp-1.c compilation, -O2 -flto -flto-partition=none
UNRESOLVED: gcc.c-torture/execute/bcp-1.c execution, -O2 -flto -flto-partition=none
FAIL: gcc.c-torture/execute/bcp-1.c compilation, -O2 -flto
UNRESOLVED: gcc.c-torture/execute/bcp-1.c execution, -O2 -flto
FAIL: gcc.c-torture/execute/fprintf-1.c execution, -O2 -flto -flto-partition=none
FAIL: gcc.c-torture/execute/fprintf-1.c execution, -O2 -flto
FAIL: gcc.c-torture/execute/fprintf-chk-1.c execution, -O2 -flto -flto-partition=none
FAIL: gcc.c-torture/execute/fprintf-chk-1.c execution, -O2 -flto
FAIL: gcc.c-torture/execute/loop-2f.c execution, -O2 -flto -flto-partition=none
FAIL: gcc.c-torture/execute/loop-2f.c execution, -O2 -flto
FAIL: gcc.c-torture/execute/loop-2g.c execution, -O2 -flto -flto-partition=none
FAIL: gcc.c-torture/execute/loop-2g.c execution, -O2 -flto
FAIL: gcc.c-torture/execute/nestfunc-6.c execution, -O2 -flto -flto-partition=none
FAIL: gcc.c-torture/execute/nestfunc-6.c execution, -O2 -flto
FAIL: gcc.c-torture/execute/pr34456.c execution, -O2 -flto -flto-partition=none
FAIL: gcc.c-torture/execute/pr34456.c execution, -O2 -flto
FAIL: gcc.c-torture/execute/printf-chk-1.c execution, -O2 -flto -flto-partition=none
FAIL: gcc.c-torture/execute/printf-chk-1.c execution, -O2 -flto
FAIL: gcc.c-torture/execute/va-arg-21.c execution, -O2 -flto -flto-partition=none
FAIL: gcc.c-torture/execute/va-arg-21.c execution, -O2 -flto
FAIL: gcc.c-torture/execute/vfprintf-1.c execution, -O2 -flto -flto-partition=none
FAIL: gcc.c-torture/execute/vfprintf-1.c execution, -O2 -flto
FAIL: gcc.c-torture/execute/vfprintf-chk-1.c execution, -O2 -flto -flto-partition=none
FAIL: gcc.c-torture/execute/vfprintf-chk-1.c execution, -O2 -flto
FAIL: gcc.c-torture/execute/vprintf-1.c execution, -O2 -flto -flto-partition=none
FAIL: gcc.c-torture/execute/vprintf-1.c execution, -O2 -flto
FAIL: gcc.c-torture/execute/vprintf-chk-1.c execution, -O2 -flto -flto-partition=none
FAIL: gcc.c-torture/execute/vprintf-chk-1.c execution, -O2 -flto
FAIL: gcc.c-torture/execute/ieee/fp-cmp-1.c execution, -O2 -flto -flto-partition=none
FAIL: gcc.c-torture/execute/ieee/fp-cmp-1.c execution, -O2 -flto
FAIL: gcc.c-torture/execute/ieee/fp-cmp-2.c execution, -O2 -flto -flto-partition=none
FAIL: gcc.c-torture/execute/ieee/fp-cmp-2.c execution, -O2 -flto
FAIL: gcc.c-torture/execute/ieee/fp-cmp-3.c execution, -O2 -flto -flto-partition=none
FAIL: gcc.c-torture/execute/ieee/fp-cmp-3.c execution, -O2 -flto
FAIL: gcc.dg/cproj-fails-with-broken-glibc.c execution test
XPASS: gcc.dg/guality/example.c -O0 execution test
XPASS: gcc.dg/guality/example.c -O1 execution test
XPASS: gcc.dg/guality/example.c -O2 execution test
XPASS: gcc.dg/guality/guality.c -O0 execution test
XPASS: gcc.dg/guality/guality.c -O1 execution test
XPASS: gcc.dg/guality/guality.c -O2 execution test
XPASS: gcc.dg/guality/guality.c -O3 -fomit-frame-pointer execution test
XPASS: gcc.dg/guality/guality.c -O3 -g execution test
XPASS: gcc.dg/guality/guality.c -Os execution test
XPASS: gcc.dg/guality/inline-params.c -O2 execution test
XPASS: gcc.dg/guality/inline-params.c -O3 -fomit-frame-pointer execution test
XPASS: gcc.dg/guality/inline-params.c -O3 -g execution test
XPASS: gcc.dg/guality/inline-params.c -Os execution test
FAIL: gcc.dg/guality/nrv-1.c -O2 line 20 a2.i[0] == 42
FAIL: gcc.dg/guality/nrv-1.c -O3 -fomit-frame-pointer line 20 a2.i[0] == 42
FAIL: gcc.dg/guality/nrv-1.c -O3 -g line 20 a2.i[0] == 42
FAIL: gcc.dg/guality/nrv-1.c -Os line 20 a2.i[0] == 42
XPASS: gcc.dg/guality/pr41353-1.c -O0 line 28 j == 28 + 37
XPASS: gcc.dg/guality/pr41353-1.c -O1 line 28 j == 28 + 37
XPASS: gcc.dg/guality/pr41353-1.c -O2 line 28 j == 28 + 37
XPASS: gcc.dg/guality/pr41353-1.c -O3 -fomit-frame-pointer line 28 j == 28 + 37
XPASS: gcc.dg/guality/pr41353-1.c -O3 -g line 28 j == 28 + 37
XPASS: gcc.dg/guality/pr41353-1.c -Os line 28 j == 28 + 37
XPASS: gcc.dg/guality/pr41353-1.c -O2 -flto -flto-partition=none line 28 j == 28 + 37
FAIL: gcc.dg/guality/pr41353-1.c -O2 -flto line 17 vari == 17
XPASS: gcc.dg/guality/pr41353-1.c -O2 -flto line 28 j == 28 + 37
FAIL: gcc.dg/guality/pr41404-1.c -O1 line 10 *foo == 'f'
FAIL: gcc.dg/guality/pr41404-1.c -O2 line 10 *foo == 'f'
FAIL: gcc.dg/guality/pr41404-1.c -O3 -fomit-frame-pointer line 10 *foo == 'f'
FAIL: gcc.dg/guality/pr41404-1.c -O3 -g line 10 *foo == 'f'
FAIL: gcc.dg/guality/pr41404-1.c -Os line 10 *foo == 'f'
XPASS: gcc.dg/guality/pr41447-1.c -O0 execution test
XPASS: gcc.dg/guality/pr41447-1.c -O1 execution test
XPASS: gcc.dg/guality/pr41447-1.c -O2 execution test
XPASS: gcc.dg/guality/pr41447-1.c -O3 -fomit-frame-pointer execution test
XPASS: gcc.dg/guality/pr41447-1.c -O3 -g execution test
XPASS: gcc.dg/guality/pr41447-1.c -Os execution test
XPASS: gcc.dg/guality/pr41616-1.c -O0 execution test
XPASS: gcc.dg/guality/pr41616-1.c -O1 execution test
XPASS: gcc.dg/guality/pr41616-1.c -O2 execution test
XPASS: gcc.dg/guality/pr41616-1.c -O3 -fomit-frame-pointer execution test
XPASS: gcc.dg/guality/pr41616-1.c -O3 -g execution test
XPASS: gcc.dg/guality/pr41616-1.c -Os execution test
FAIL: gcc.dg/guality/pr43077-1.c -O2 -flto -flto-partition=none line 42 varb == 2
FAIL: gcc.dg/guality/pr43077-1.c -O2 -flto line 11 varb == 2
FAIL: gcc.dg/guality/pr43077-1.c -O2 -flto line 19 varb == 3
FAIL: gcc.dg/guality/pr43077-1.c -O2 -flto line 42 varb == 2
FAIL: gcc.dg/guality/sra-1.c -O1 line 43 a.j == 14
FAIL: gcc.dg/guality/sra-1.c -O2 line 43 a.j == 14
FAIL: gcc.dg/guality/sra-1.c -O3 -fomit-frame-pointer line 43 a.j == 14
FAIL: gcc.dg/guality/sra-1.c -O3 -g line 43 a.j == 14
FAIL: gcc.dg/guality/sra-1.c -Os line 43 a.j == 14
FAIL: gcc.dg/guality/vla-1.c -O0 line 17 sizeof (a) == 6
FAIL: gcc.dg/guality/vla-1.c -O0 line 24 sizeof (a) == 17 * sizeof (short)
FAIL: gcc.dg/guality/vla-1.c -O1 line 24 sizeof (a) == 17 * sizeof (short)
FAIL: gcc.dg/guality/vla-1.c -O2 line 24 sizeof (a) == 17 * sizeof (short)
FAIL: gcc.dg/guality/vla-1.c -O3 -fomit-frame-pointer line 24 sizeof (a) == 17 * sizeof (short)
FAIL: gcc.dg/guality/vla-1.c -O3 -g line 24 sizeof (a) == 17 * sizeof (short)
FAIL: gcc.dg/guality/vla-1.c -Os line 24 sizeof (a) == 17 * sizeof (short)
FAIL: gcc.dg/guality/vla-2.c -O0 line 16 sizeof (a) == 5 * sizeof (int)
FAIL: gcc.dg/guality/vla-2.c -O0 line 25 sizeof (a) == 6 * sizeof (int)
FAIL: gcc.dg/guality/vla-2.c -O1 line 16 sizeof (a) == 5 * sizeof (int)
FAIL: gcc.dg/guality/vla-2.c -O1 line 25 sizeof (a) == 6 * sizeof (int)
FAIL: gcc.dg/guality/vla-2.c -O2 line 16 sizeof (a) == 5 * sizeof (int)
FAIL: gcc.dg/guality/vla-2.c -O2 line 25 sizeof (a) == 6 * sizeof (int)
FAIL: gcc.dg/guality/vla-2.c -O3 -fomit-frame-pointer line 16 sizeof (a) == 5 * sizeof (int)
FAIL: gcc.dg/guality/vla-2.c -O3 -fomit-frame-pointer line 25 sizeof (a) == 6 * sizeof (int)
FAIL: gcc.dg/guality/vla-2.c -O3 -g line 16 sizeof (a) == 5 * sizeof (int)
FAIL: gcc.dg/guality/vla-2.c -O3 -g line 25 sizeof (a) == 6 * sizeof (int)
FAIL: gcc.dg/guality/vla-2.c -Os line 16 sizeof (a) == 5 * sizeof (int)
FAIL: gcc.dg/guality/vla-2.c -Os line 25 sizeof (a) == 6 * sizeof (int)
FAIL: gcc.dg/lto/20081201-1 c_lto_20081201-1_0.o-c_lto_20081201-1_2.o execute -O2 -DOPTIMIZE -flto -flto-partition=1to1
FAIL: gcc.dg/lto/20081204-1 c_lto_20081204-1_0.o-c_lto_20081204-1_1.o link, -flto -flto-partition=1to1 -fPIC -r -nostdlib (internal compiler error)
UNRESOLVED: gcc.dg/lto/20081204-1 c_lto_20081204-1_0.o-c_lto_20081204-1_1.o execute -flto -flto-partition=1to1 -fPIC -r -nostdlib
FAIL: gcc.dg/lto/20081210-1 c_lto_20081210-1_0.o-c_lto_20081210-1_0.o execute -O0 -flto -flto-partition=none
FAIL: gcc.dg/lto/20081210-1 c_lto_20081210-1_0.o-c_lto_20081210-1_0.o execute -O2 -flto -flto-partition=none
FAIL: gcc.dg/lto/20081210-1 c_lto_20081210-1_0.o-c_lto_20081210-1_0.o execute -O0 -flto -flto-partition=1to1
FAIL: gcc.dg/lto/20081210-1 c_lto_20081210-1_0.o-c_lto_20081210-1_0.o execute -O2 -flto -flto-partition=1to1
FAIL: gcc.dg/lto/20081210-1 c_lto_20081210-1_0.o-c_lto_20081210-1_0.o execute -O0 -flto
FAIL: gcc.dg/lto/20081210-1 c_lto_20081210-1_0.o-c_lto_20081210-1_0.o execute -O2 -flto
FAIL: gcc.dg/lto/20081224 c_lto_20081224_0.o-c_lto_20081224_1.o link, -flto -flto-partition=1to1 -r -nostdlib -fPIC
UNRESOLVED: gcc.dg/lto/20081224 c_lto_20081224_0.o-c_lto_20081224_1.o execute -flto -flto-partition=1to1 -r -nostdlib -fPIC
FAIL: gcc.dg/lto/20090210 c_lto_20090210_0.o-c_lto_20090210_1.o execute -O0 -flto -flto-partition=none
FAIL: gcc.dg/lto/20090210 c_lto_20090210_0.o-c_lto_20090210_1.o execute -O2 -flto -flto-partition=none
FAIL: gcc.dg/lto/20090210 c_lto_20090210_0.o-c_lto_20090210_1.o execute -O0 -flto -flto-partition=1to1
FAIL: gcc.dg/lto/20090210 c_lto_20090210_0.o-c_lto_20090210_1.o execute -O2 -flto -flto-partition=1to1
FAIL: gcc.dg/lto/20090210 c_lto_20090210_0.o-c_lto_20090210_1.o execute -O0 -flto
FAIL: gcc.dg/lto/20090210 c_lto_20090210_0.o-c_lto_20090210_1.o execute -O2 -flto
FAIL: gcc.dg/lto/20090219 c_lto_20090219_0.o-c_lto_20090219_0.o link, -O3 -flto -flto-partition=1to1 -fPIC -r -nostdlib
UNRESOLVED: gcc.dg/lto/20090219 c_lto_20090219_0.o-c_lto_20090219_0.o execute -O3 -flto -flto-partition=1to1 -fPIC -r -nostdlib
FAIL: gcc.dg/lto/20090717 c_lto_20090717_0.o-c_lto_20090717_1.o link, -O0 -flto -flto-partition=none (internal compiler error)
UNRESOLVED: gcc.dg/lto/20090717 c_lto_20090717_0.o-c_lto_20090717_1.o execute -O0 -flto -flto-partition=none
FAIL: gcc.dg/lto/20090717 c_lto_20090717_0.o-c_lto_20090717_1.o link, -O2 -flto -flto-partition=none (internal compiler error)
UNRESOLVED: gcc.dg/lto/20090717 c_lto_20090717_0.o-c_lto_20090717_1.o execute -O2 -flto -flto-partition=none
FAIL: gcc.dg/lto/20090717 c_lto_20090717_0.o-c_lto_20090717_1.o link, -O0 -flto -flto-partition=1to1 (internal compiler error)
UNRESOLVED: gcc.dg/lto/20090717 c_lto_20090717_0.o-c_lto_20090717_1.o execute -O0 -flto -flto-partition=1to1
FAIL: gcc.dg/lto/20090717 c_lto_20090717_0.o-c_lto_20090717_1.o link, -O2 -flto -flto-partition=1to1 (internal compiler error)
UNRESOLVED: gcc.dg/lto/20090717 c_lto_20090717_0.o-c_lto_20090717_1.o execute -O2 -flto -flto-partition=1to1
FAIL: gcc.dg/lto/20090717 c_lto_20090717_0.o-c_lto_20090717_1.o link, -O0 -flto (internal compiler error)
UNRESOLVED: gcc.dg/lto/20090717 c_lto_20090717_0.o-c_lto_20090717_1.o execute -O0 -flto
FAIL: gcc.dg/lto/20090717 c_lto_20090717_0.o-c_lto_20090717_1.o link, -O2 -flto (internal compiler error)
UNRESOLVED: gcc.dg/lto/20090717 c_lto_20090717_0.o-c_lto_20090717_1.o execute -O2 -flto
FAIL: gcc.dg/lto/20090812 c_lto_20090812_0.o-c_lto_20090812_1.o execute -O0 -flto -flto-partition=none
FAIL: gcc.dg/lto/20090812 c_lto_20090812_0.o-c_lto_20090812_1.o execute -O2 -flto -flto-partition=none
FAIL: gcc.dg/lto/20090812 c_lto_20090812_0.o-c_lto_20090812_1.o execute -O0 -flto -flto-partition=1to1
FAIL: gcc.dg/lto/20090812 c_lto_20090812_0.o-c_lto_20090812_1.o execute -O2 -flto -flto-partition=1to1
FAIL: gcc.dg/lto/20090812 c_lto_20090812_0.o-c_lto_20090812_1.o execute -O0 -flto
FAIL: gcc.dg/lto/20090812 c_lto_20090812_0.o-c_lto_20090812_1.o execute -O2 -flto
FAIL: gcc.dg/lto/20091005-1 c_lto_20091005-1_0.o-c_lto_20091005-1_1.o link, -O0 -flto -flto-partition=none (internal compiler error)
UNRESOLVED: gcc.dg/lto/20091005-1 c_lto_20091005-1_0.o-c_lto_20091005-1_1.o execute -O0 -flto -flto-partition=none
FAIL: gcc.dg/lto/20091005-1 c_lto_20091005-1_0.o-c_lto_20091005-1_1.o link, -O2 -flto -flto-partition=none (internal compiler error)
UNRESOLVED: gcc.dg/lto/20091005-1 c_lto_20091005-1_0.o-c_lto_20091005-1_1.o execute -O2 -flto -flto-partition=none
FAIL: gcc.dg/lto/20091005-1 c_lto_20091005-1_0.o-c_lto_20091005-1_1.o link, -O0 -flto -flto-partition=1to1 (internal compiler error)
UNRESOLVED: gcc.dg/lto/20091005-1 c_lto_20091005-1_0.o-c_lto_20091005-1_1.o execute -O0 -flto -flto-partition=1to1
FAIL: gcc.dg/lto/20091005-1 c_lto_20091005-1_0.o-c_lto_20091005-1_1.o link, -O2 -flto -flto-partition=1to1 (internal compiler error)
UNRESOLVED: gcc.dg/lto/20091005-1 c_lto_20091005-1_0.o-c_lto_20091005-1_1.o execute -O2 -flto -flto-partition=1to1
FAIL: gcc.dg/lto/20091005-1 c_lto_20091005-1_0.o-c_lto_20091005-1_1.o link, -O0 -flto (internal compiler error)
UNRESOLVED: gcc.dg/lto/20091005-1 c_lto_20091005-1_0.o-c_lto_20091005-1_1.o execute -O0 -flto
FAIL: gcc.dg/lto/20091005-1 c_lto_20091005-1_0.o-c_lto_20091005-1_1.o link, -O2 -flto (internal compiler error)
UNRESOLVED: gcc.dg/lto/20091005-1 c_lto_20091005-1_0.o-c_lto_20091005-1_1.o execute -O2 -flto
FAIL: gcc.dg/lto/20100227-1 c_lto_20100227-1_0.o-c_lto_20100227-1_1.o link, -O0 -flto -flto-partition=none (internal compiler error)
UNRESOLVED: gcc.dg/lto/20100227-1 c_lto_20100227-1_0.o-c_lto_20100227-1_1.o execute -O0 -flto -flto-partition=none
FAIL: gcc.dg/lto/20100227-1 c_lto_20100227-1_0.o-c_lto_20100227-1_1.o link, -O2 -flto -flto-partition=none (internal compiler error)
UNRESOLVED: gcc.dg/lto/20100227-1 c_lto_20100227-1_0.o-c_lto_20100227-1_1.o execute -O2 -flto -flto-partition=none
FAIL: gcc.dg/lto/20100227-1 c_lto_20100227-1_0.o-c_lto_20100227-1_1.o link, -O0 -flto -flto-partition=1to1 (internal compiler error)
UNRESOLVED: gcc.dg/lto/20100227-1 c_lto_20100227-1_0.o-c_lto_20100227-1_1.o execute -O0 -flto -flto-partition=1to1
FAIL: gcc.dg/lto/20100227-1 c_lto_20100227-1_0.o-c_lto_20100227-1_1.o link, -O2 -flto -flto-partition=1to1 (internal compiler error)
UNRESOLVED: gcc.dg/lto/20100227-1 c_lto_20100227-1_0.o-c_lto_20100227-1_1.o execute -O2 -flto -flto-partition=1to1
FAIL: gcc.dg/lto/20100227-1 c_lto_20100227-1_0.o-c_lto_20100227-1_1.o link, -O0 -flto (internal compiler error)
UNRESOLVED: gcc.dg/lto/20100227-1 c_lto_20100227-1_0.o-c_lto_20100227-1_1.o execute -O0 -flto
FAIL: gcc.dg/lto/20100227-1 c_lto_20100227-1_0.o-c_lto_20100227-1_1.o link, -O2 -flto (internal compiler error)
UNRESOLVED: gcc.dg/lto/20100227-1 c_lto_20100227-1_0.o-c_lto_20100227-1_1.o execute -O2 -flto
FAIL: gcc.dg/lto/20100423-2 c_lto_20100423-2_0.o-c_lto_20100423-2_1.o link, -O2 -flto -flto-partition=none (internal compiler error)
UNRESOLVED: gcc.dg/lto/20100423-2 c_lto_20100423-2_0.o-c_lto_20100423-2_1.o execute -O2 -flto -flto-partition=none
FAIL: gcc.dg/lto/20100423-2 c_lto_20100423-2_0.o-c_lto_20100423-2_1.o link, -O2 -flto -flto-partition=1to1 (internal compiler error)
UNRESOLVED: gcc.dg/lto/20100423-2 c_lto_20100423-2_0.o-c_lto_20100423-2_1.o execute -O2 -flto -flto-partition=1to1
FAIL: gcc.dg/lto/20100423-2 c_lto_20100423-2_0.o-c_lto_20100423-2_1.o link, -O3 -flto -flto-partition=none (internal compiler error)
UNRESOLVED: gcc.dg/lto/20100423-2 c_lto_20100423-2_0.o-c_lto_20100423-2_1.o execute -O3 -flto -flto-partition=none
FAIL: gcc.dg/lto/20100423-2 c_lto_20100423-2_0.o-c_lto_20100423-2_1.o link, -O3 -flto -flto-partition=1to1 (internal compiler error)
UNRESOLVED: gcc.dg/lto/20100423-2 c_lto_20100423-2_0.o-c_lto_20100423-2_1.o execute -O3 -flto -flto-partition=1to1
FAIL: gcc.dg/lto/20100603-2 c_lto_20100603-2_0.o-c_lto_20100603-2_0.o link, -O0 -flto -flto-partition=none
UNRESOLVED: gcc.dg/lto/20100603-2 c_lto_20100603-2_0.o-c_lto_20100603-2_0.o execute -O0 -flto -flto-partition=none
FAIL: gcc.dg/lto/20100603-2 c_lto_20100603-2_0.o-c_lto_20100603-2_0.o link, -O2 -flto -flto-partition=none
UNRESOLVED: gcc.dg/lto/20100603-2 c_lto_20100603-2_0.o-c_lto_20100603-2_0.o execute -O2 -flto -flto-partition=none
FAIL: gcc.dg/lto/20100603-2 c_lto_20100603-2_0.o-c_lto_20100603-2_0.o link, -O0 -flto -flto-partition=1to1
UNRESOLVED: gcc.dg/lto/20100603-2 c_lto_20100603-2_0.o-c_lto_20100603-2_0.o execute -O0 -flto -flto-partition=1to1
FAIL: gcc.dg/lto/20100603-2 c_lto_20100603-2_0.o-c_lto_20100603-2_0.o link, -O2 -flto -flto-partition=1to1
UNRESOLVED: gcc.dg/lto/20100603-2 c_lto_20100603-2_0.o-c_lto_20100603-2_0.o execute -O2 -flto -flto-partition=1to1
FAIL: gcc.dg/lto/20100603-2 c_lto_20100603-2_0.o-c_lto_20100603-2_0.o link, -O0 -flto
UNRESOLVED: gcc.dg/lto/20100603-2 c_lto_20100603-2_0.o-c_lto_20100603-2_0.o execute -O0 -flto
FAIL: gcc.dg/lto/20100603-2 c_lto_20100603-2_0.o-c_lto_20100603-2_0.o link, -O2 -flto
UNRESOLVED: gcc.dg/lto/20100603-2 c_lto_20100603-2_0.o-c_lto_20100603-2_0.o execute -O2 -flto
FAIL: gcc.dg/lto/20100709-1 c_lto_20100709-1_0.o-c_lto_20100709-1_1.o link, -O0 -flto -flto-partition=none (internal compiler error)
UNRESOLVED: gcc.dg/lto/20100709-1 c_lto_20100709-1_0.o-c_lto_20100709-1_1.o execute -O0 -flto -flto-partition=none
FAIL: gcc.dg/lto/20100709-1 c_lto_20100709-1_0.o-c_lto_20100709-1_1.o link, -O2 -flto -flto-partition=none (internal compiler error)
UNRESOLVED: gcc.dg/lto/20100709-1 c_lto_20100709-1_0.o-c_lto_20100709-1_1.o execute -O2 -flto -flto-partition=none
FAIL: gcc.dg/lto/20100709-1 c_lto_20100709-1_0.o-c_lto_20100709-1_1.o link, -O0 -flto -flto-partition=1to1 (internal compiler error)
UNRESOLVED: gcc.dg/lto/20100709-1 c_lto_20100709-1_0.o-c_lto_20100709-1_1.o execute -O0 -flto -flto-partition=1to1
FAIL: gcc.dg/lto/20100709-1 c_lto_20100709-1_0.o-c_lto_20100709-1_1.o link, -O2 -flto -flto-partition=1to1 (internal compiler error)
UNRESOLVED: gcc.dg/lto/20100709-1 c_lto_20100709-1_0.o-c_lto_20100709-1_1.o execute -O2 -flto -flto-partition=1to1
FAIL: gcc.dg/lto/20100709-1 c_lto_20100709-1_0.o-c_lto_20100709-1_1.o link, -O0 -flto (internal compiler error)
UNRESOLVED: gcc.dg/lto/20100709-1 c_lto_20100709-1_0.o-c_lto_20100709-1_1.o execute -O0 -flto
FAIL: gcc.dg/lto/20100709-1 c_lto_20100709-1_0.o-c_lto_20100709-1_1.o link, -O2 -flto (internal compiler error)
UNRESOLVED: gcc.dg/lto/20100709-1 c_lto_20100709-1_0.o-c_lto_20100709-1_1.o execute -O2 -flto
FAIL: gcc.dg/lto/const-uniq c_lto_const-uniq_0.o-c_lto_const-uniq_1.o execute -Os -flto -flto-partition=none
FAIL: gcc.dg/lto/const-uniq c_lto_const-uniq_0.o-c_lto_const-uniq_1.o execute -Os -flto -flto-partition=1to1
FAIL: gcc.dg/lto/ipacp c_lto_ipacp_0.o-c_lto_ipacp_1.o link, -O1 -flto -flto-partition=1to1 -fipa-cp -fipa-cp-clone (internal compiler error)
UNRESOLVED: gcc.dg/lto/ipacp c_lto_ipacp_0.o-c_lto_ipacp_1.o execute -O1 -flto -flto-partition=1to1 -fipa-cp -fipa-cp-clone
FAIL: gcc.dg/lto/ipareference2 c_lto_ipareference2_0.o-c_lto_ipareference2_1.o link, -O1 -flto -flto-partition=1to1 -fwhole-program (internal compiler error)
UNRESOLVED: gcc.dg/lto/ipareference2 c_lto_ipareference2_0.o-c_lto_ipareference2_1.o execute -O1 -flto -flto-partition=1to1 -fwhole-program
FAIL: gcc.dg/lto/materialize-1 c_lto_materialize-1_0.o-c_lto_materialize-1_1.o link, -O3 -flto -flto-partition=1to1 (internal compiler error)
UNRESOLVED: gcc.dg/lto/materialize-1 c_lto_materialize-1_0.o-c_lto_materialize-1_1.o execute -O3 -flto -flto-partition=1to1
WARNING: program timed out.
FAIL: gcc.dg/lto/noreturn-1 c_lto_noreturn-1_0.o-c_lto_noreturn-1_1.o execute -O2 -flto -flto-partition=1to1
FAIL: gcc.dg/torture/pr43879_1.c -O2 -flto -flto-partition=none execution test
FAIL: gcc.dg/torture/pr43879_1.c -O2 -flto execution test
FAIL: gcc.dg/torture/stackalign/nested-6.c -O2 -flto -flto-partition=none execution test
FAIL: gcc.dg/torture/stackalign/nested-6.c -O2 -flto execution test
FAIL: gcc.dg/torture/stackalign/nested-6.c -O2 -flto -flto-partition=none execution test
FAIL: gcc.dg/torture/stackalign/nested-6.c -O2 -flto execution test
FAIL: gcc.dg/torture/tls/tls-test.c -O2 -flto -flto-partition=none execution test
FAIL: gcc.dg/torture/tls/tls-test.c -O2 -flto execution test
XPASS: gcc.dg/tree-ssa/loop-1.c scan-assembler-times foo 5
=== gcc Summary ===
# of expected passes 68560
# of unexpected failures 247
# of unexpected successes 34
# of expected failures 146
# of unresolved testcases 46
# of unsupported tests 1116
/home2/dave/gcc-4.6/objdir/gcc/xgcc version 4.6.0 20110112 (experimental) [trunk revision 168728] (GCC)
=== gfortran tests ===
Running target unix
XPASS: gfortran.dg/pr25923.f90 -O PR45505 (test for warnings, line 13)
XPASS: gfortran.dg/pr25923.f90 -O PR45505 (test for bogus messages, line 22)
FAIL: gfortran.dg/pr45636.f90 -O scan-tree-dump-times forwprop2 "memset" 0
FAIL: gfortran.dg/lto/20091028-1 f_lto_20091028-1_0.o-f_lto_20091028-1_1.o link, -O0 -flto -flto-partition=none
UNRESOLVED: gfortran.dg/lto/20091028-1 f_lto_20091028-1_0.o-f_lto_20091028-1_1.o execute -O0 -flto -flto-partition=none
FAIL: gfortran.dg/lto/20091028-1 f_lto_20091028-1_0.o-f_lto_20091028-1_1.o link, -O2 -flto -flto-partition=none
UNRESOLVED: gfortran.dg/lto/20091028-1 f_lto_20091028-1_0.o-f_lto_20091028-1_1.o execute -O2 -flto -flto-partition=none
FAIL: gfortran.dg/lto/20091028-1 f_lto_20091028-1_0.o-f_lto_20091028-1_1.o link, -O0 -flto -flto-partition=1to1
UNRESOLVED: gfortran.dg/lto/20091028-1 f_lto_20091028-1_0.o-f_lto_20091028-1_1.o execute -O0 -flto -flto-partition=1to1
FAIL: gfortran.dg/lto/20091028-1 f_lto_20091028-1_0.o-f_lto_20091028-1_1.o link, -O2 -flto -flto-partition=1to1
UNRESOLVED: gfortran.dg/lto/20091028-1 f_lto_20091028-1_0.o-f_lto_20091028-1_1.o execute -O2 -flto -flto-partition=1to1
FAIL: gfortran.dg/lto/20091028-1 f_lto_20091028-1_0.o-f_lto_20091028-1_1.o link, -O0 -flto
UNRESOLVED: gfortran.dg/lto/20091028-1 f_lto_20091028-1_0.o-f_lto_20091028-1_1.o execute -O0 -flto
FAIL: gfortran.dg/lto/20091028-1 f_lto_20091028-1_0.o-f_lto_20091028-1_1.o link, -O2 -flto
UNRESOLVED: gfortran.dg/lto/20091028-1 f_lto_20091028-1_0.o-f_lto_20091028-1_1.o execute -O2 -flto
FAIL: gfortran.dg/lto/20091028-2 f_lto_20091028-2_0.o-f_lto_20091028-2_1.o link, -O0 -flto -flto-partition=none
UNRESOLVED: gfortran.dg/lto/20091028-2 f_lto_20091028-2_0.o-f_lto_20091028-2_1.o execute -O0 -flto -flto-partition=none
FAIL: gfortran.dg/lto/20091028-2 f_lto_20091028-2_0.o-f_lto_20091028-2_1.o link, -O2 -flto -flto-partition=none
UNRESOLVED: gfortran.dg/lto/20091028-2 f_lto_20091028-2_0.o-f_lto_20091028-2_1.o execute -O2 -flto -flto-partition=none
FAIL: gfortran.dg/lto/20091028-2 f_lto_20091028-2_0.o-f_lto_20091028-2_1.o link, -O0 -flto -flto-partition=1to1
UNRESOLVED: gfortran.dg/lto/20091028-2 f_lto_20091028-2_0.o-f_lto_20091028-2_1.o execute -O0 -flto -flto-partition=1to1
FAIL: gfortran.dg/lto/20091028-2 f_lto_20091028-2_0.o-f_lto_20091028-2_1.o link, -O2 -flto -flto-partition=1to1
UNRESOLVED: gfortran.dg/lto/20091028-2 f_lto_20091028-2_0.o-f_lto_20091028-2_1.o execute -O2 -flto -flto-partition=1to1
FAIL: gfortran.dg/lto/20091028-2 f_lto_20091028-2_0.o-f_lto_20091028-2_1.o link, -O0 -flto
UNRESOLVED: gfortran.dg/lto/20091028-2 f_lto_20091028-2_0.o-f_lto_20091028-2_1.o execute -O0 -flto
FAIL: gfortran.dg/lto/20091028-2 f_lto_20091028-2_0.o-f_lto_20091028-2_1.o link, -O2 -flto
UNRESOLVED: gfortran.dg/lto/20091028-2 f_lto_20091028-2_0.o-f_lto_20091028-2_1.o execute -O2 -flto
FAIL: gfortran.dg/lto/20100222-1 f_lto_20100222-1_0.o-f_lto_20100222-1_1.o execute -O0 -flto -flto-partition=none
FAIL: gfortran.dg/lto/20100222-1 f_lto_20100222-1_0.o-f_lto_20100222-1_1.o execute -O2 -flto -flto-partition=none
FAIL: gfortran.dg/lto/20100222-1 f_lto_20100222-1_0.o-f_lto_20100222-1_1.o execute -O0 -flto -flto-partition=1to1
FAIL: gfortran.dg/lto/20100222-1 f_lto_20100222-1_0.o-f_lto_20100222-1_1.o execute -O2 -flto -flto-partition=1to1
FAIL: gfortran.dg/lto/20100222-1 f_lto_20100222-1_0.o-f_lto_20100222-1_1.o execute -O0 -flto
FAIL: gfortran.dg/lto/20100222-1 f_lto_20100222-1_0.o-f_lto_20100222-1_1.o execute -O2 -flto
FAIL: gfortran.dg/lto/pr40724 f_lto_pr40724_0.o-f_lto_pr40724_1.o execute -O0 -flto -flto-partition=none
FAIL: gfortran.dg/lto/pr40724 f_lto_pr40724_0.o-f_lto_pr40724_1.o execute -O2 -flto -flto-partition=none
FAIL: gfortran.dg/lto/pr40724 f_lto_pr40724_0.o-f_lto_pr40724_1.o execute -O0 -flto -flto-partition=1to1
FAIL: gfortran.dg/lto/pr40724 f_lto_pr40724_0.o-f_lto_pr40724_1.o execute -O2 -flto -flto-partition=1to1
FAIL: gfortran.dg/lto/pr40724 f_lto_pr40724_0.o-f_lto_pr40724_1.o execute -O0 -flto
FAIL: gfortran.dg/lto/pr40724 f_lto_pr40724_0.o-f_lto_pr40724_1.o execute -O2 -flto
FAIL: gfortran.dg/lto/pr40725 f_lto_pr40725_0.o-f_lto_pr40725_1.o execute -O0 -flto -flto-partition=none
FAIL: gfortran.dg/lto/pr40725 f_lto_pr40725_0.o-f_lto_pr40725_1.o execute -O2 -flto -flto-partition=none
FAIL: gfortran.dg/lto/pr40725 f_lto_pr40725_0.o-f_lto_pr40725_1.o execute -O0 -flto -flto-partition=1to1
FAIL: gfortran.dg/lto/pr40725 f_lto_pr40725_0.o-f_lto_pr40725_1.o execute -O2 -flto -flto-partition=1to1
FAIL: gfortran.dg/lto/pr40725 f_lto_pr40725_0.o-f_lto_pr40725_1.o execute -O0 -flto
FAIL: gfortran.dg/lto/pr40725 f_lto_pr40725_0.o-f_lto_pr40725_1.o execute -O2 -flto
=== gfortran Summary ===
# of expected passes 36680
# of unexpected failures 31
# of unexpected successes 2
# of expected failures 40
# of unresolved testcases 12
# of unsupported tests 346
/home2/dave/gcc-4.6/objdir/gcc/testsuite/gfortran/../../gfortran version 4.6.0 20110112 (experimental) [trunk revision 168728] (GCC)
=== gnat tests ===
Running target unix
FAIL: gnat.dg/lto1.adb (test for excess errors)
UNRESOLVED: gnat.dg/lto1.adb compilation failed to produce executable
FAIL: gnat.dg/lto10.adb (internal compiler error)
FAIL: gnat.dg/lto10.adb (test for excess errors)
UNRESOLVED: gnat.dg/lto10.adb compilation failed to produce executable
FAIL: gnat.dg/lto5.adb (test for excess errors)
UNRESOLVED: gnat.dg/lto5.adb compilation failed to produce executable
FAIL: gnat.dg/lto6.adb (internal compiler error)
FAIL: gnat.dg/lto6.adb (test for excess errors)
UNRESOLVED: gnat.dg/lto6.adb compilation failed to produce executable
FAIL: gnat.dg/lto7.adb (internal compiler error)
FAIL: gnat.dg/lto7.adb (test for excess errors)
UNRESOLVED: gnat.dg/lto7.adb compilation failed to produce executable
FAIL: gnat.dg/lto8.adb (internal compiler error)
FAIL: gnat.dg/lto8.adb (test for excess errors)
UNRESOLVED: gnat.dg/lto8.adb compilation failed to produce executable
FAIL: gnat.dg/lto9.adb (internal compiler error)
FAIL: gnat.dg/lto9.adb (test for excess errors)
UNRESOLVED: gnat.dg/lto9.adb compilation failed to produce executable
=== gnat Summary ===
# of expected passes 851
# of unexpected failures 12
# of expected failures 10
# of unresolved testcases 7
# of unsupported tests 3
=== obj-c++ tests ===
Running target unix
UNRESOLVED: obj-c++.dg/try-catch-2.mm -fgnu-runtime compilation failed to produce executable
UNRESOLVED: obj-c++.dg/try-catch-9.mm -fgnu-runtime compilation failed to produce executable
WARNING: program timed out.
FAIL: obj-c++.dg/lto/trivial-1 obj_cpp_lto_trivial-1_0.o-obj_cpp_lto_trivial-1_0.o execute -O0 -flto -fgnu-runtime
WARNING: program timed out.
FAIL: obj-c++.dg/lto/trivial-1 obj_cpp_lto_trivial-1_0.o-obj_cpp_lto_trivial-1_0.o execute -O2 -flto -fgnu-runtime
WARNING: program timed out.
FAIL: obj-c++.dg/lto/trivial-1 obj_cpp_lto_trivial-1_0.o-obj_cpp_lto_trivial-1_0.o execute -O0 -flto -flto-partition=none -fgnu-runtime
WARNING: program timed out.
FAIL: obj-c++.dg/lto/trivial-1 obj_cpp_lto_trivial-1_0.o-obj_cpp_lto_trivial-1_0.o execute -O2 -flto -flto-partition=none -fgnu-runtime
WARNING: program timed out.
FAIL: obj-c++.dg/torture/trivial.mm -O2 -flto -flto-partition=none -fgnu-runtime execution test
WARNING: program timed out.
FAIL: obj-c++.dg/torture/trivial.mm -O2 -flto -fgnu-runtime execution test
WARNING: program timed out.
FAIL: obj-c++.dg/torture/strings/const-str-7.mm -O2 -flto -flto-partition=none -fgnu-runtime execution test
WARNING: program timed out.
FAIL: obj-c++.dg/torture/strings/const-str-7.mm -O2 -flto -fgnu-runtime execution test
WARNING: program timed out.
FAIL: obj-c++.dg/torture/strings/string1.mm -O2 -flto -flto-partition=none -fgnu-runtime execution test
WARNING: program timed out.
FAIL: obj-c++.dg/torture/strings/string1.mm -O2 -flto -fgnu-runtime execution test
WARNING: program timed out.
FAIL: obj-c++.dg/torture/tls/thr-init-3.mm -O2 -flto -flto-partition=none -fgnu-runtime execution test
WARNING: program timed out.
FAIL: obj-c++.dg/torture/tls/thr-init-3.mm -O2 -flto -fgnu-runtime execution test
=== obj-c++ Summary ===
# of expected passes 1365
# of unexpected failures 12
# of expected failures 2
# of unresolved testcases 2
# of unsupported tests 86
/home2/dave/gcc-4.6/objdir/gcc/testsuite/obj-c++/../../g++ version 4.6.0 20110112 (experimental) [trunk revision 168728] (GCC)
=== objc tests ===
Running target unix
XPASS: objc.dg-struct-layout-encoding-1/t025_main.m execution test
XPASS: objc.dg-struct-layout-encoding-1/t026_main.m execution test
XPASS: objc.dg-struct-layout-encoding-1/t027_main.m execution test
XPASS: objc.dg-struct-layout-encoding-1/t028_main.m execution test
XPASS: objc.dg-struct-layout-encoding-1/t029_main.m execution test
XPASS: objc.dg-struct-layout-encoding-1/t030_main.m execution test
XPASS: objc.dg-struct-layout-encoding-1/t031_main.m execution test
WARNING: program timed out.
FAIL: objc.dg/lto/trivial-1 objc_lto_trivial-1_0.o-objc_lto_trivial-1_0.o execute -O0 -flto -fgnu-runtime
WARNING: program timed out.
FAIL: objc.dg/lto/trivial-1 objc_lto_trivial-1_0.o-objc_lto_trivial-1_0.o execute -O2 -flto -fgnu-runtime
WARNING: program timed out.
FAIL: objc.dg/lto/trivial-1 objc_lto_trivial-1_0.o-objc_lto_trivial-1_0.o execute -O0 -flto -flto-partition=none -fgnu-runtime
WARNING: program timed out.
FAIL: objc.dg/lto/trivial-1 objc_lto_trivial-1_0.o-objc_lto_trivial-1_0.o execute -O2 -flto -flto-partition=none -fgnu-runtime
WARNING: program timed out.
WARNING: program timed out.
WARNING: program timed out.
FAIL: objc.dg/torture/trivial.m -O2 -flto -flto-partition=none -fgnu-runtime execution test
WARNING: program timed out.
FAIL: objc.dg/torture/trivial.m -O2 -flto -fgnu-runtime execution test
WARNING: program timed out.
FAIL: objc.dg/torture/strings/const-str-3.m -O2 -flto -flto-partition=none -fgnu-runtime execution test
WARNING: program timed out.
FAIL: objc.dg/torture/strings/const-str-3.m -O2 -flto -fgnu-runtime execution test
WARNING: program timed out.
FAIL: objc.dg/torture/strings/const-str-4.m -O2 -flto -flto-partition=none -fgnu-runtime execution test
WARNING: program timed out.
FAIL: objc.dg/torture/strings/const-str-4.m -O2 -flto -fgnu-runtime execution test
WARNING: program timed out.
FAIL: objc.dg/torture/strings/const-str-7.m -O2 -flto -flto-partition=none -fgnu-runtime execution test
WARNING: program timed out.
FAIL: objc.dg/torture/strings/const-str-7.m -O2 -flto -fgnu-runtime execution test
WARNING: program timed out.
FAIL: objc.dg/torture/strings/const-str-8.m -O2 -flto -flto-partition=none -fgnu-runtime execution test
WARNING: program timed out.
FAIL: objc.dg/torture/strings/const-str-8.m -O2 -flto -fgnu-runtime execution test
WARNING: program timed out.
FAIL: objc.dg/torture/strings/string1.m -O2 -flto -flto-partition=none -fgnu-runtime execution test
WARNING: program timed out.
FAIL: objc.dg/torture/strings/string1.m -O2 -flto -fgnu-runtime execution test
WARNING: program timed out.
FAIL: objc.dg/torture/strings/string2.m -O2 -flto -flto-partition=none -fgnu-runtime execution test
WARNING: program timed out.
FAIL: objc.dg/torture/strings/string2.m -O2 -flto -fgnu-runtime execution test
WARNING: program timed out.
FAIL: objc.dg/torture/strings/string3.m -O2 -flto -flto-partition=none -fgnu-runtime execution test
WARNING: program timed out.
FAIL: objc.dg/torture/strings/string3.m -O2 -flto -fgnu-runtime execution test
WARNING: program timed out.
FAIL: objc.dg/torture/strings/string4.m -O2 -flto -flto-partition=none -fgnu-runtime execution test
WARNING: program timed out.
FAIL: objc.dg/torture/strings/string4.m -O2 -flto -fgnu-runtime execution test
WARNING: program timed out.
FAIL: objc.dg/torture/tls/thr-init-3.m -O2 -flto -flto-partition=none -fgnu-runtime execution test
WARNING: program timed out.
FAIL: objc.dg/torture/tls/thr-init-3.m -O2 -flto -fgnu-runtime execution test
=== objc Summary ===
# of expected passes 2864
# of unexpected failures 24
# of unexpected successes 7
# of expected failures 10
# of unsupported tests 74
/home2/dave/gcc-4.6/objdir/gcc/xgcc version 4.6.0 20110112 (experimental) [trunk revision 168728] (GCC)
=== libffi tests ===
Running target unix
XPASS: libffi.call/err_bad_typedef.c -O0 -W -Wall execution test
XPASS: libffi.call/err_bad_typedef.c -O2 execution test
XPASS: libffi.call/err_bad_typedef.c -O3 execution test
XPASS: libffi.call/err_bad_typedef.c -Os execution test
XPASS: libffi.call/err_bad_typedef.c -O2 -fomit-frame-pointer execution test
=== libffi Summary ===
# of expected passes 1634
# of unexpected successes 5
# of expected failures 5
# of unsupported tests 15
=== libgomp tests ===
Running target unix
=== libgomp Summary ===
# of expected passes 2526
=== libjava tests ===
Running target unix
=== libjava Summary ===
# of expected passes 2574
=== libmudflap tests ===
Running target unix
FAIL: libmudflap.c/fail40-frag.c output pattern test
FAIL: libmudflap.c/pass49-frag.c execution test
FAIL: libmudflap.c/pass49-frag.c output pattern test
FAIL: libmudflap.c/pass49-frag.c execution test
FAIL: libmudflap.c/pass49-frag.c output pattern test
FAIL: libmudflap.c/pass51-frag.c execution test
FAIL: libmudflap.c/pass51-frag.c execution test
FAIL: libmudflap.c/fail40-frag.c (-static) output pattern test
FAIL: libmudflap.c/pass49-frag.c (-static) execution test
FAIL: libmudflap.c/pass49-frag.c (-static) output pattern test
FAIL: libmudflap.c/pass49-frag.c (-static) execution test
FAIL: libmudflap.c/pass49-frag.c (-static) output pattern test
FAIL: libmudflap.c/pass51-frag.c (-static) execution test
FAIL: libmudflap.c/pass51-frag.c (-static) execution test
FAIL: libmudflap.c/fail40-frag.c (-O2) output pattern test
FAIL: libmudflap.c/pass49-frag.c (-O2) execution test
FAIL: libmudflap.c/pass49-frag.c (-O2) output pattern test
FAIL: libmudflap.c/pass49-frag.c (-O2) execution test
FAIL: libmudflap.c/pass49-frag.c (-O2) output pattern test
FAIL: libmudflap.c/pass51-frag.c (-O2) execution test
FAIL: libmudflap.c/pass51-frag.c (-O2) execution test
FAIL: libmudflap.c/fail40-frag.c (-O3) output pattern test
FAIL: libmudflap.c/pass49-frag.c (-O3) execution test
FAIL: libmudflap.c/pass49-frag.c (-O3) output pattern test
FAIL: libmudflap.c/pass49-frag.c (-O3) execution test
FAIL: libmudflap.c/pass49-frag.c (-O3) output pattern test
FAIL: libmudflap.c/pass51-frag.c (-O3) execution test
FAIL: libmudflap.c/pass51-frag.c (-O3) execution test
=== libmudflap Summary ===
# of expected passes 1866
# of unexpected failures 28
=== libstdc++ tests ===
Running target unix
FAIL: 22_locale/locale/cons/12438.cc execution test
FAIL: 22_locale/time_get/get_date/wchar_t/4.cc execution test
=== libstdc++ Summary ===
# of expected passes 8009
# of unexpected failures 2
# of expected failures 83
# of unsupported tests 126
Compiler version: 4.6.0 20110112 (experimental) [trunk revision 168728] (GCC)
Platform: hppa-unknown-linux-gnu
configure flags: --with-gnu-as --with-gnu-ld --enable-shared --enable-nls --prefix=/home2/dave/opt/gnu/gcc/gcc-4.6.0 --with-local-prefix=/home2/dave/opt/gnu --enable-threads=posix --enable-__cxa_atexit --build=hppa-linux --enable-clocale=gnu --enable-java-gc=boehm --enable-java-awt=xlib --enable-languages=c,c++,objc,fortran,obj-c++,java,ada