This is the mail archive of the gcc-testresults@gcc.gnu.org mailing list for the GCC project.


Index Nav: [Date Index] [Subject Index] [Author Index] [Thread Index]
Message Nav: [Date Prev] [Date Next] [Thread Prev] [Thread Next]
Other format: [Raw text]

Results for 4.5.2 (GCC) testsuite on mips-sgi-irix6.5


Using: GNU assembler (GNU Binutils) 2.21
Using: native linker Version 7.44.
Build host: IRIX64 speedo 6.5 07202013 IP35
Operating system: IRIX 6.5 6.5.30f

LAST_UPDATED: Obtained from SVN: tags/gcc_4_5_2_release revision 167946

		=== acats tests ===
FAIL:	c52103x
FAIL:	c52104x
FAIL:	c52104y
FAIL:	cb1010a
FAIL:	cb1010c
FAIL:	cb1010d
FAIL:	cxg2001
FAIL:	cxg2002
FAIL:	cxg2003
FAIL:	cxg2004
FAIL:	cxg2005
FAIL:	cxg2006
FAIL:	cxg2007
FAIL:	cxg2010
FAIL:	cxg2011
FAIL:	cxg2012
FAIL:	cxg2013
FAIL:	cxg2014
FAIL:	cxg2015
FAIL:	cxg2016
FAIL:	cxg2017
FAIL:	cxg2018
FAIL:	cxg2019
FAIL:	cxg2020
FAIL:	cxg2021
FAIL:	cxg2024

		=== acats Summary ===
# of expected passes		2295
# of unexpected failures	26
Native configuration is mips-sgi-irix6.5

		=== g++ tests ===


Running target unix/-mabi=32
FAIL: g++.dg/debug/dwarf2/icf.C scan-assembler \\\\.section.*.debug_dcall
FAIL: g++.dg/debug/dwarf2/icf.C scan-assembler New caller
FAIL: g++.dg/debug/dwarf2/icf.C scan-assembler Caller DIE offset
FAIL: g++.dg/debug/dwarf2/icf.C scan-assembler Callee DIE offset
FAIL: g++.dg/other/anon5.C undefined (test for warnings, line )
FAIL: g++.dg/other/anon5.C (test for excess errors)
FAIL: g++.dg/warn/huge-val1.C (test for excess errors)
FAIL: g++.dg/tree-prof/partition1.C compilation,  -g  -fprofile-use
UNRESOLVED: g++.dg/tree-prof/partition1.C execution,    -g  -fprofile-use
FAIL: g++.dg/tree-prof/partition1.C compilation,  -O0  -fprofile-use
UNRESOLVED: g++.dg/tree-prof/partition1.C execution,    -O0  -fprofile-use
FAIL: g++.dg/tree-prof/partition1.C compilation,  -O1  -fprofile-use
UNRESOLVED: g++.dg/tree-prof/partition1.C execution,    -O1  -fprofile-use
FAIL: g++.dg/tree-prof/partition1.C compilation,  -O2  -fprofile-use
UNRESOLVED: g++.dg/tree-prof/partition1.C execution,    -O2  -fprofile-use
FAIL: g++.dg/tree-prof/partition1.C compilation,  -O3  -fprofile-use
UNRESOLVED: g++.dg/tree-prof/partition1.C execution,    -O3  -fprofile-use
FAIL: g++.dg/tree-prof/partition1.C compilation,  -O3 -g  -fprofile-use
UNRESOLVED: g++.dg/tree-prof/partition1.C execution,    -O3 -g  -fprofile-use
FAIL: g++.dg/tree-prof/partition1.C compilation,  -Os  -fprofile-use
UNRESOLVED: g++.dg/tree-prof/partition1.C execution,    -Os  -fprofile-use
FAIL: g++.dg/tree-prof/partition2.C compilation,  -O1  -fprofile-use
UNRESOLVED: g++.dg/tree-prof/partition2.C execution,    -O1  -fprofile-use
FAIL: g++.dg/tree-prof/partition2.C compilation,  -O2  -fprofile-use
UNRESOLVED: g++.dg/tree-prof/partition2.C execution,    -O2  -fprofile-use
FAIL: g++.dg/tree-prof/partition2.C compilation,  -O3  -fprofile-use
UNRESOLVED: g++.dg/tree-prof/partition2.C execution,    -O3  -fprofile-use
FAIL: g++.dg/tree-prof/partition2.C compilation,  -O3 -g  -fprofile-use
UNRESOLVED: g++.dg/tree-prof/partition2.C execution,    -O3 -g  -fprofile-use
FAIL: g++.dg/tree-prof/partition2.C compilation,  -Os  -fprofile-use
UNRESOLVED: g++.dg/tree-prof/partition2.C execution,    -Os  -fprofile-use
XPASS: g++.old-deja/g++.other/init19.C execution test

		=== g++ Summary for unix/-mabi=32 ===

# of expected passes		21256
# of unexpected failures	19
# of unexpected successes	1
# of expected failures		150
# of unresolved testcases	12
# of unsupported tests		305

Running target unix/-mabi=64
FAIL: g++.dg/debug/dwarf2/icf.C scan-assembler \\\\.section.*.debug_dcall
FAIL: g++.dg/debug/dwarf2/icf.C scan-assembler New caller
FAIL: g++.dg/debug/dwarf2/icf.C scan-assembler Caller DIE offset
FAIL: g++.dg/debug/dwarf2/icf.C scan-assembler Callee DIE offset
FAIL: g++.dg/other/anon5.C undefined (test for warnings, line )
FAIL: g++.dg/other/anon5.C (test for excess errors)
FAIL: g++.dg/torture/type-generic-1.C  -O0  execution test
FAIL: g++.dg/torture/type-generic-1.C  -O1  execution test
FAIL: g++.dg/torture/type-generic-1.C  -O2  execution test
FAIL: g++.dg/torture/type-generic-1.C  -O3 -fomit-frame-pointer  execution test
FAIL: g++.dg/torture/type-generic-1.C  -O3 -g  execution test
FAIL: g++.dg/torture/type-generic-1.C  -Os  execution test
FAIL: g++.dg/tree-prof/partition1.C compilation,  -g  -fprofile-use
UNRESOLVED: g++.dg/tree-prof/partition1.C execution,    -g  -fprofile-use
FAIL: g++.dg/tree-prof/partition1.C compilation,  -O0  -fprofile-use
UNRESOLVED: g++.dg/tree-prof/partition1.C execution,    -O0  -fprofile-use
FAIL: g++.dg/tree-prof/partition1.C compilation,  -O1  -fprofile-use
UNRESOLVED: g++.dg/tree-prof/partition1.C execution,    -O1  -fprofile-use
FAIL: g++.dg/tree-prof/partition1.C compilation,  -O2  -fprofile-use
UNRESOLVED: g++.dg/tree-prof/partition1.C execution,    -O2  -fprofile-use
FAIL: g++.dg/tree-prof/partition1.C compilation,  -O3  -fprofile-use
UNRESOLVED: g++.dg/tree-prof/partition1.C execution,    -O3  -fprofile-use
FAIL: g++.dg/tree-prof/partition1.C compilation,  -O3 -g  -fprofile-use
UNRESOLVED: g++.dg/tree-prof/partition1.C execution,    -O3 -g  -fprofile-use
FAIL: g++.dg/tree-prof/partition1.C compilation,  -Os  -fprofile-use
UNRESOLVED: g++.dg/tree-prof/partition1.C execution,    -Os  -fprofile-use
FAIL: g++.dg/tree-prof/partition2.C compilation,  -O1  -fprofile-use
UNRESOLVED: g++.dg/tree-prof/partition2.C execution,    -O1  -fprofile-use
FAIL: g++.dg/tree-prof/partition2.C compilation,  -O2  -fprofile-use
UNRESOLVED: g++.dg/tree-prof/partition2.C execution,    -O2  -fprofile-use
FAIL: g++.dg/tree-prof/partition2.C compilation,  -O3  -fprofile-use
UNRESOLVED: g++.dg/tree-prof/partition2.C execution,    -O3  -fprofile-use
FAIL: g++.dg/tree-prof/partition2.C compilation,  -O3 -g  -fprofile-use
UNRESOLVED: g++.dg/tree-prof/partition2.C execution,    -O3 -g  -fprofile-use
FAIL: g++.dg/tree-prof/partition2.C compilation,  -Os  -fprofile-use
UNRESOLVED: g++.dg/tree-prof/partition2.C execution,    -Os  -fprofile-use
XPASS: g++.old-deja/g++.other/init19.C execution test

		=== g++ Summary for unix/-mabi=64 ===

# of expected passes		21216
# of unexpected failures	24
# of unexpected successes	1
# of expected failures		150
# of unresolved testcases	12
# of unsupported tests		306

Running target unix/-mabi=n32
FAIL: g++.dg/debug/dwarf2/icf.C scan-assembler \\\\.section.*.debug_dcall
FAIL: g++.dg/debug/dwarf2/icf.C scan-assembler New caller
FAIL: g++.dg/debug/dwarf2/icf.C scan-assembler Caller DIE offset
FAIL: g++.dg/debug/dwarf2/icf.C scan-assembler Callee DIE offset
FAIL: g++.dg/other/anon5.C undefined (test for warnings, line )
FAIL: g++.dg/other/anon5.C (test for excess errors)
FAIL: g++.dg/torture/type-generic-1.C  -O0  execution test
FAIL: g++.dg/torture/type-generic-1.C  -O1  execution test
FAIL: g++.dg/torture/type-generic-1.C  -O2  execution test
FAIL: g++.dg/torture/type-generic-1.C  -O3 -fomit-frame-pointer  execution test
FAIL: g++.dg/torture/type-generic-1.C  -O3 -g  execution test
FAIL: g++.dg/torture/type-generic-1.C  -Os  execution test
FAIL: g++.dg/tree-prof/partition1.C compilation,  -g  -fprofile-use
UNRESOLVED: g++.dg/tree-prof/partition1.C execution,    -g  -fprofile-use
FAIL: g++.dg/tree-prof/partition1.C compilation,  -O0  -fprofile-use
UNRESOLVED: g++.dg/tree-prof/partition1.C execution,    -O0  -fprofile-use
FAIL: g++.dg/tree-prof/partition1.C compilation,  -O1  -fprofile-use
UNRESOLVED: g++.dg/tree-prof/partition1.C execution,    -O1  -fprofile-use
FAIL: g++.dg/tree-prof/partition1.C compilation,  -O2  -fprofile-use
UNRESOLVED: g++.dg/tree-prof/partition1.C execution,    -O2  -fprofile-use
FAIL: g++.dg/tree-prof/partition1.C compilation,  -O3  -fprofile-use
UNRESOLVED: g++.dg/tree-prof/partition1.C execution,    -O3  -fprofile-use
FAIL: g++.dg/tree-prof/partition1.C compilation,  -O3 -g  -fprofile-use
UNRESOLVED: g++.dg/tree-prof/partition1.C execution,    -O3 -g  -fprofile-use
FAIL: g++.dg/tree-prof/partition1.C compilation,  -Os  -fprofile-use
UNRESOLVED: g++.dg/tree-prof/partition1.C execution,    -Os  -fprofile-use
FAIL: g++.dg/tree-prof/partition2.C compilation,  -O1  -fprofile-use
UNRESOLVED: g++.dg/tree-prof/partition2.C execution,    -O1  -fprofile-use
FAIL: g++.dg/tree-prof/partition2.C compilation,  -O2  -fprofile-use
UNRESOLVED: g++.dg/tree-prof/partition2.C execution,    -O2  -fprofile-use
FAIL: g++.dg/tree-prof/partition2.C compilation,  -O3  -fprofile-use
UNRESOLVED: g++.dg/tree-prof/partition2.C execution,    -O3  -fprofile-use
FAIL: g++.dg/tree-prof/partition2.C compilation,  -O3 -g  -fprofile-use
UNRESOLVED: g++.dg/tree-prof/partition2.C execution,    -O3 -g  -fprofile-use
FAIL: g++.dg/tree-prof/partition2.C compilation,  -Os  -fprofile-use
UNRESOLVED: g++.dg/tree-prof/partition2.C execution,    -Os  -fprofile-use
XPASS: g++.old-deja/g++.other/init19.C execution test

		=== g++ Summary for unix/-mabi=n32 ===

# of expected passes		21255
# of unexpected failures	24
# of unexpected successes	1
# of expected failures		150
# of unresolved testcases	12
# of unsupported tests		305

		=== g++ Summary ===

# of expected passes		63727
# of unexpected failures	67
# of unexpected successes	3
# of expected failures		450
# of unresolved testcases	36
# of unsupported tests		916
/xvm0/build/gcc/release/gcc-4.5.2-r0/gcc-4.5.2/obj/gcc/testsuite/g++/../../g++
 version 4.5.2 (GCC)

		=== gcc tests ===


Running target unix/-mabi=32
WARNING: program timed out.
FAIL: gcc.dg/pr27095.c scan-assembler-not (?n)strlen(.*\\n)+.*strlen
WARNING: program timed out.
FAIL: gcc.dg/pr43058.c (test for excess errors)
FAIL: gcc.dg/torture/20090618-1.c  -O1  (test for excess errors)
WARNING: gcc.dg/torture/20090618-1.c  -O1  compilation failed to
produce executable
FAIL: gcc.dg/torture/20090618-1.c  -O2  (test for excess errors)
WARNING: gcc.dg/torture/20090618-1.c  -O2  compilation failed to
produce executable
FAIL: gcc.dg/torture/20090618-1.c  -O3 -fomit-frame-pointer  (test for
excess errors)
WARNING: gcc.dg/torture/20090618-1.c  -O3 -fomit-frame-pointer
compilation failed to produce executable
FAIL: gcc.dg/torture/20090618-1.c  -O3 -g  (test for excess errors)
WARNING: gcc.dg/torture/20090618-1.c  -O3 -g  compilation failed to
produce executable
FAIL: gcc.dg/tree-ssa/loop-1.c scan-assembler-times foo 5
FAIL: gcc.target/mips/extend-1.c scan-assembler-times \\tdsll\\t 5
FAIL: gcc.target/mips/extend-1.c scan-assembler-times \\tdsra\\t 5
FAIL: gcc.target/mips/mips16-attributes.c (test for excess errors)
FAIL: gcc.target/mips/mips16e-extends.c (internal compiler error)
FAIL: gcc.target/mips/mips16e-extends.c (test for excess errors)
ERROR: gcc.target/mips/mips16e-extends.c: error executing dg-final:
couldn't open "mips16e-extends.s": no such file or directory
UNRESOLVED: gcc.target/mips/mips16e-extends.c: error executing
dg-final: couldn't open "mips16e-extends.s": no such file or directory
FAIL: gcc.target/mips/octeon-exts-6.c scan-assembler-times \\texts\\t 5
FAIL: gcc.target/mips/save-restore-1.c (internal compiler error)
FAIL: gcc.target/mips/save-restore-1.c (test for excess errors)
ERROR: gcc.target/mips/save-restore-1.c: error executing dg-final:
couldn't open "save-restore-1.s": no such file or directory
UNRESOLVED: gcc.target/mips/save-restore-1.c: error executing
dg-final: couldn't open "save-restore-1.s": no such file or directory
FAIL: gcc.target/mips/save-restore-3.c (internal compiler error)
FAIL: gcc.target/mips/save-restore-3.c (test for excess errors)
ERROR: gcc.target/mips/save-restore-3.c: error executing dg-final:
couldn't open "save-restore-3.s": no such file or directory
UNRESOLVED: gcc.target/mips/save-restore-3.c: error executing
dg-final: couldn't open "save-restore-3.s": no such file or directory
FAIL: gcc.target/mips/save-restore-4.c (internal compiler error)
FAIL: gcc.target/mips/save-restore-4.c (test for excess errors)
ERROR: gcc.target/mips/save-restore-4.c: error executing dg-final:
couldn't open "save-restore-4.s": no such file or directory
UNRESOLVED: gcc.target/mips/save-restore-4.c: error executing
dg-final: couldn't open "save-restore-4.s": no such file or directory
FAIL: gcc.target/mips/save-restore-5.c (internal compiler error)
FAIL: gcc.target/mips/save-restore-5.c (test for excess errors)

		=== gcc Summary for unix/-mabi=32 ===

# of expected passes		54698
# of unexpected failures	21
# of expected failures		83
# of unresolved testcases	4
# of unsupported tests		698

Running target unix/-mabi=64
FAIL: gcc.dg/intmax_t-1.c (test for excess errors)
WARNING: program timed out.
WARNING: program timed out.
WARNING: program timed out.
FAIL: gcc.dg/pr43058.c (test for excess errors)
FAIL: gcc.dg/torture/20090618-1.c  -O1  (test for excess errors)
WARNING: gcc.dg/torture/20090618-1.c  -O1  compilation failed to
produce executable
FAIL: gcc.dg/torture/20090618-1.c  -O2  (test for excess errors)
WARNING: gcc.dg/torture/20090618-1.c  -O2  compilation failed to
produce executable
FAIL: gcc.dg/torture/20090618-1.c  -O3 -fomit-frame-pointer  (test for
excess errors)
WARNING: gcc.dg/torture/20090618-1.c  -O3 -fomit-frame-pointer
compilation failed to produce executable
FAIL: gcc.dg/torture/20090618-1.c  -O3 -g  (test for excess errors)
WARNING: gcc.dg/torture/20090618-1.c  -O3 -g  compilation failed to
produce executable
FAIL: gcc.dg/torture/builtin-modf-1.c  -O0  (test for excess errors)
FAIL: gcc.dg/torture/builtin-modf-1.c  -O1  (test for excess errors)
FAIL: gcc.dg/torture/builtin-modf-1.c  -O2  (test for excess errors)
FAIL: gcc.dg/torture/builtin-modf-1.c  -O3 -fomit-frame-pointer  (test
for excess errors)
FAIL: gcc.dg/torture/builtin-modf-1.c  -O3 -fomit-frame-pointer
-funroll-loops  (test for excess errors)
FAIL: gcc.dg/torture/builtin-modf-1.c  -O3 -fomit-frame-pointer
-funroll-all-loops -finline-functions  (test for excess errors)
FAIL: gcc.dg/torture/builtin-modf-1.c  -O3 -g  (test for excess errors)
FAIL: gcc.dg/torture/builtin-modf-1.c  -Os  (test for excess errors)
FAIL: gcc.dg/torture/type-generic-1.c  -O0  execution test
FAIL: gcc.dg/torture/type-generic-1.c  -O1  execution test
FAIL: gcc.dg/torture/type-generic-1.c  -O2  execution test
FAIL: gcc.dg/torture/type-generic-1.c  -O3 -fomit-frame-pointer  execution test
FAIL: gcc.dg/torture/type-generic-1.c  -O3 -g  execution test
FAIL: gcc.dg/torture/type-generic-1.c  -Os  execution test
FAIL: gcc.target/mips/extend-1.c scan-assembler-times \\tdsll\\t 5
FAIL: gcc.target/mips/extend-1.c scan-assembler-times \\tdsra\\t 5
FAIL: gcc.target/mips/octeon-bbit-2.c scan-assembler \\tbnel\\t
FAIL: gcc.target/mips/octeon-bbit-2.c scan-assembler-not \\tbne\\t
FAIL: gcc.target/mips/octeon-exts-6.c scan-assembler-times \\texts\\t 5
FAIL: gcc.target/mips/save-restore-1.c (internal compiler error)
FAIL: gcc.target/mips/save-restore-1.c (test for excess errors)
ERROR: gcc.target/mips/save-restore-1.c: error executing dg-final:
couldn't open "save-restore-1.s": no such file or directory
UNRESOLVED: gcc.target/mips/save-restore-1.c: error executing
dg-final: couldn't open "save-restore-1.s": no such file or directory
FAIL: gcc.target/mips/save-restore-3.c (internal compiler error)
FAIL: gcc.target/mips/save-restore-3.c (test for excess errors)
ERROR: gcc.target/mips/save-restore-3.c: error executing dg-final:
couldn't open "save-restore-3.s": no such file or directory
UNRESOLVED: gcc.target/mips/save-restore-3.c: error executing
dg-final: couldn't open "save-restore-3.s": no such file or directory
FAIL: gcc.target/mips/save-restore-4.c (internal compiler error)
FAIL: gcc.target/mips/save-restore-4.c (test for excess errors)
ERROR: gcc.target/mips/save-restore-4.c: error executing dg-final:
couldn't open "save-restore-4.s": no such file or directory
UNRESOLVED: gcc.target/mips/save-restore-4.c: error executing
dg-final: couldn't open "save-restore-4.s": no such file or directory
FAIL: gcc.target/mips/save-restore-5.c (internal compiler error)
FAIL: gcc.target/mips/save-restore-5.c (test for excess errors)

		=== gcc Summary for unix/-mabi=64 ===

# of expected passes		54727
# of unexpected failures	33
# of expected failures		84
# of unresolved testcases	3
# of unsupported tests		689

Running target unix/-mabi=n32
WARNING: program timed out.
WARNING: program timed out.
WARNING: program timed out.
FAIL: gcc.dg/pr43058.c (test for excess errors)
WARNING: program timed out.
WARNING: program timed out.
FAIL: gcc.dg/torture/20090618-1.c  -O1  (test for excess errors)
WARNING: gcc.dg/torture/20090618-1.c  -O1  compilation failed to
produce executable
FAIL: gcc.dg/torture/20090618-1.c  -O2  (test for excess errors)
WARNING: gcc.dg/torture/20090618-1.c  -O2  compilation failed to
produce executable
FAIL: gcc.dg/torture/20090618-1.c  -O3 -fomit-frame-pointer  (test for
excess errors)
WARNING: gcc.dg/torture/20090618-1.c  -O3 -fomit-frame-pointer
compilation failed to produce executable
FAIL: gcc.dg/torture/20090618-1.c  -O3 -g  (test for excess errors)
WARNING: gcc.dg/torture/20090618-1.c  -O3 -g  compilation failed to
produce executable
FAIL: gcc.dg/torture/builtin-modf-1.c  -O0  (test for excess errors)
FAIL: gcc.dg/torture/builtin-modf-1.c  -O1  (test for excess errors)
FAIL: gcc.dg/torture/builtin-modf-1.c  -O2  (test for excess errors)
FAIL: gcc.dg/torture/builtin-modf-1.c  -O3 -fomit-frame-pointer  (test
for excess errors)
FAIL: gcc.dg/torture/builtin-modf-1.c  -O3 -fomit-frame-pointer
-funroll-loops  (test for excess errors)
FAIL: gcc.dg/torture/builtin-modf-1.c  -O3 -fomit-frame-pointer
-funroll-all-loops -finline-functions  (test for excess errors)
FAIL: gcc.dg/torture/builtin-modf-1.c  -O3 -g  (test for excess errors)
FAIL: gcc.dg/torture/builtin-modf-1.c  -Os  (test for excess errors)
FAIL: gcc.dg/torture/type-generic-1.c  -O0  execution test
FAIL: gcc.dg/torture/type-generic-1.c  -O1  execution test
FAIL: gcc.dg/torture/type-generic-1.c  -O2  execution test
FAIL: gcc.dg/torture/type-generic-1.c  -O3 -fomit-frame-pointer  execution test
FAIL: gcc.dg/torture/type-generic-1.c  -O3 -g  execution test
FAIL: gcc.dg/torture/type-generic-1.c  -Os  execution test
FAIL: gcc.target/mips/extend-1.c scan-assembler-times \\tdsll\\t 5
FAIL: gcc.target/mips/extend-1.c scan-assembler-times \\tdsra\\t 5
FAIL: gcc.target/mips/octeon-exts-6.c scan-assembler-times \\texts\\t 5
FAIL: gcc.target/mips/save-restore-1.c (internal compiler error)
FAIL: gcc.target/mips/save-restore-1.c (test for excess errors)
ERROR: gcc.target/mips/save-restore-1.c: error executing dg-final:
couldn't open "save-restore-1.s": no such file or directory
UNRESOLVED: gcc.target/mips/save-restore-1.c: error executing
dg-final: couldn't open "save-restore-1.s": no such file or directory
FAIL: gcc.target/mips/save-restore-3.c (internal compiler error)
FAIL: gcc.target/mips/save-restore-3.c (test for excess errors)
ERROR: gcc.target/mips/save-restore-3.c: error executing dg-final:
couldn't open "save-restore-3.s": no such file or directory
UNRESOLVED: gcc.target/mips/save-restore-3.c: error executing
dg-final: couldn't open "save-restore-3.s": no such file or directory
FAIL: gcc.target/mips/save-restore-4.c (internal compiler error)
FAIL: gcc.target/mips/save-restore-4.c (test for excess errors)
ERROR: gcc.target/mips/save-restore-4.c: error executing dg-final:
couldn't open "save-restore-4.s": no such file or directory
UNRESOLVED: gcc.target/mips/save-restore-4.c: error executing
dg-final: couldn't open "save-restore-4.s": no such file or directory
FAIL: gcc.target/mips/save-restore-5.c (internal compiler error)
FAIL: gcc.target/mips/save-restore-5.c (test for excess errors)

		=== gcc Summary for unix/-mabi=n32 ===

# of expected passes		54730
# of unexpected failures	30
# of expected failures		83
# of unresolved testcases	3
# of unsupported tests		691

		=== gcc Summary ===

# of expected passes		164155
# of unexpected failures	84
# of expected failures		250
# of unresolved testcases	10
# of unsupported tests		2078
/xvm0/build/gcc/release/gcc-4.5.2-r0/gcc-4.5.2/obj/gcc/xgcc  version
4.5.2 (GCC)

		=== gfortran tests ===


Running target unix/-mabi=32
FAIL: gfortran.dg/allocatable_scalar_5.f90  -O0  execution test
FAIL: gfortran.dg/complex_intrinsic_5.f90  -O0  execution test
FAIL: gfortran.dg/complex_intrinsic_5.f90  -O1  execution test
FAIL: gfortran.dg/complex_intrinsic_5.f90  -O2  execution test
FAIL: gfortran.dg/complex_intrinsic_5.f90  -O3 -fomit-frame-pointer
execution test
FAIL: gfortran.dg/complex_intrinsic_5.f90  -O3 -fomit-frame-pointer
-funroll-loops  execution test
FAIL: gfortran.dg/complex_intrinsic_5.f90  -O3 -fomit-frame-pointer
-funroll-all-loops -finline-functions  execution test
FAIL: gfortran.dg/complex_intrinsic_5.f90  -O3 -g  execution test
FAIL: gfortran.dg/complex_intrinsic_5.f90  -Os  execution test
FAIL: gfortran.dg/erf_2.F90  -O0  execution test
FAIL: gfortran.dg/integer_exponentiation_2.f90  -O0  execution test
FAIL: gfortran.dg/integer_exponentiation_2.f90  -O1  execution test
FAIL: gfortran.dg/integer_exponentiation_2.f90  -O2  execution test
FAIL: gfortran.dg/integer_exponentiation_2.f90  -O3
-fomit-frame-pointer  execution test
FAIL: gfortran.dg/integer_exponentiation_2.f90  -O3
-fomit-frame-pointer -funroll-loops  execution test
FAIL: gfortran.dg/integer_exponentiation_2.f90  -O3
-fomit-frame-pointer -funroll-all-loops -finline-functions  execution
test
FAIL: gfortran.dg/integer_exponentiation_2.f90  -O3 -g  execution test
FAIL: gfortran.dg/integer_exponentiation_2.f90  -Os  execution test
FAIL: gfortran.dg/namelist_42.f90  -O0  execution test
FAIL: gfortran.dg/namelist_42.f90  -O1  execution test
FAIL: gfortran.dg/namelist_42.f90  -O2  execution test
FAIL: gfortran.dg/namelist_42.f90  -O3 -fomit-frame-pointer  execution test
FAIL: gfortran.dg/namelist_42.f90  -O3 -fomit-frame-pointer
-funroll-loops  execution test
FAIL: gfortran.dg/namelist_42.f90  -O3 -fomit-frame-pointer
-funroll-all-loops -finline-functions  execution test
FAIL: gfortran.dg/namelist_42.f90  -O3 -g  execution test
FAIL: gfortran.dg/namelist_42.f90  -Os  execution test
FAIL: gfortran.dg/namelist_43.f90  -O0  execution test
FAIL: gfortran.dg/namelist_43.f90  -O1  execution test
FAIL: gfortran.dg/namelist_43.f90  -O2  execution test
FAIL: gfortran.dg/namelist_43.f90  -O3 -fomit-frame-pointer  execution test
FAIL: gfortran.dg/namelist_43.f90  -O3 -fomit-frame-pointer
-funroll-loops  execution test
FAIL: gfortran.dg/namelist_43.f90  -O3 -fomit-frame-pointer
-funroll-all-loops -finline-functions  execution test
FAIL: gfortran.dg/namelist_43.f90  -O3 -g  execution test
FAIL: gfortran.dg/namelist_43.f90  -Os  execution test
FAIL: gfortran.dg/nan_3.f90  -O0  execution test
FAIL: gfortran.dg/nan_3.f90  -O1  execution test
FAIL: gfortran.dg/nan_3.f90  -O2  execution test
FAIL: gfortran.dg/nan_3.f90  -O3 -fomit-frame-pointer  execution test
FAIL: gfortran.dg/nan_3.f90  -O3 -fomit-frame-pointer -funroll-loops
execution test
FAIL: gfortran.dg/nan_3.f90  -O3 -fomit-frame-pointer
-funroll-all-loops -finline-functions  execution test
FAIL: gfortran.dg/nan_3.f90  -O3 -g  execution test
FAIL: gfortran.dg/nan_3.f90  -Os  execution test
FAIL: gfortran.dg/specifics_1.f90  -O0  execution test
FAIL: gfortran.dg/specifics_1.f90  -O1  execution test
FAIL: gfortran.dg/specifics_1.f90  -O2  execution test
FAIL: gfortran.dg/specifics_1.f90  -O3 -fomit-frame-pointer  execution test
FAIL: gfortran.dg/specifics_1.f90  -O3 -fomit-frame-pointer
-funroll-loops  execution test
FAIL: gfortran.dg/specifics_1.f90  -O3 -fomit-frame-pointer
-funroll-all-loops -finline-functions  execution test
FAIL: gfortran.dg/specifics_1.f90  -O3 -g  execution test
FAIL: gfortran.dg/specifics_1.f90  -Os  execution test
XPASS: gfortran.dg/g77/cabs.f  -O0  execution test
XPASS: gfortran.dg/g77/cabs.f  -O1  execution test
XPASS: gfortran.dg/g77/cabs.f  -O2  execution test
XPASS: gfortran.dg/g77/cabs.f  -O3 -fomit-frame-pointer  execution test
XPASS: gfortran.dg/g77/cabs.f  -O3 -fomit-frame-pointer -funroll-loops
 execution test
XPASS: gfortran.dg/g77/cabs.f  -O3 -fomit-frame-pointer
-funroll-all-loops -finline-functions  execution test
XPASS: gfortran.dg/g77/cabs.f  -O3 -g  execution test
XPASS: gfortran.dg/g77/cabs.f  -Os  execution test
FAIL: gfortran.fortran-torture/execute/power.f90 execution,  -O0
FAIL: gfortran.fortran-torture/execute/specifics.f90 execution,  -O0
FAIL: gfortran.fortran-torture/execute/specifics.f90 execution,  -O1
FAIL: gfortran.fortran-torture/execute/specifics.f90 execution,  -O2
FAIL: gfortran.fortran-torture/execute/specifics.f90 execution,  -O2
-fomit-frame-pointer -finline-functions
FAIL: gfortran.fortran-torture/execute/specifics.f90 execution,  -O2
-fomit-frame-pointer -finline-functions -funroll-loops
FAIL: gfortran.fortran-torture/execute/specifics.f90 execution,  -O2
-fbounds-check
FAIL: gfortran.fortran-torture/execute/specifics.f90 execution,  -O3 -g
FAIL: gfortran.fortran-torture/execute/specifics.f90 execution,  -Os

		=== gfortran Summary for unix/-mabi=32 ===

# of expected passes		33071
# of unexpected failures	59
# of unexpected successes	8
# of expected failures		20
# of unsupported tests		320

Running target unix/-mabi=64
FAIL: gfortran.dg/allocatable_scalar_5.f90  -O0  execution test
FAIL: gfortran.dg/complex_intrinsic_5.f90  -O0  execution test
FAIL: gfortran.dg/complex_intrinsic_5.f90  -O1  execution test
FAIL: gfortran.dg/complex_intrinsic_5.f90  -O2  execution test
FAIL: gfortran.dg/complex_intrinsic_5.f90  -O3 -fomit-frame-pointer
execution test
FAIL: gfortran.dg/complex_intrinsic_5.f90  -O3 -fomit-frame-pointer
-funroll-loops  execution test
FAIL: gfortran.dg/complex_intrinsic_5.f90  -O3 -fomit-frame-pointer
-funroll-all-loops -finline-functions  execution test
FAIL: gfortran.dg/complex_intrinsic_5.f90  -O3 -g  execution test
FAIL: gfortran.dg/complex_intrinsic_5.f90  -Os  execution test
FAIL: gfortran.dg/default_format_1.f90  -O0  execution test
FAIL: gfortran.dg/default_format_1.f90  -O1  execution test
FAIL: gfortran.dg/default_format_1.f90  -O2  execution test
FAIL: gfortran.dg/default_format_1.f90  -O3 -fomit-frame-pointer  execution test
FAIL: gfortran.dg/default_format_1.f90  -O3 -fomit-frame-pointer
-funroll-loops  execution test
FAIL: gfortran.dg/default_format_1.f90  -O3 -fomit-frame-pointer
-funroll-all-loops -finline-functions  execution test
FAIL: gfortran.dg/default_format_1.f90  -O3 -g  execution test
FAIL: gfortran.dg/default_format_1.f90  -Os  execution test
FAIL: gfortran.dg/default_format_denormal_1.f90  -O0  execution test
FAIL: gfortran.dg/default_format_denormal_1.f90  -O1  execution test
FAIL: gfortran.dg/default_format_denormal_1.f90  -O2  execution test
FAIL: gfortran.dg/default_format_denormal_1.f90  -O3
-fomit-frame-pointer  execution test
FAIL: gfortran.dg/default_format_denormal_1.f90  -O3
-fomit-frame-pointer -funroll-loops  execution test
FAIL: gfortran.dg/default_format_denormal_1.f90  -O3
-fomit-frame-pointer -funroll-all-loops -finline-functions  execution
test
FAIL: gfortran.dg/default_format_denormal_1.f90  -O3 -g  execution test
FAIL: gfortran.dg/default_format_denormal_1.f90  -Os  execution test
FAIL: gfortran.dg/integer_exponentiation_2.f90  -O0  execution test
FAIL: gfortran.dg/integer_exponentiation_2.f90  -O1  execution test
FAIL: gfortran.dg/integer_exponentiation_2.f90  -O2  execution test
FAIL: gfortran.dg/integer_exponentiation_2.f90  -O3
-fomit-frame-pointer  execution test
FAIL: gfortran.dg/integer_exponentiation_2.f90  -O3
-fomit-frame-pointer -funroll-loops  execution test
FAIL: gfortran.dg/integer_exponentiation_2.f90  -O3
-fomit-frame-pointer -funroll-all-loops -finline-functions  execution
test
FAIL: gfortran.dg/integer_exponentiation_2.f90  -O3 -g  execution test
FAIL: gfortran.dg/integer_exponentiation_2.f90  -Os  execution test
FAIL: gfortran.dg/large_real_kind_2.F90  -O1  execution test
FAIL: gfortran.dg/large_real_kind_2.F90  -O2  execution test
FAIL: gfortran.dg/large_real_kind_2.F90  -O3 -fomit-frame-pointer
execution test
FAIL: gfortran.dg/large_real_kind_2.F90  -O3 -fomit-frame-pointer
-funroll-loops  execution test
FAIL: gfortran.dg/large_real_kind_2.F90  -O3 -fomit-frame-pointer
-funroll-all-loops -finline-functions  execution test
FAIL: gfortran.dg/large_real_kind_2.F90  -O3 -g  execution test
FAIL: gfortran.dg/large_real_kind_2.F90  -Os  execution test
FAIL: gfortran.dg/large_real_kind_form_io_2.f90  -O0  execution test
FAIL: gfortran.dg/large_real_kind_form_io_2.f90  -O1  execution test
FAIL: gfortran.dg/large_real_kind_form_io_2.f90  -O2  execution test
FAIL: gfortran.dg/large_real_kind_form_io_2.f90  -O3
-fomit-frame-pointer  execution test
FAIL: gfortran.dg/large_real_kind_form_io_2.f90  -O3
-fomit-frame-pointer -funroll-loops  execution test
FAIL: gfortran.dg/large_real_kind_form_io_2.f90  -O3
-fomit-frame-pointer -funroll-all-loops -finline-functions  execution
test
FAIL: gfortran.dg/large_real_kind_form_io_2.f90  -O3 -g  execution test
FAIL: gfortran.dg/large_real_kind_form_io_2.f90  -Os  execution test
FAIL: gfortran.dg/nan_3.f90  -O0  execution test
FAIL: gfortran.dg/nan_3.f90  -O1  execution test
FAIL: gfortran.dg/nan_3.f90  -O2  execution test
FAIL: gfortran.dg/nan_3.f90  -O3 -fomit-frame-pointer  execution test
FAIL: gfortran.dg/nan_3.f90  -O3 -fomit-frame-pointer -funroll-loops
execution test
FAIL: gfortran.dg/nan_3.f90  -O3 -fomit-frame-pointer
-funroll-all-loops -finline-functions  execution test
FAIL: gfortran.dg/nan_3.f90  -O3 -g  execution test
FAIL: gfortran.dg/nan_3.f90  -Os  execution test
FAIL: gfortran.dg/nearest_1.f90  -O0  execution test
FAIL: gfortran.dg/nearest_1.f90  -O1  execution test
FAIL: gfortran.dg/nearest_1.f90  -O2  execution test
FAIL: gfortran.dg/nearest_1.f90  -O3 -fomit-frame-pointer  execution test
FAIL: gfortran.dg/nearest_1.f90  -O3 -fomit-frame-pointer
-funroll-loops  execution test
FAIL: gfortran.dg/nearest_1.f90  -O3 -fomit-frame-pointer
-funroll-all-loops -finline-functions  execution test
FAIL: gfortran.dg/nearest_1.f90  -O3 -g  execution test
FAIL: gfortran.dg/nearest_1.f90  -Os  execution test
FAIL: gfortran.dg/specifics_1.f90  -O0  execution test
FAIL: gfortran.dg/specifics_1.f90  -O1  execution test
FAIL: gfortran.dg/specifics_1.f90  -O2  execution test
FAIL: gfortran.dg/specifics_1.f90  -O3 -fomit-frame-pointer  execution test
FAIL: gfortran.dg/specifics_1.f90  -O3 -fomit-frame-pointer
-funroll-loops  execution test
FAIL: gfortran.dg/specifics_1.f90  -O3 -fomit-frame-pointer
-funroll-all-loops -finline-functions  execution test
FAIL: gfortran.dg/specifics_1.f90  -O3 -g  execution test
FAIL: gfortran.dg/specifics_1.f90  -Os  execution test
XPASS: gfortran.dg/g77/cabs.f  -O1  execution test
XPASS: gfortran.dg/g77/cabs.f  -O2  execution test
XPASS: gfortran.dg/g77/cabs.f  -O3 -fomit-frame-pointer  execution test
XPASS: gfortran.dg/g77/cabs.f  -O3 -fomit-frame-pointer -funroll-loops
 execution test
XPASS: gfortran.dg/g77/cabs.f  -O3 -fomit-frame-pointer
-funroll-all-loops -finline-functions  execution test
XPASS: gfortran.dg/g77/cabs.f  -O3 -g  execution test
XPASS: gfortran.dg/g77/cabs.f  -Os  execution test
FAIL: gfortran.fortran-torture/execute/intrinsic_abs.f90 execution,  -O0
FAIL: gfortran.fortran-torture/execute/specifics.f90 execution,  -O0
FAIL: gfortran.fortran-torture/execute/specifics.f90 execution,  -O1
FAIL: gfortran.fortran-torture/execute/specifics.f90 execution,  -O2
FAIL: gfortran.fortran-torture/execute/specifics.f90 execution,  -O2
-fomit-frame-pointer -finline-functions
FAIL: gfortran.fortran-torture/execute/specifics.f90 execution,  -O2
-fomit-frame-pointer -finline-functions -funroll-loops
FAIL: gfortran.fortran-torture/execute/specifics.f90 execution,  -O2
-fbounds-check
FAIL: gfortran.fortran-torture/execute/specifics.f90 execution,  -O3 -g
FAIL: gfortran.fortran-torture/execute/specifics.f90 execution,  -Os

		=== gfortran Summary for unix/-mabi=64 ===

# of expected passes		33513
# of unexpected failures	81
# of unexpected successes	7
# of expected failures		21
# of unsupported tests		94

Running target unix/-mabi=n32
FAIL: gfortran.dg/allocatable_scalar_5.f90  -O0  execution test
FAIL: gfortran.dg/complex_intrinsic_5.f90  -O0  execution test
FAIL: gfortran.dg/complex_intrinsic_5.f90  -O1  execution test
FAIL: gfortran.dg/complex_intrinsic_5.f90  -O2  execution test
FAIL: gfortran.dg/complex_intrinsic_5.f90  -O3 -fomit-frame-pointer
execution test
FAIL: gfortran.dg/complex_intrinsic_5.f90  -O3 -fomit-frame-pointer
-funroll-loops  execution test
FAIL: gfortran.dg/complex_intrinsic_5.f90  -O3 -fomit-frame-pointer
-funroll-all-loops -finline-functions  execution test
FAIL: gfortran.dg/complex_intrinsic_5.f90  -O3 -g  execution test
FAIL: gfortran.dg/complex_intrinsic_5.f90  -Os  execution test
FAIL: gfortran.dg/default_format_1.f90  -O0  execution test
FAIL: gfortran.dg/default_format_1.f90  -O1  execution test
FAIL: gfortran.dg/default_format_1.f90  -O2  execution test
FAIL: gfortran.dg/default_format_1.f90  -O3 -fomit-frame-pointer  execution test
FAIL: gfortran.dg/default_format_1.f90  -O3 -fomit-frame-pointer
-funroll-loops  execution test
FAIL: gfortran.dg/default_format_1.f90  -O3 -fomit-frame-pointer
-funroll-all-loops -finline-functions  execution test
FAIL: gfortran.dg/default_format_1.f90  -O3 -g  execution test
FAIL: gfortran.dg/default_format_1.f90  -Os  execution test
FAIL: gfortran.dg/default_format_denormal_1.f90  -O0  execution test
FAIL: gfortran.dg/default_format_denormal_1.f90  -O1  execution test
FAIL: gfortran.dg/default_format_denormal_1.f90  -O2  execution test
FAIL: gfortran.dg/default_format_denormal_1.f90  -O3
-fomit-frame-pointer  execution test
FAIL: gfortran.dg/default_format_denormal_1.f90  -O3
-fomit-frame-pointer -funroll-loops  execution test
FAIL: gfortran.dg/default_format_denormal_1.f90  -O3
-fomit-frame-pointer -funroll-all-loops -finline-functions  execution
test
FAIL: gfortran.dg/default_format_denormal_1.f90  -O3 -g  execution test
FAIL: gfortran.dg/default_format_denormal_1.f90  -Os  execution test
FAIL: gfortran.dg/integer_exponentiation_2.f90  -O0  execution test
FAIL: gfortran.dg/integer_exponentiation_2.f90  -O1  execution test
FAIL: gfortran.dg/integer_exponentiation_2.f90  -O2  execution test
FAIL: gfortran.dg/integer_exponentiation_2.f90  -O3
-fomit-frame-pointer  execution test
FAIL: gfortran.dg/integer_exponentiation_2.f90  -O3
-fomit-frame-pointer -funroll-loops  execution test
FAIL: gfortran.dg/integer_exponentiation_2.f90  -O3
-fomit-frame-pointer -funroll-all-loops -finline-functions  execution
test
FAIL: gfortran.dg/integer_exponentiation_2.f90  -O3 -g  execution test
FAIL: gfortran.dg/integer_exponentiation_2.f90  -Os  execution test
FAIL: gfortran.dg/large_real_kind_2.F90  -O1  execution test
FAIL: gfortran.dg/large_real_kind_2.F90  -O2  execution test
FAIL: gfortran.dg/large_real_kind_2.F90  -O3 -fomit-frame-pointer
execution test
FAIL: gfortran.dg/large_real_kind_2.F90  -O3 -fomit-frame-pointer
-funroll-loops  execution test
FAIL: gfortran.dg/large_real_kind_2.F90  -O3 -fomit-frame-pointer
-funroll-all-loops -finline-functions  execution test
FAIL: gfortran.dg/large_real_kind_2.F90  -O3 -g  execution test
FAIL: gfortran.dg/large_real_kind_2.F90  -Os  execution test
FAIL: gfortran.dg/large_real_kind_form_io_2.f90  -O0  execution test
FAIL: gfortran.dg/large_real_kind_form_io_2.f90  -O1  execution test
FAIL: gfortran.dg/large_real_kind_form_io_2.f90  -O2  execution test
FAIL: gfortran.dg/large_real_kind_form_io_2.f90  -O3
-fomit-frame-pointer  execution test
FAIL: gfortran.dg/large_real_kind_form_io_2.f90  -O3
-fomit-frame-pointer -funroll-loops  execution test
FAIL: gfortran.dg/large_real_kind_form_io_2.f90  -O3
-fomit-frame-pointer -funroll-all-loops -finline-functions  execution
test
FAIL: gfortran.dg/large_real_kind_form_io_2.f90  -O3 -g  execution test
FAIL: gfortran.dg/large_real_kind_form_io_2.f90  -Os  execution test
FAIL: gfortran.dg/nan_3.f90  -O0  execution test
FAIL: gfortran.dg/nan_3.f90  -O1  execution test
FAIL: gfortran.dg/nan_3.f90  -O2  execution test
FAIL: gfortran.dg/nan_3.f90  -O3 -fomit-frame-pointer  execution test
FAIL: gfortran.dg/nan_3.f90  -O3 -fomit-frame-pointer -funroll-loops
execution test
FAIL: gfortran.dg/nan_3.f90  -O3 -fomit-frame-pointer
-funroll-all-loops -finline-functions  execution test
FAIL: gfortran.dg/nan_3.f90  -O3 -g  execution test
FAIL: gfortran.dg/nan_3.f90  -Os  execution test
FAIL: gfortran.dg/nearest_1.f90  -O0  execution test
FAIL: gfortran.dg/nearest_1.f90  -O1  execution test
FAIL: gfortran.dg/nearest_1.f90  -O2  execution test
FAIL: gfortran.dg/nearest_1.f90  -O3 -fomit-frame-pointer  execution test
FAIL: gfortran.dg/nearest_1.f90  -O3 -fomit-frame-pointer
-funroll-loops  execution test
FAIL: gfortran.dg/nearest_1.f90  -O3 -fomit-frame-pointer
-funroll-all-loops -finline-functions  execution test
FAIL: gfortran.dg/nearest_1.f90  -O3 -g  execution test
FAIL: gfortran.dg/nearest_1.f90  -Os  execution test
FAIL: gfortran.dg/specifics_1.f90  -O0  execution test
FAIL: gfortran.dg/specifics_1.f90  -O1  execution test
FAIL: gfortran.dg/specifics_1.f90  -O2  execution test
FAIL: gfortran.dg/specifics_1.f90  -O3 -fomit-frame-pointer  execution test
FAIL: gfortran.dg/specifics_1.f90  -O3 -fomit-frame-pointer
-funroll-loops  execution test
FAIL: gfortran.dg/specifics_1.f90  -O3 -fomit-frame-pointer
-funroll-all-loops -finline-functions  execution test
FAIL: gfortran.dg/specifics_1.f90  -O3 -g  execution test
FAIL: gfortran.dg/specifics_1.f90  -Os  execution test
XPASS: gfortran.dg/g77/cabs.f  -O1  execution test
XPASS: gfortran.dg/g77/cabs.f  -O2  execution test
XPASS: gfortran.dg/g77/cabs.f  -O3 -fomit-frame-pointer  execution test
XPASS: gfortran.dg/g77/cabs.f  -O3 -fomit-frame-pointer -funroll-loops
 execution test
XPASS: gfortran.dg/g77/cabs.f  -O3 -fomit-frame-pointer
-funroll-all-loops -finline-functions  execution test
XPASS: gfortran.dg/g77/cabs.f  -O3 -g  execution test
XPASS: gfortran.dg/g77/cabs.f  -Os  execution test
WARNING: program timed out.
FAIL: gfortran.fortran-torture/execute/intrinsic_abs.f90 execution,  -O0
FAIL: gfortran.fortran-torture/execute/specifics.f90 execution,  -O0
FAIL: gfortran.fortran-torture/execute/specifics.f90 execution,  -O1
FAIL: gfortran.fortran-torture/execute/specifics.f90 execution,  -O2
FAIL: gfortran.fortran-torture/execute/specifics.f90 execution,  -O2
-fomit-frame-pointer -finline-functions
FAIL: gfortran.fortran-torture/execute/specifics.f90 execution,  -O2
-fomit-frame-pointer -finline-functions -funroll-loops
FAIL: gfortran.fortran-torture/execute/specifics.f90 execution,  -O2
-fbounds-check
FAIL: gfortran.fortran-torture/execute/specifics.f90 execution,  -O3 -g
FAIL: gfortran.fortran-torture/execute/specifics.f90 execution,  -Os

		=== gfortran Summary for unix/-mabi=n32 ===

# of expected passes		33513
# of unexpected failures	81
# of unexpected successes	7
# of expected failures		21
# of unsupported tests		94

		=== gfortran Summary ===

# of expected passes		100097
# of unexpected failures	221
# of unexpected successes	22
# of expected failures		62
# of unsupported tests		508
/xvm0/build/gcc/release/gcc-4.5.2-r0/gcc-4.5.2/obj/gcc/testsuite/gfortran/../../gfortran
 version 4.5.2 (GCC)

		=== gnat tests ===


Running target unix/-mabi=32
FAIL: gnat.dg/null_pointer_deref1.adb execution test
FAIL: gnat.dg/null_pointer_deref2.adb execution test
FAIL: gnat.dg/stack_check1.adb execution test
FAIL: gnat.dg/stack_check2.adb execution test
WARNING: program timed out.
FAIL: gnat.dg/test_prio.adb execution test

		=== gnat Summary for unix/-mabi=32 ===

# of expected passes		759
# of unexpected failures	5
# of expected failures		7
# of unsupported tests		1

Running target unix/-mabi=n32
FAIL: gnat.dg/frame_overflow.adb  (test for errors, line 14)
FAIL: gnat.dg/frame_overflow.adb (test for excess errors)
FAIL: gnat.dg/null_pointer_deref1.adb execution test
FAIL: gnat.dg/null_pointer_deref2.adb execution test
FAIL: gnat.dg/stack_check1.adb execution test
FAIL: gnat.dg/stack_check2.adb execution test
WARNING: program timed out.
FAIL: gnat.dg/test_prio.adb execution test
FAIL: gnat.dg/specs/addr1.ads  (test for bogus messages, line 24)
FAIL: gnat.dg/specs/addr1.ads (test for excess errors)

		=== gnat Summary for unix/-mabi=n32 ===

# of expected passes		755
# of unexpected failures	9
# of expected failures		7
# of unsupported tests		1

Running target unix/-mabi=64
FAIL: gnat.dg/align_max.adb execution test
FAIL: gnat.dg/allocator_maxalign1.adb execution test
FAIL: gnat.dg/null_pointer_deref1.adb execution test
FAIL: gnat.dg/null_pointer_deref2.adb execution test
FAIL: gnat.dg/stack_check1.adb execution test
FAIL: gnat.dg/stack_check2.adb execution test
FAIL: gnat.dg/test_allocator_maxalign2.adb execution test

		=== gnat Summary for unix/-mabi=64 ===

# of expected passes		757
# of unexpected failures	7
# of expected failures		7
# of unsupported tests		1

		=== gnat Summary ===

# of expected passes		2271
# of unexpected failures	21
# of expected failures		21
# of unsupported tests		3
		=== obj-c++ tests ===


Running target unix/-mabi=32
WARNING: obj-c++.dg/lookup-2.mm -fgnu-runtime compilation failed to
produce executable
WARNING: obj-c++.dg/try-catch-2.mm -fgnu-runtime compilation failed to
produce executable
WARNING: obj-c++.dg/try-catch-9.mm -fgnu-runtime compilation failed to
produce executable

		=== obj-c++ Summary for unix/-mabi=32 ===

# of expected passes		440
# of expected failures		3
# of unsupported tests		14

Running target unix/-mabi=n32
WARNING: obj-c++.dg/lookup-2.mm -fgnu-runtime compilation failed to
produce executable
WARNING: obj-c++.dg/try-catch-2.mm -fgnu-runtime compilation failed to
produce executable
WARNING: obj-c++.dg/try-catch-9.mm -fgnu-runtime compilation failed to
produce executable

		=== obj-c++ Summary for unix/-mabi=n32 ===

# of expected passes		440
# of expected failures		3
# of unsupported tests		14

Running target unix/-mabi=64
WARNING: obj-c++.dg/lookup-2.mm -fgnu-runtime compilation failed to
produce executable
WARNING: obj-c++.dg/try-catch-2.mm -fgnu-runtime compilation failed to
produce executable
WARNING: obj-c++.dg/try-catch-9.mm -fgnu-runtime compilation failed to
produce executable

		=== obj-c++ Summary for unix/-mabi=64 ===

# of expected passes		432
# of expected failures		11
# of unsupported tests		14

		=== obj-c++ Summary ===

# of expected passes		1312
# of expected failures		17
# of unsupported tests		42
/xvm0/build/gcc/release/gcc-4.5.2-r0/gcc-4.5.2/obj/gcc/testsuite/obj-c++/../../g++
 version 4.5.2 (GCC)

		=== objc tests ===


Running target unix/-mabi=32
FAIL: objc.dg/stabs-1.m scan-assembler
(.SUBSPA.*[\$]CODE[\$]|.text"?)\\n\\t.stabs.*100,0,0,([.\$])?L?L[\$]?etext[0-9]*\\n([.\$])?L?L[\$]?etext

		=== objc Summary for unix/-mabi=32 ===

# of expected passes		1873
# of unexpected failures	1
# of expected failures		15
# of unsupported tests		20

Running target unix/-mabi=n32
FAIL: objc.dg/stabs-1.m scan-assembler
(.SUBSPA.*[\$]CODE[\$]|.text"?)\\n\\t.stabs.*100,0,0,([.\$])?L?L[\$]?etext[0-9]*\\n([.\$])?L?L[\$]?etext

		=== objc Summary for unix/-mabi=n32 ===

# of expected passes		1873
# of unexpected failures	1
# of expected failures		15
# of unsupported tests		20

Running target unix/-mabi=64
FAIL: objc.dg/stabs-1.m scan-assembler
(.SUBSPA.*[\$]CODE[\$]|.text"?)\\n\\t.stabs.*100,0,0,([.\$])?L?L[\$]?etext[0-9]*\\n([.\$])?L?L[\$]?etext

		=== objc Summary for unix/-mabi=64 ===

# of expected passes		1873
# of unexpected failures	1
# of expected failures		15
# of unsupported tests		20

		=== objc Summary ===

# of expected passes		5619
# of unexpected failures	3
# of expected failures		45
# of unsupported tests		60
/xvm0/build/gcc/release/gcc-4.5.2-r0/gcc-4.5.2/obj/gcc/xgcc  version
4.5.2 (GCC)

		=== libffi tests ===


Running target unix/-mabi=32
FAIL: libffi.call/cls_align_pointer.c -O0 -W -Wall (test for excess errors)
WARNING: libffi.call/cls_align_pointer.c -O0 -W -Wall compilation
failed to produce executable
FAIL: libffi.call/huge_struct.c -O0 -W -Wall (test for excess errors)
WARNING: libffi.call/huge_struct.c -O0 -W -Wall compilation failed to
produce executable
FAIL: libffi.call/cls_align_pointer.c -O2 (test for excess errors)
WARNING: libffi.call/cls_align_pointer.c -O2 compilation failed to
produce executable
FAIL: libffi.call/huge_struct.c -O2 (test for excess errors)
WARNING: libffi.call/huge_struct.c -O2 compilation failed to produce executable
FAIL: libffi.call/cls_align_pointer.c -O3 (test for excess errors)
WARNING: libffi.call/cls_align_pointer.c -O3 compilation failed to
produce executable
FAIL: libffi.call/huge_struct.c -O3 (test for excess errors)
WARNING: libffi.call/huge_struct.c -O3 compilation failed to produce executable
FAIL: libffi.call/cls_align_pointer.c -Os (test for excess errors)
WARNING: libffi.call/cls_align_pointer.c -Os compilation failed to
produce executable
FAIL: libffi.call/huge_struct.c -Os (test for excess errors)
WARNING: libffi.call/huge_struct.c -Os compilation failed to produce executable
FAIL: libffi.call/cls_align_pointer.c -O2 -fomit-frame-pointer (test
for excess errors)
WARNING: libffi.call/cls_align_pointer.c -O2 -fomit-frame-pointer
compilation failed to produce executable
FAIL: libffi.call/huge_struct.c -O2 -fomit-frame-pointer (test for
excess errors)
WARNING: libffi.call/huge_struct.c -O2 -fomit-frame-pointer
compilation failed to produce executable

		=== libffi Summary for unix/-mabi=32 ===

# of expected passes		1604
# of unexpected failures	10
# of expected failures		10
# of unsupported tests		15

Running target unix/-mabi=n32
FAIL: libffi.call/cls_align_pointer.c -O0 -W -Wall (test for excess errors)
WARNING: libffi.call/cls_align_pointer.c -O0 -W -Wall compilation
failed to produce executable
FAIL: libffi.call/cls_double_va.c -O0 -W -Wall output pattern test, is 0.0
FAIL: libffi.call/cls_longdouble_va.c -O0 -W -Wall output pattern test, is 0.0
FAIL: libffi.call/cls_pointer.c -O0 -W -Wall (test for excess errors)
FAIL: libffi.call/cls_pointer_stack.c -O0 -W -Wall (test for excess errors)
FAIL: libffi.call/huge_struct.c -O0 -W -Wall (test for excess errors)
WARNING: libffi.call/huge_struct.c -O0 -W -Wall compilation failed to
produce executable
FAIL: libffi.call/cls_align_pointer.c -O2 (test for excess errors)
WARNING: libffi.call/cls_align_pointer.c -O2 compilation failed to
produce executable
FAIL: libffi.call/cls_double_va.c -O2 output pattern test, is 0.0
FAIL: libffi.call/cls_longdouble_va.c -O2 output pattern test, is 0.0
FAIL: libffi.call/cls_pointer.c -O2 (test for excess errors)
FAIL: libffi.call/cls_pointer_stack.c -O2 (test for excess errors)
FAIL: libffi.call/huge_struct.c -O2 (test for excess errors)
WARNING: libffi.call/huge_struct.c -O2 compilation failed to produce executable
FAIL: libffi.call/cls_align_pointer.c -O3 (test for excess errors)
WARNING: libffi.call/cls_align_pointer.c -O3 compilation failed to
produce executable
FAIL: libffi.call/cls_double_va.c -O3 output pattern test, is 0.0
FAIL: libffi.call/cls_longdouble_va.c -O3 output pattern test, is 0.0
FAIL: libffi.call/cls_pointer.c -O3 (test for excess errors)
FAIL: libffi.call/cls_pointer_stack.c -O3 (test for excess errors)
FAIL: libffi.call/huge_struct.c -O3 (test for excess errors)
WARNING: libffi.call/huge_struct.c -O3 compilation failed to produce executable
FAIL: libffi.call/cls_align_pointer.c -Os (test for excess errors)
WARNING: libffi.call/cls_align_pointer.c -Os compilation failed to
produce executable
FAIL: libffi.call/cls_double_va.c -Os output pattern test, is 0.0
FAIL: libffi.call/cls_longdouble_va.c -Os output pattern test, is 0.0
FAIL: libffi.call/cls_pointer.c -Os (test for excess errors)
FAIL: libffi.call/cls_pointer_stack.c -Os (test for excess errors)
FAIL: libffi.call/huge_struct.c -Os (test for excess errors)
WARNING: libffi.call/huge_struct.c -Os compilation failed to produce executable
FAIL: libffi.call/cls_align_pointer.c -O2 -fomit-frame-pointer (test
for excess errors)
WARNING: libffi.call/cls_align_pointer.c -O2 -fomit-frame-pointer
compilation failed to produce executable
FAIL: libffi.call/cls_double_va.c -O2 -fomit-frame-pointer output
pattern test, is 0.0
FAIL: libffi.call/cls_longdouble_va.c -O2 -fomit-frame-pointer output
pattern test, is 0.0
FAIL: libffi.call/cls_pointer.c -O2 -fomit-frame-pointer (test for
excess errors)
FAIL: libffi.call/cls_pointer_stack.c -O2 -fomit-frame-pointer (test
for excess errors)
FAIL: libffi.call/huge_struct.c -O2 -fomit-frame-pointer (test for
excess errors)
WARNING: libffi.call/huge_struct.c -O2 -fomit-frame-pointer
compilation failed to produce executable

		=== libffi Summary for unix/-mabi=n32 ===

# of expected passes		1584
# of unexpected failures	30
# of expected failures		10
# of unsupported tests		15

Running target unix/-mabi=64
FAIL: libffi.call/cls_align_pointer.c -O0 -W -Wall (test for excess errors)
WARNING: libffi.call/cls_align_pointer.c -O0 -W -Wall compilation
failed to produce executable
FAIL: libffi.call/cls_double_va.c -O0 -W -Wall output pattern test, is 0.0
FAIL: libffi.call/cls_longdouble_va.c -O0 -W -Wall output pattern test, is 0.0
FAIL: libffi.call/huge_struct.c -O0 -W -Wall (test for excess errors)
WARNING: libffi.call/huge_struct.c -O0 -W -Wall compilation failed to
produce executable
FAIL: libffi.call/cls_align_pointer.c -O2 (test for excess errors)
WARNING: libffi.call/cls_align_pointer.c -O2 compilation failed to
produce executable
FAIL: libffi.call/cls_double_va.c -O2 output pattern test, is 0.0
FAIL: libffi.call/cls_longdouble_va.c -O2 output pattern test, is 0.0
FAIL: libffi.call/huge_struct.c -O2 (test for excess errors)
WARNING: libffi.call/huge_struct.c -O2 compilation failed to produce executable
FAIL: libffi.call/cls_align_pointer.c -O3 (test for excess errors)
WARNING: libffi.call/cls_align_pointer.c -O3 compilation failed to
produce executable
FAIL: libffi.call/cls_double_va.c -O3 output pattern test, is 0.0
FAIL: libffi.call/cls_longdouble_va.c -O3 output pattern test, is 0.0
FAIL: libffi.call/huge_struct.c -O3 (test for excess errors)
WARNING: libffi.call/huge_struct.c -O3 compilation failed to produce executable
FAIL: libffi.call/cls_align_pointer.c -Os (test for excess errors)
WARNING: libffi.call/cls_align_pointer.c -Os compilation failed to
produce executable
FAIL: libffi.call/cls_double_va.c -Os output pattern test, is 0.0
FAIL: libffi.call/cls_longdouble_va.c -Os output pattern test, is 0.0
FAIL: libffi.call/huge_struct.c -Os (test for excess errors)
WARNING: libffi.call/huge_struct.c -Os compilation failed to produce executable
FAIL: libffi.call/cls_align_pointer.c -O2 -fomit-frame-pointer (test
for excess errors)
WARNING: libffi.call/cls_align_pointer.c -O2 -fomit-frame-pointer
compilation failed to produce executable
FAIL: libffi.call/cls_double_va.c -O2 -fomit-frame-pointer output
pattern test, is 0.0
FAIL: libffi.call/cls_longdouble_va.c -O2 -fomit-frame-pointer output
pattern test, is 0.0
FAIL: libffi.call/huge_struct.c -O2 -fomit-frame-pointer (test for
excess errors)
WARNING: libffi.call/huge_struct.c -O2 -fomit-frame-pointer
compilation failed to produce executable

		=== libffi Summary for unix/-mabi=64 ===

# of expected passes		1594
# of unexpected failures	20
# of expected failures		10
# of unsupported tests		15

		=== libffi Summary ===

# of expected passes		4782
# of unexpected failures	60
# of expected failures		30
# of unsupported tests		45
		=== libgomp tests ===


Running target unix/-mabi=32
FAIL: libgomp.fortran/condinc2.f  -O  execution test
FAIL: libgomp.fortran/condinc4.f90  -O  execution test
FAIL: libgomp.fortran/omp_cond2.f  -O  execution test
FAIL: libgomp.fortran/omp_cond4.F90  -O  execution test

		=== libgomp Summary for unix/-mabi=32 ===

# of expected passes		2502
# of unexpected failures	4
# of unsupported tests		2

Running target unix/-mabi=n32
FAIL: libgomp.fortran/condinc2.f  -O  execution test
FAIL: libgomp.fortran/condinc4.f90  -O  execution test
FAIL: libgomp.fortran/omp_cond2.f  -O  execution test
FAIL: libgomp.fortran/omp_cond4.F90  -O  execution test

		=== libgomp Summary for unix/-mabi=n32 ===

# of expected passes		2502
# of unexpected failures	4
# of unsupported tests		2

Running target unix/-mabi=64
FAIL: libgomp.fortran/condinc2.f  -O  execution test
FAIL: libgomp.fortran/condinc4.f90  -O  execution test
FAIL: libgomp.fortran/omp_cond2.f  -O  execution test
FAIL: libgomp.fortran/omp_cond4.F90  -O  execution test

		=== libgomp Summary for unix/-mabi=64 ===

# of expected passes		2502
# of unexpected failures	4
# of unsupported tests		2

		=== libgomp Summary ===

# of expected passes		7506
# of unexpected failures	12
# of unsupported tests		6
		=== libjava tests ===


Running target unix/-mabi=32
		=== libstdc++ tests ===


Running target unix/-mabi=32
FAIL: 18_support/exception/what.cc (test for excess errors)
WARNING: 18_support/exception/what.cc compilation failed to produce executable
FAIL: 18_support/numeric_limits/lowest.cc execution test
FAIL: 21_strings/basic_string/requirements/typedefs.cc (test for excess errors)
FAIL: 22_locale/ctype/cons/char/1.cc execution test
FAIL: 26_numerics/headers/cmath/25913.cc (test for excess errors)
FAIL: 26_numerics/headers/cmath/c99_classification_macros_c++.cc (test
for excess errors)
FAIL: 26_numerics/headers/cmath/c99_classification_macros_c.cc (test
for excess errors)
FAIL: 26_numerics/random/binomial_distribution/cons/default.cc (test
for excess errors)
WARNING: 26_numerics/random/binomial_distribution/cons/default.cc
compilation failed to produce executable
FAIL: 26_numerics/random/binomial_distribution/cons/parms.cc (test for
excess errors)
WARNING: 26_numerics/random/binomial_distribution/cons/parms.cc
compilation failed to produce executable
FAIL: 26_numerics/random/binomial_distribution/operators/equal.cc
(test for excess errors)
WARNING: 26_numerics/random/binomial_distribution/operators/equal.cc
compilation failed to produce executable
FAIL: 26_numerics/random/binomial_distribution/operators/inequal.cc
(test for excess errors)
WARNING: 26_numerics/random/binomial_distribution/operators/inequal.cc
compilation failed to produce executable
FAIL: 26_numerics/random/binomial_distribution/operators/serialize.cc
(test for excess errors)
WARNING: 26_numerics/random/binomial_distribution/operators/serialize.cc
compilation failed to produce executable
FAIL: 26_numerics/random/negative_binomial_distribution/operators/serialize.cc
(test for excess errors)
WARNING: 26_numerics/random/negative_binomial_distribution/operators/serialize.cc
compilation failed to produce executable
FAIL: 26_numerics/random/poisson_distribution/cons/default.cc (test
for excess errors)
WARNING: 26_numerics/random/poisson_distribution/cons/default.cc
compilation failed to produce executable
FAIL: 26_numerics/random/poisson_distribution/cons/parms.cc (test for
excess errors)
WARNING: 26_numerics/random/poisson_distribution/cons/parms.cc
compilation failed to produce executable
FAIL: 26_numerics/random/poisson_distribution/operators/equal.cc (test
for excess errors)
WARNING: 26_numerics/random/poisson_distribution/operators/equal.cc
compilation failed to produce executable
FAIL: 26_numerics/random/poisson_distribution/operators/inequal.cc
(test for excess errors)
WARNING: 26_numerics/random/poisson_distribution/operators/inequal.cc
compilation failed to produce executable
FAIL: 26_numerics/random/poisson_distribution/operators/serialize.cc
(test for excess errors)
WARNING: 26_numerics/random/poisson_distribution/operators/serialize.cc
compilation failed to produce executable
FAIL: tr1/5_numerical_facilities/special_functions/07_conf_hyperg/check_value.cc
(test for excess errors)
WARNING: tr1/5_numerical_facilities/special_functions/07_conf_hyperg/check_value.cc
compilation failed to produce executable
FAIL: tr1/5_numerical_facilities/special_functions/08_cyl_bessel_i/check_value.cc
(test for excess errors)
WARNING: tr1/5_numerical_facilities/special_functions/08_cyl_bessel_i/check_value.cc
compilation failed to produce executable
FAIL: tr1/5_numerical_facilities/special_functions/09_cyl_bessel_j/check_value.cc
(test for excess errors)
WARNING: tr1/5_numerical_facilities/special_functions/09_cyl_bessel_j/check_value.cc
compilation failed to produce executable
FAIL: tr1/5_numerical_facilities/special_functions/10_cyl_bessel_k/check_value.cc
(test for excess errors)
WARNING: tr1/5_numerical_facilities/special_functions/10_cyl_bessel_k/check_value.cc
compilation failed to produce executable
FAIL: tr1/5_numerical_facilities/special_functions/11_cyl_neumann/check_value.cc
(test for excess errors)
WARNING: tr1/5_numerical_facilities/special_functions/11_cyl_neumann/check_value.cc
compilation failed to produce executable
FAIL: tr1/5_numerical_facilities/special_functions/17_hyperg/check_value.cc
(test for excess errors)
WARNING: tr1/5_numerical_facilities/special_functions/17_hyperg/check_value.cc
compilation failed to produce executable
FAIL: tr1/5_numerical_facilities/special_functions/21_sph_bessel/check_value.cc
(test for excess errors)
WARNING: tr1/5_numerical_facilities/special_functions/21_sph_bessel/check_value.cc
compilation failed to produce executable
FAIL: tr1/5_numerical_facilities/special_functions/23_sph_neumann/check_value.cc
(test for excess errors)
WARNING: tr1/5_numerical_facilities/special_functions/23_sph_neumann/check_value.cc
compilation failed to produce executable

		=== libstdc++ Summary for unix/-mabi=32 ===

# of expected passes		5424
# of unexpected failures	26
# of expected failures		86
# of unsupported tests		442

Running target unix/-mabi=64
FAIL: 18_support/numeric_limits/epsilon.cc execution test
FAIL: 21_strings/basic_string/inserters_extractors/wchar_t/1.cc execution test
FAIL: 21_strings/basic_string/inserters_extractors/wchar_t/11.cc execution test
FAIL: 21_strings/basic_string/inserters_extractors/wchar_t/5.cc execution test
FAIL: 22_locale/ctype/cons/char/1.cc execution test
FAIL: 22_locale/ctype/is/wchar_t/1.cc execution test
FAIL: 22_locale/ctype/scan/wchar_t/1.cc execution test
FAIL: 22_locale/money_get/get/wchar_t/19.cc execution test
FAIL: 22_locale/money_get/get/wchar_t/8.cc execution test
FAIL: 26_numerics/complex/inserters_extractors/wchar_t/1.cc execution test
FAIL: 26_numerics/headers/cmath/c99_classification_macros_c.cc (test
for excess errors)
FAIL: 27_io/basic_istream/extractors_arithmetic/char/12.cc execution test
FAIL: 27_io/basic_istream/extractors_arithmetic/wchar_t/01.cc execution test
FAIL: 27_io/basic_istream/extractors_arithmetic/wchar_t/07.cc execution test
FAIL: 27_io/basic_istream/extractors_arithmetic/wchar_t/08.cc execution test
FAIL: 27_io/basic_istream/extractors_arithmetic/wchar_t/10.cc execution test
FAIL: 27_io/basic_istream/extractors_arithmetic/wchar_t/12.cc execution test
FAIL: 27_io/basic_istream/extractors_arithmetic/wchar_t/13.cc execution test
FAIL: 27_io/basic_istream/extractors_character/wchar_t/1.cc execution test
FAIL: 27_io/basic_istream/extractors_character/wchar_t/11095-i.cc execution test
FAIL: 27_io/basic_istream/extractors_character/wchar_t/2.cc execution test
FAIL: 27_io/basic_istream/extractors_character/wchar_t/3.cc execution test
FAIL: 27_io/basic_istream/extractors_character/wchar_t/4.cc execution test
FAIL: 27_io/basic_istream/sentry/wchar_t/2.cc execution test
FAIL: 27_io/basic_istream/ws/wchar_t/1.cc execution test

		=== libstdc++ Summary for unix/-mabi=64 ===

# of expected passes		6356
# of unexpected failures	25
# of expected failures		88
# of unsupported tests		594

Running target unix/-mabi=n32
FAIL: 18_support/numeric_limits/epsilon.cc execution test
FAIL: 21_strings/basic_string/inserters_extractors/wchar_t/1.cc execution test
FAIL: 21_strings/basic_string/inserters_extractors/wchar_t/11.cc execution test
FAIL: 21_strings/basic_string/inserters_extractors/wchar_t/5.cc execution test
FAIL: 22_locale/ctype/cons/char/1.cc execution test
FAIL: 22_locale/ctype/is/wchar_t/1.cc execution test
FAIL: 22_locale/ctype/scan/wchar_t/1.cc execution test
FAIL: 22_locale/money_get/get/wchar_t/19.cc execution test
FAIL: 22_locale/money_get/get/wchar_t/8.cc execution test
FAIL: 26_numerics/complex/inserters_extractors/wchar_t/1.cc execution test
FAIL: 26_numerics/headers/cmath/c99_classification_macros_c.cc (test
for excess errors)
FAIL: 27_io/basic_istream/extractors_arithmetic/char/12.cc execution test
FAIL: 27_io/basic_istream/extractors_arithmetic/wchar_t/01.cc execution test
FAIL: 27_io/basic_istream/extractors_arithmetic/wchar_t/07.cc execution test
FAIL: 27_io/basic_istream/extractors_arithmetic/wchar_t/08.cc execution test
FAIL: 27_io/basic_istream/extractors_arithmetic/wchar_t/10.cc execution test
FAIL: 27_io/basic_istream/extractors_arithmetic/wchar_t/12.cc execution test
FAIL: 27_io/basic_istream/extractors_arithmetic/wchar_t/13.cc execution test
FAIL: 27_io/basic_istream/extractors_character/wchar_t/1.cc execution test
FAIL: 27_io/basic_istream/extractors_character/wchar_t/11095-i.cc execution test
FAIL: 27_io/basic_istream/extractors_character/wchar_t/2.cc execution test
FAIL: 27_io/basic_istream/extractors_character/wchar_t/3.cc execution test
FAIL: 27_io/basic_istream/extractors_character/wchar_t/4.cc execution test
FAIL: 27_io/basic_istream/sentry/wchar_t/2.cc execution test
FAIL: 27_io/basic_istream/ws/wchar_t/1.cc execution test

		=== libstdc++ Summary for unix/-mabi=n32 ===

# of expected passes		6356
# of unexpected failures	25
# of expected failures		88
# of unsupported tests		594

		=== libstdc++ Summary ===

# of expected passes		18136
# of unexpected failures	76
# of expected failures		262
# of unsupported tests		1630

		=== libstdc++ Summary ===


Compiler version: 4.5.2 (GCC)
Platform: mips-sgi-irix6.5
configure flags: -v
--enable-languages=c,ada,c++,fortran,java,objc,obj-c++
--prefix=/usr/local/gnu --enable-shared --enable-threads=posix
--enable-libgcj --enable-java-awt=xlib --disable-nls --with-gnu-as
--with-as=/usr/local/gnu/mips-sgi-irix6.5/bin/as --without-gnu-ld
--with-ld=/usr/bin/ld --with-mpfr-include=/usr/local/gnu/include
--with-mpfr-lib=/usr/local/gnu/lib32 --enable-checking=release


Index Nav: [Date Index] [Subject Index] [Author Index] [Thread Index]
Message Nav: [Date Prev] [Date Next] [Thread Prev] [Thread Next]