This is the mail archive of the gcc-testresults@gcc.gnu.org mailing list for the GCC project.


Index Nav: [Date Index] [Subject Index] [Author Index] [Thread Index]
Message Nav: [Date Prev] [Date Next] [Thread Prev] [Thread Next]
Other format: [Raw text]

Results for 4.5.2 (GCC) testsuite on i386-pc-mingw32


LAST_UPDATED: Obtained from SVN: tags/gcc_4_5_2_release revision 167946

		=== acats tests ===
FAIL:	c23003b
FAIL:	c23003g
FAIL:	c23003i
FAIL:	c250002
FAIL:	cb1010a

		=== acats Summary ===
# of expected passes		2316
# of unexpected failures	5
Native configuration is i386-pc-mingw32

=== g++ tests ===


Running target unix FAIL: g++.dg/abi/local1.C execution test FAIL: g++.dg/abi/mangle36.C (test for excess errors) ERROR: g++.dg/abi/mangle36.C: error executing dg-final: couldn't open "mangle36.s": no such file or directory UNRESOLVED: g++.dg/abi/mangle36.C: error executing dg-final: couldn't open "mangle36.s": no such file or directory FAIL: g++.dg/abi/mangle40.C (test for excess errors) ERROR: g++.dg/abi/mangle40.C: error executing dg-final: couldn't open "mangle40.s": no such file or directory UNRESOLVED: g++.dg/abi/mangle40.C: error executing dg-final: couldn't open "mangle40.s": no such file or directory FAIL: g++.dg/abi/mangle41.C (test for excess errors) FAIL: g++.dg/abi/thunk5.C scan-assembler weak.*ZTv FAIL: g++.dg/eh/cleanup1.C (test for excess errors) FAIL: g++.dg/ext/dllexport-MI1.C scan-assembler -export:_ZNK2D12vfEv FAIL: g++.dg/ext/dllexport-MI1.C scan-assembler -export:_ZNK2D22vfEv FAIL: g++.dg/ext/dllexport-MI1.C scan-assembler -export:_ZNK3MI12vfEv FAIL: g++.dg/ext/dllexport-MI1.C scan-assembler -export:_ZThn4_NK3MI12vfEv FAIL: g++.dg/ext/dllexport-MI1.C scan-assembler -export:_ZTv0_n12_NK2D12vfEv FAIL: g++.dg/ext/dllexport-MI1.C scan-assembler -export:_ZTV2D1,data FAIL: g++.dg/ext/dllexport-MI1.C scan-assembler -export:_ZN2D2C2ERKS_ FAIL: g++.dg/ext/dllexport1.C scan-assembler -export:_ZN3Bar10inline_barEi FAIL: g++.dg/ext/dllexport1.C scan-assembler -export:_Z3fooi FAIL: g++.dg/ext/dllexport3.C scan-assembler -export:_ZN2SaD1Ev FAIL: g++.dg/ext/dllimport7.C C++ specific error (test for errors, line 24) FAIL: g++.dg/ext/selectany1.C scan-assembler-dem \\nguard variable for x: FAIL: g++.dg/init/cleanup3.C scan-assembler-not _tcf FAIL: g++.dg/other/i386-2.C (test for excess errors) FAIL: g++.dg/other/i386-3.C (test for excess errors) FAIL: g++.old-deja/g++.abi/cxa_vec.C execution test FAIL: g++.old-deja/g++.brendan/new3.C execution test

=== g++ Summary ===

# of expected passes		23549
# of unexpected failures	23
# of expected failures		152
# of unresolved testcases	2
# of unsupported tests		282
/projetos/gcc/bld/452/build/gcc/testsuite/g++/../../g++  version 4.5.2 (GCC)

=== gcc tests ===


Running target unix FAIL: gcc.c-torture/compile/limits-declparen.c (test for excess errors) FAIL: gcc.c-torture/compile/limits-exprparen.c (test for excess errors) FAIL: gcc.c-torture/compile/limits-exprparen.c (test for excess errors) FAIL: gcc.c-torture/compile/limits-exprparen.c (test for excess errors) FAIL: gcc.c-torture/compile/limits-exprparen.c (test for excess errors) FAIL: gcc.c-torture/compile/limits-exprparen.c (test for excess errors) FAIL: gcc.c-torture/compile/limits-exprparen.c (test for excess errors) FAIL: gcc.c-torture/compile/limits-pointer.c (test for excess errors) FAIL: gcc.c-torture/compile/limits-structnest.c (test for excess errors) FAIL: gcc.c-torture/compile/limits-structnest.c (test for excess errors) FAIL: gcc.c-torture/compile/limits-structnest.c (test for excess errors) FAIL: gcc.c-torture/compile/limits-structnest.c (test for excess errors) FAIL: gcc.c-torture/compile/limits-structnest.c (test for excess errors) FAIL: gcc.c-torture/compile/limits-structnest.c (test for excess errors) FAIL: gcc.dg/20020425-1.c (test for excess errors) FAIL: gcc.dg/dll-3.c scan-assembler .section[ \\t]*.drectve\\n.*-export:foo2 FAIL: gcc.dg/dll-3.c scan-assembler -export:foo1 FAIL: gcc.dg/dll-5.c scan-assembler .section[ \\t]*.drectve\\n.*-export:dllexp FAIL: gcc.dg/format/ms_unnamed-1.c constant (test for warnings, line 22) FAIL: gcc.dg/format/ms_unnamed-1.c (test for excess errors) FAIL: gcc.dg/format/ms_unnamed-1.c constant (test for warnings, line 22) FAIL: gcc.dg/format/ms_unnamed-1.c (test for excess errors) FAIL: gcc.dg/tree-prof/val-prof-7.c compilation, -fprofile-generate -D_PROFILE_GENERATE UNRESOLVED: gcc.dg/tree-prof/val-prof-7.c execution, -fprofile-generate -D_PROFILE_GENERATE UNRESOLVED: gcc.dg/tree-prof/val-prof-7.c compilation, -fprofile-use -D_PROFILE_USE UNRESOLVED: gcc.dg/tree-prof/val-prof-7.c execution, -fprofile-use -D_PROFILE_USE XPASS: gcc.dg/tree-ssa/20040204-1.c scan-tree-dump-times optimized "link_error" 0 FAIL: gcc.dg/tree-ssa/pr36881.c scan-assembler-not CSWTCH FAIL: gcc.dg/tree-ssa/pr36881.c scan-tree-dump switchconv "need runtime relocations" FAIL: gcc.dg/tree-ssa/ssa-store-ccp-2.c scan-tree-dump-times optimized "conststaticvariable" 1 FAIL: gcc.dg/tree-ssa/ssa-store-ccp-4.c scan-tree-dump-times optimized "conststaticvariable" 1 FAIL: gcc.target/i386/pr37843-4.c scan-assembler jmp[\\\\t ]*foo FAIL: gcc.target/i386/pr40906-1.c (test for excess errors) FAIL: gcc.target/i386/pr40906-2.c (test for excess errors) FAIL: gcc.target/i386/pr46226.c (test for excess errors) XPASS: gcc.target/i386/push-1.c scan-assembler-not movups

=== gcc Summary ===

# of expected passes		66234
# of unexpected failures	31
# of unexpected successes	2
# of expected failures		162
# of unresolved testcases	3
# of unsupported tests		634
/projetos/gcc/bld/452/build/gcc/xgcc  version 4.5.2 (GCC)

=== gfortran tests ===


Running target unix FAIL: gfortran.dg/binding_label_tests_4.f03 (test for excess errors) FAIL: gfortran.dg/complex_intrinsic_5.f90 execution test FAIL: gfortran.dg/complex_intrinsic_5.f90 execution test FAIL: gfortran.dg/complex_intrinsic_5.f90 execution test FAIL: gfortran.dg/complex_intrinsic_5.f90 execution test FAIL: gfortran.dg/complex_intrinsic_5.f90 execution test FAIL: gfortran.dg/complex_intrinsic_5.f90 execution test FAIL: gfortran.dg/complex_intrinsic_5.f90 execution test FAIL: gfortran.dg/complex_intrinsic_5.f90 execution test FAIL: gfortran.dg/ctrl-z.f90 (test for excess errors) FAIL: gfortran.dg/dev_null.F90 execution test FAIL: gfortran.dg/dev_null.F90 execution test FAIL: gfortran.dg/dev_null.F90 execution test FAIL: gfortran.dg/dev_null.F90 execution test FAIL: gfortran.dg/dev_null.F90 execution test FAIL: gfortran.dg/dev_null.F90 execution test FAIL: gfortran.dg/dev_null.F90 execution test FAIL: gfortran.dg/dev_null.F90 execution test FAIL: gfortran.dg/empty_label.f (test for excess errors) FAIL: gfortran.dg/empty_label.f90 (test for excess errors) FAIL: gfortran.dg/ftell_3.f90 execution test FAIL: gfortran.dg/ftell_3.f90 execution test FAIL: gfortran.dg/ftell_3.f90 execution test FAIL: gfortran.dg/ftell_3.f90 execution test FAIL: gfortran.dg/ftell_3.f90 execution test FAIL: gfortran.dg/ftell_3.f90 execution test FAIL: gfortran.dg/ftell_3.f90 execution test FAIL: gfortran.dg/ftell_3.f90 execution test FAIL: gfortran.dg/initialization_20.f90 (test for excess errors) FAIL: gfortran.dg/inquire_size.f90 execution test FAIL: gfortran.dg/inquire_size.f90 execution test FAIL: gfortran.dg/inquire_size.f90 execution test FAIL: gfortran.dg/inquire_size.f90 execution test FAIL: gfortran.dg/inquire_size.f90 execution test FAIL: gfortran.dg/inquire_size.f90 execution test FAIL: gfortran.dg/inquire_size.f90 execution test FAIL: gfortran.dg/inquire_size.f90 execution test XPASS: gfortran.dg/nint_2.f90 execution test FAIL: gfortran.dg/streamio_16.f90 execution test FAIL: gfortran.dg/streamio_16.f90 execution test FAIL: gfortran.dg/streamio_16.f90 execution test FAIL: gfortran.dg/streamio_16.f90 execution test FAIL: gfortran.dg/streamio_16.f90 execution test FAIL: gfortran.dg/streamio_16.f90 execution test FAIL: gfortran.dg/streamio_16.f90 execution test FAIL: gfortran.dg/streamio_16.f90 execution test FAIL: gfortran.dg/write_to_null.F90 execution test FAIL: gfortran.dg/write_to_null.F90 execution test FAIL: gfortran.dg/write_to_null.F90 execution test FAIL: gfortran.dg/write_to_null.F90 execution test FAIL: gfortran.dg/write_to_null.F90 execution test FAIL: gfortran.dg/write_to_null.F90 execution test FAIL: gfortran.dg/write_to_null.F90 execution test FAIL: gfortran.dg/write_to_null.F90 execution test

=== gfortran Summary ===

# of expected passes		33896
# of unexpected failures	53
# of unexpected successes	1
# of expected failures		20
# of unsupported tests		210
/projetos/gcc/bld/452/build/gcc/testsuite/gfortran/../../gfortran  version 4.5.2 (GCC)

=== gnat tests ===


Running target unix FAIL: gnat.dg/null_pointer_deref1.adb execution test FAIL: gnat.dg/stack_check1.adb execution test FAIL: gnat.dg/stack_check2.adb execution test FAIL: gnat.dg/test_raise_from_pure.adb execution test

=== gnat Summary ===

# of expected passes		761
# of unexpected failures	4
# of expected failures		7
		=== obj-c++ tests ===


Running target unix WARNING: obj-c++.dg/lookup-2.mm compilation failed to produce executable FAIL: obj-c++.dg/objc-gc-3.mm (test for excess errors) WARNING: obj-c++.dg/try-catch-2.mm compilation failed to produce executable WARNING: obj-c++.dg/try-catch-9.mm compilation failed to produce executable

=== obj-c++ Summary ===

# of expected passes		439
# of unexpected failures	1
# of expected failures		3
# of unsupported tests		14
/projetos/gcc/bld/452/build/gcc/testsuite/obj-c++/../../g++  version 4.5.2 (GCC)

=== objc tests ===


Running target unix FAIL: objc.dg/objc-gc-4.m (test for excess errors) WARNING: Could not execute objc.dg/gnu-encoding/struct-layout-encoding-1 generator

=== objc Summary ===

# of expected passes		1948
# of unexpected failures	1
# of unsupported tests		20
/projetos/gcc/bld/452/build/gcc/xgcc  version 4.5.2 (GCC)

=== libgomp tests ===


Running target unix FAIL: libgomp.c/lib-1.c execution test FAIL: libgomp.c++/pr26943.C (test for excess errors) WARNING: libgomp.c++/pr26943.C compilation failed to produce executable FAIL: libgomp.c++/pr26943.C (test for excess errors) WARNING: libgomp.c++/pr26943.C compilation failed to produce executable FAIL: libgomp.c++/pr26943.C (test for excess errors) WARNING: libgomp.c++/pr26943.C compilation failed to produce executable FAIL: libgomp.c++/pr26943.C (test for excess errors) WARNING: libgomp.c++/pr26943.C compilation failed to produce executable FAIL: libgomp.c++/pr26943.C (test for excess errors) WARNING: libgomp.c++/pr26943.C compilation failed to produce executable FAIL: libgomp.c++/pr26943.C (test for excess errors) WARNING: libgomp.c++/pr26943.C compilation failed to produce executable FAIL: libgomp.c++/pr26943.C (test for excess errors) WARNING: libgomp.c++/pr26943.C compilation failed to produce executable FAIL: libgomp.c++/pr26943.C (test for excess errors) WARNING: libgomp.c++/pr26943.C compilation failed to produce executable FAIL: libgomp.fortran/lib1.f90 execution test FAIL: libgomp.fortran/lib1.f90 execution test FAIL: libgomp.fortran/lib1.f90 execution test FAIL: libgomp.fortran/lib1.f90 execution test FAIL: libgomp.fortran/lib1.f90 execution test FAIL: libgomp.fortran/lib1.f90 execution test FAIL: libgomp.fortran/lib2.f execution test FAIL: libgomp.fortran/lib2.f execution test FAIL: libgomp.fortran/lib3.f execution test FAIL: libgomp.fortran/lib3.f execution test FAIL: libgomp.fortran/lib3.f execution test FAIL: libgomp.fortran/lib3.f execution test FAIL: libgomp.fortran/lib3.f execution test FAIL: libgomp.fortran/lib3.f execution test

=== libgomp Summary ===

# of expected passes		2475
# of unexpected failures	23
# of unsupported tests		2
		=== libstdc++ tests ===


Running target unix FAIL: 19_diagnostics/error_code/cons/1.cc (test for excess errors) WARNING: 19_diagnostics/error_code/cons/1.cc compilation failed to produce executable FAIL: 19_diagnostics/error_code/cons/1.cc (test for excess errors) WARNING: 19_diagnostics/error_code/cons/1.cc compilation failed to produce executable FAIL: 19_diagnostics/error_code/operators/bool.cc (test for excess errors) WARNING: 19_diagnostics/error_code/operators/bool.cc compilation failed to produce executable FAIL: 19_diagnostics/error_code/operators/bool.cc (test for excess errors) WARNING: 19_diagnostics/error_code/operators/bool.cc compilation failed to produce executable FAIL: 19_diagnostics/error_code/operators/equal.cc (test for excess errors) WARNING: 19_diagnostics/error_code/operators/equal.cc compilation failed to produce executable FAIL: 19_diagnostics/error_code/operators/equal.cc (test for excess errors) WARNING: 19_diagnostics/error_code/operators/equal.cc compilation failed to produce executable FAIL: 19_diagnostics/error_code/operators/not_equal.cc (test for excess errors) WARNING: 19_diagnostics/error_code/operators/not_equal.cc compilation failed to produce executable FAIL: 19_diagnostics/error_code/operators/not_equal.cc (test for excess errors) WARNING: 19_diagnostics/error_code/operators/not_equal.cc compilation failed to produce executable FAIL: 19_diagnostics/error_condition/cons/1.cc (test for excess errors) WARNING: 19_diagnostics/error_condition/cons/1.cc compilation failed to produce executable FAIL: 19_diagnostics/error_condition/cons/1.cc (test for excess errors) WARNING: 19_diagnostics/error_condition/cons/1.cc compilation failed to produce executable FAIL: 19_diagnostics/error_condition/operators/bool.cc (test for excess errors) WARNING: 19_diagnostics/error_condition/operators/bool.cc compilation failed to produce executable FAIL: 19_diagnostics/error_condition/operators/bool.cc (test for excess errors) WARNING: 19_diagnostics/error_condition/operators/bool.cc compilation failed to produce executable FAIL: 19_diagnostics/error_condition/operators/equal.cc (test for excess errors) WARNING: 19_diagnostics/error_condition/operators/equal.cc compilation failed to produce executable FAIL: 19_diagnostics/error_condition/operators/equal.cc (test for excess errors) WARNING: 19_diagnostics/error_condition/operators/equal.cc compilation failed to produce executable FAIL: 19_diagnostics/error_condition/operators/not_equal.cc (test for excess errors) WARNING: 19_diagnostics/error_condition/operators/not_equal.cc compilation failed to produce executable FAIL: 19_diagnostics/error_condition/operators/not_equal.cc (test for excess errors) WARNING: 19_diagnostics/error_condition/operators/not_equal.cc compilation failed to produce executable FAIL: 19_diagnostics/headers/system_error/errc_std_c++0x.cc (test for excess errors) FAIL: 19_diagnostics/headers/system_error/errc_std_c++0x.cc (test for excess errors) FAIL: 19_diagnostics/system_error/39880.cc (test for excess errors) FAIL: 19_diagnostics/system_error/cons-1.cc (test for excess errors) WARNING: 19_diagnostics/system_error/cons-1.cc compilation failed to produce executable WARNING: program timed out. FAIL: 21_strings/basic_string/cons/char/1.cc execution test WARNING: program timed out. FAIL: 21_strings/basic_string/cons/wchar_t/1.cc execution test WARNING: program timed out. FAIL: 21_strings/basic_string/cons/wchar_t/1.cc execution test FAIL: 22_locale/num_put/put/char/6.cc execution test FAIL: 22_locale/num_put/put/char/6.cc execution test FAIL: 22_locale/num_put/put/char/6.cc execution test FAIL: 22_locale/num_put/put/wchar_t/6.cc execution test FAIL: 22_locale/num_put/put/wchar_t/6.cc execution test FAIL: 22_locale/num_put/put/wchar_t/6.cc execution test FAIL: 22_locale/time_put/put/char/1.cc execution test FAIL: 22_locale/time_put/put/char/1.cc execution test FAIL: 22_locale/time_put/put/char/1.cc execution test FAIL: 22_locale/time_put/put/wchar_t/1.cc execution test FAIL: 22_locale/time_put/put/wchar_t/1.cc execution test FAIL: 22_locale/time_put/put/wchar_t/1.cc execution test FAIL: 26_numerics/headers/cmath/c99_classification_macros_c.cc (test for excess errors) FAIL: 26_numerics/headers/cmath/c99_classification_macros_c.cc (test for excess errors) FAIL: 26_numerics/random/random_device/cons/default.cc execution test FAIL: 26_numerics/random/random_device/cons/default.cc execution test FAIL: 26_numerics/random/random_device/cons/default.cc execution test FAIL: 26_numerics/random/random_device/cons/token.cc execution test FAIL: 26_numerics/random/random_device/cons/token.cc execution test FAIL: 26_numerics/random/random_device/cons/token.cc execution test FAIL: 27_io/basic_filebuf/seekpos/char/1-io.cc execution test FAIL: 27_io/basic_filebuf/seekpos/char/1-io.cc execution test FAIL: 27_io/basic_filebuf/seekpos/char/2-io.cc execution test FAIL: 27_io/basic_filebuf/seekpos/char/2-io.cc execution test FAIL: 27_io/basic_istream/ignore/wchar_t/1.cc (test for excess errors) WARNING: 27_io/basic_istream/ignore/wchar_t/1.cc compilation failed to produce executable FAIL: 27_io/basic_istream/ignore/wchar_t/1.cc (test for excess errors) WARNING: 27_io/basic_istream/ignore/wchar_t/1.cc compilation failed to produce executable FAIL: 27_io/basic_istream/ignore/wchar_t/1.cc (test for excess errors) WARNING: 27_io/basic_istream/ignore/wchar_t/1.cc compilation failed to produce executable FAIL: 27_io/basic_istream/ignore/wchar_t/2.cc (test for excess errors) WARNING: 27_io/basic_istream/ignore/wchar_t/2.cc compilation failed to produce executable FAIL: 27_io/basic_istream/ignore/wchar_t/2.cc (test for excess errors) WARNING: 27_io/basic_istream/ignore/wchar_t/2.cc compilation failed to produce executable FAIL: 27_io/basic_istream/ignore/wchar_t/2.cc (test for excess errors) WARNING: 27_io/basic_istream/ignore/wchar_t/2.cc compilation failed to produce executable FAIL: 27_io/basic_istream/ignore/wchar_t/7220.cc (test for excess errors) WARNING: 27_io/basic_istream/ignore/wchar_t/7220.cc compilation failed to produce executable FAIL: 27_io/basic_istream/ignore/wchar_t/7220.cc (test for excess errors) WARNING: 27_io/basic_istream/ignore/wchar_t/7220.cc compilation failed to produce executable FAIL: 27_io/basic_istream/ignore/wchar_t/7220.cc (test for excess errors) WARNING: 27_io/basic_istream/ignore/wchar_t/7220.cc compilation failed to produce executable FAIL: 27_io/basic_istream/peek/wchar_t/1.cc (test for excess errors) WARNING: 27_io/basic_istream/peek/wchar_t/1.cc compilation failed to produce executable FAIL: 27_io/basic_istream/peek/wchar_t/1.cc (test for excess errors) WARNING: 27_io/basic_istream/peek/wchar_t/1.cc compilation failed to produce executable FAIL: 27_io/basic_istream/peek/wchar_t/1.cc (test for excess errors) WARNING: 27_io/basic_istream/peek/wchar_t/1.cc compilation failed to produce executable FAIL: 27_io/basic_ostream/inserters_arithmetic/char/1.cc execution test FAIL: 27_io/basic_ostream/inserters_arithmetic/char/1.cc execution test FAIL: 27_io/basic_ostream/inserters_arithmetic/char/1.cc execution test FAIL: 27_io/basic_ostream/inserters_arithmetic/char/4402.cc execution test FAIL: 27_io/basic_ostream/inserters_arithmetic/char/4402.cc execution test FAIL: 27_io/basic_ostream/inserters_arithmetic/char/4402.cc execution test FAIL: 27_io/basic_ostream/inserters_arithmetic/wchar_t/1.cc execution test FAIL: 27_io/basic_ostream/inserters_arithmetic/wchar_t/1.cc execution test FAIL: 27_io/basic_ostream/inserters_arithmetic/wchar_t/1.cc execution test FAIL: 27_io/basic_ostream/seekp/wchar_t/2346-fstream.cc (test for excess errors) WARNING: 27_io/basic_ostream/seekp/wchar_t/2346-fstream.cc compilation failed to produce executable FAIL: 27_io/basic_ostream/seekp/wchar_t/2346-fstream.cc (test for excess errors) WARNING: 27_io/basic_ostream/seekp/wchar_t/2346-fstream.cc compilation failed to produce executable FAIL: 27_io/basic_ostream/seekp/wchar_t/2346-fstream.cc (test for excess errors) WARNING: 27_io/basic_ostream/seekp/wchar_t/2346-fstream.cc compilation failed to produce executable FAIL: 27_io/basic_ostream/seekp/wchar_t/2346-sstream.cc (test for excess errors) WARNING: 27_io/basic_ostream/seekp/wchar_t/2346-sstream.cc compilation failed to produce executable FAIL: 27_io/basic_ostream/seekp/wchar_t/2346-sstream.cc (test for excess errors) WARNING: 27_io/basic_ostream/seekp/wchar_t/2346-sstream.cc compilation failed to produce executable FAIL: 27_io/basic_ostream/seekp/wchar_t/2346-sstream.cc (test for excess errors) WARNING: 27_io/basic_ostream/seekp/wchar_t/2346-sstream.cc compilation failed to produce executable FAIL: 27_io/ios_base/storage/11584.cc execution test FAIL: 27_io/ios_base/storage/11584.cc execution test FAIL: ext/codecvt/wchar_t.cc execution test FAIL: ext/mt_allocator/check_new.cc execution test FAIL: ext/pool_allocator/check_new.cc execution test FAIL: tr1/5_numerical_facilities/random/random_device/cons/default.cc execution test FAIL: tr1/5_numerical_facilities/random/random_device/cons/default.cc execution test FAIL: tr1/5_numerical_facilities/random/random_device/cons/default.cc execution test FAIL: tr1/5_numerical_facilities/random/random_device/cons/default.cc execution test FAIL: tr1/5_numerical_facilities/random/random_device/cons/token.cc execution test FAIL: tr1/5_numerical_facilities/random/random_device/cons/token.cc execution test FAIL: tr1/5_numerical_facilities/random/random_device/cons/token.cc execution test FAIL: tr1/5_numerical_facilities/random/random_device/cons/token.cc execution test FAIL: tr1/5_numerical_facilities/special_functions/01_assoc_laguerre/check_value.cc (test for excess errors) FAIL: tr1/5_numerical_facilities/special_functions/01_assoc_laguerre/check_value.cc (test for excess errors) FAIL: tr1/5_numerical_facilities/special_functions/01_assoc_laguerre/check_value.cc (test for excess errors) FAIL: tr1/5_numerical_facilities/special_functions/14_ellint_3/check_value.cc (test for excess errors) FAIL: tr1/5_numerical_facilities/special_functions/14_ellint_3/check_value.cc (test for excess errors) FAIL: tr1/5_numerical_facilities/special_functions/14_ellint_3/check_value.cc (test for excess errors)

=== libstdc++ Summary ===

# of expected passes		14896
# of unexpected failures	93
# of expected failures		196
# of unsupported tests		1545

Compiler version: 4.5.2 (GCC)
Platform: i386-pc-mingw32
configure flags: --enable-languages=c,c++,ada,fortran,objc,obj-c++ --disable-sjlj-exceptions --with-dwarf2 --enable-shared --enable-libgomp --disable-win32-registry --enable-libstdcxx-debug --enable-version-specific-runtime-libs --disable-werror --build=mingw32 --prefix=/mingw


Index Nav: [Date Index] [Subject Index] [Author Index] [Thread Index]
Message Nav: [Date Prev] [Date Next] [Thread Prev] [Thread Next]