This is the mail archive of the
gcc-testresults@gcc.gnu.org
mailing list for the GCC project.
Results for 4.6.0 20110108 (experimental) (GCC) testsuite on powerpc64-unknown-linux-gnu
- From: Mikael Pettersson <mikpe at it dot uu dot se>
- To: gcc-testresults at gcc dot gnu dot org
- Date: Wed, 12 Jan 2011 09:33:55 +0100
- Subject: Results for 4.6.0 20110108 (experimental) (GCC) testsuite on powerpc64-unknown-linux-gnu
LAST_UPDATED: Obtained from SVN: trunk revision 168603
Native configuration is powerpc64-unknown-linux-gnu
=== g++ tests ===
Running target unix
WARNING: program timed out.
FAIL: g++.dg/bprob/g++-bprob-2.C execution, -Os -fprofile-use
FAIL: tmpdir-g++.dg-struct-layout-1/t026 cp_compat_x_tst.o-cp_compat_y_tst.o execute
FAIL: tmpdir-g++.dg-struct-layout-1/t028 cp_compat_x_tst.o-cp_compat_y_tst.o execute
FAIL: tmpdir-g++.dg-struct-layout-1/t029 cp_compat_x_tst.o-cp_compat_y_tst.o execute
FAIL: g++.dg/ext/altivec-15.C (test for excess errors)
FAIL: g++.dg/ipa/pr46984.C (test for excess errors)
WARNING: g++.dg/ipa/pr46984.C compilation failed to produce executable
FAIL: g++.dg/template/char1.C (test for warnings, line 4)
FAIL: g++.dg/guality/redeclaration1.C -O0 line 17 i == 24
FAIL: g++.dg/guality/redeclaration1.C -O1 line 17 i == 24
FAIL: g++.dg/guality/redeclaration1.C -O2 line 17 i == 24
FAIL: g++.dg/guality/redeclaration1.C -O3 -fomit-frame-pointer line 17 i == 24
FAIL: g++.dg/guality/redeclaration1.C -O3 -g line 17 i == 24
FAIL: g++.dg/guality/redeclaration1.C -Os line 17 i == 24
=== g++ Summary ===
# of expected passes 24881
# of unexpected failures 13
# of expected failures 156
# of unsupported tests 319
/mnt/archive/objdir46/gcc/testsuite/g++/../../g++ version 4.6.0 20110108 (experimental) (GCC)
=== gcc tests ===
Running target unix
FAIL: gcc.c-torture/compile/limits-exprparen.c -O0 (internal compiler error)
FAIL: gcc.c-torture/compile/limits-exprparen.c -O0 (test for excess errors)
FAIL: gcc.c-torture/compile/limits-exprparen.c -O1 (internal compiler error)
FAIL: gcc.c-torture/compile/limits-exprparen.c -O1 (test for excess errors)
FAIL: gcc.c-torture/compile/limits-exprparen.c -O2 (internal compiler error)
FAIL: gcc.c-torture/compile/limits-exprparen.c -O2 (test for excess errors)
FAIL: gcc.c-torture/compile/limits-exprparen.c -O3 -fomit-frame-pointer (internal compiler error)
FAIL: gcc.c-torture/compile/limits-exprparen.c -O3 -fomit-frame-pointer (test for excess errors)
FAIL: gcc.c-torture/compile/limits-exprparen.c -O3 -g (internal compiler error)
FAIL: gcc.c-torture/compile/limits-exprparen.c -O3 -g (test for excess errors)
FAIL: gcc.c-torture/compile/limits-exprparen.c -Os (internal compiler error)
FAIL: gcc.c-torture/compile/limits-exprparen.c -Os (test for excess errors)
FAIL: gcc.dg/compat/vector-1 c_compat_x_tst.o-c_compat_y_tst.o execute
FAIL: gcc.dg/compat/vector-2 c_compat_x_tst.o-c_compat_y_tst.o execute
FAIL: tmpdir-gcc.dg-struct-layout-1/t025 c_compat_x_tst.o-c_compat_y_tst.o execute
FAIL: tmpdir-gcc.dg-struct-layout-1/t028 c_compat_x_tst.o-c_compat_y_tst.o execute
FAIL: gcc.dg/and-1.c scan-assembler-not nand
FAIL: gcc.dg/cproj-fails-with-broken-glibc.c execution test
FAIL: gcc.dg/pr46909.c scan-tree-dump ifcombine "optimizing two comparisons to x_[0-9]+\\(D\\) != 4"
FAIL: gcc.dg/sms-2.c scan-rtl-dump-times sms "SMS succeeded" 1
FAIL: gcc.dg/sms-3.c scan-rtl-dump-times sms "SMS succeeded" 1
FAIL: gcc.dg/sms-4.c scan-rtl-dump-times sms "SMS succeeded" 1
FAIL: gcc.dg/sms-5.c scan-rtl-dump-times sms "SMS succeeded" 1
FAIL: gcc.dg/sms-6.c scan-rtl-dump-times sms "SMS succeeded" 3
FAIL: gcc.dg/sms-7.c scan-rtl-dump-times sms "SMS succeeded" 3
FAIL: gcc.dg/sms-8.c scan-rtl-dump-times sms "SMS succeeded" 1
XPASS: gcc.dg/guality/example.c -O0 execution test
XPASS: gcc.dg/guality/example.c -O1 execution test
XPASS: gcc.dg/guality/example.c -O2 execution test
XPASS: gcc.dg/guality/example.c -Os execution test
XPASS: gcc.dg/guality/guality.c -O0 execution test
XPASS: gcc.dg/guality/guality.c -O1 execution test
XPASS: gcc.dg/guality/guality.c -O2 execution test
XPASS: gcc.dg/guality/guality.c -O3 -fomit-frame-pointer execution test
XPASS: gcc.dg/guality/guality.c -O3 -g execution test
XPASS: gcc.dg/guality/guality.c -Os execution test
XPASS: gcc.dg/guality/inline-params.c -O2 execution test
XPASS: gcc.dg/guality/inline-params.c -O3 -fomit-frame-pointer execution test
XPASS: gcc.dg/guality/inline-params.c -O3 -g execution test
XPASS: gcc.dg/guality/inline-params.c -Os execution test
FAIL: gcc.dg/guality/pr36728-1.c -O1 line 12 arg7 == 30
FAIL: gcc.dg/guality/pr36728-1.c -O1 line 14 arg7 == 30
FAIL: gcc.dg/guality/pr36728-1.c -O2 line 12 arg7 == 30
FAIL: gcc.dg/guality/pr36728-1.c -O2 line 14 arg7 == 30
FAIL: gcc.dg/guality/pr36728-1.c -O3 -fomit-frame-pointer line 12 arg7 == 30
FAIL: gcc.dg/guality/pr36728-1.c -O3 -fomit-frame-pointer line 14 arg7 == 30
FAIL: gcc.dg/guality/pr36728-1.c -O3 -g line 12 arg7 == 30
FAIL: gcc.dg/guality/pr36728-1.c -O3 -g line 14 arg7 == 30
FAIL: gcc.dg/guality/pr36728-1.c -Os line 12 arg7 == 30
FAIL: gcc.dg/guality/pr36728-1.c -Os line 14 arg7 == 30
FAIL: gcc.dg/guality/pr36728-2.c -O1 line 12 arg7 == 30
FAIL: gcc.dg/guality/pr36728-2.c -O1 line 14 arg7 == 30
FAIL: gcc.dg/guality/pr36728-2.c -O2 line 12 arg7 == 30
FAIL: gcc.dg/guality/pr36728-2.c -O2 line 14 arg7 == 30
FAIL: gcc.dg/guality/pr36728-2.c -O3 -fomit-frame-pointer line 12 arg7 == 30
FAIL: gcc.dg/guality/pr36728-2.c -O3 -fomit-frame-pointer line 14 arg7 == 30
FAIL: gcc.dg/guality/pr36728-2.c -O3 -g line 12 arg7 == 30
FAIL: gcc.dg/guality/pr36728-2.c -O3 -g line 14 arg7 == 30
FAIL: gcc.dg/guality/pr36728-2.c -Os line 12 arg7 == 30
FAIL: gcc.dg/guality/pr36728-2.c -Os line 14 arg7 == 30
XPASS: gcc.dg/guality/pr41353-1.c -O0 line 28 j == 28 + 37
XPASS: gcc.dg/guality/pr41353-1.c -O1 line 28 j == 28 + 37
XPASS: gcc.dg/guality/pr41353-1.c -O2 line 28 j == 28 + 37
XPASS: gcc.dg/guality/pr41353-1.c -O3 -fomit-frame-pointer line 28 j == 28 + 37
XPASS: gcc.dg/guality/pr41353-1.c -O3 -g line 28 j == 28 + 37
XPASS: gcc.dg/guality/pr41353-1.c -Os line 28 j == 28 + 37
XPASS: gcc.dg/guality/pr41447-1.c -O0 execution test
XPASS: gcc.dg/guality/pr41447-1.c -O1 execution test
XPASS: gcc.dg/guality/pr41447-1.c -O2 execution test
XPASS: gcc.dg/guality/pr41447-1.c -O3 -fomit-frame-pointer execution test
XPASS: gcc.dg/guality/pr41447-1.c -O3 -g execution test
XPASS: gcc.dg/guality/pr41447-1.c -Os execution test
XPASS: gcc.dg/guality/pr41616-1.c -O0 execution test
XPASS: gcc.dg/guality/pr41616-1.c -O1 execution test
XPASS: gcc.dg/guality/pr41616-1.c -O2 execution test
XPASS: gcc.dg/guality/pr41616-1.c -O3 -fomit-frame-pointer execution test
XPASS: gcc.dg/guality/pr41616-1.c -O3 -g execution test
XPASS: gcc.dg/guality/pr41616-1.c -Os execution test
FAIL: gcc.dg/guality/pr43077-1.c -O1 line 42 c == 3
FAIL: gcc.dg/guality/sra-1.c -O1 line 21 a.j == 14
FAIL: gcc.dg/guality/sra-1.c -O2 line 21 a.j == 14
FAIL: gcc.dg/guality/sra-1.c -O3 -fomit-frame-pointer line 21 a.j == 14
FAIL: gcc.dg/guality/sra-1.c -O3 -g line 21 a.j == 14
FAIL: gcc.dg/guality/sra-1.c -Os line 21 a.j == 14
FAIL: gcc.dg/guality/vla-1.c -O1 line 17 sizeof (a) == 6
FAIL: gcc.dg/guality/vla-1.c -O1 line 24 sizeof (a) == 17 * sizeof (short)
FAIL: gcc.dg/guality/vla-1.c -O2 line 17 sizeof (a) == 6
FAIL: gcc.dg/guality/vla-1.c -O2 line 24 sizeof (a) == 17 * sizeof (short)
FAIL: gcc.dg/guality/vla-1.c -O3 -fomit-frame-pointer line 17 sizeof (a) == 6
FAIL: gcc.dg/guality/vla-1.c -O3 -fomit-frame-pointer line 24 sizeof (a) == 17 * sizeof (short)
FAIL: gcc.dg/guality/vla-1.c -O3 -g line 17 sizeof (a) == 6
FAIL: gcc.dg/guality/vla-1.c -O3 -g line 24 sizeof (a) == 17 * sizeof (short)
FAIL: gcc.dg/guality/vla-1.c -Os line 17 sizeof (a) == 6
FAIL: gcc.dg/guality/vla-1.c -Os line 24 sizeof (a) == 17 * sizeof (short)
FAIL: gcc.dg/guality/vla-2.c -O1 line 25 sizeof (a) == 6 * sizeof (int)
FAIL: gcc.dg/guality/vla-2.c -O2 line 25 sizeof (a) == 6 * sizeof (int)
FAIL: gcc.dg/guality/vla-2.c -O3 -fomit-frame-pointer line 25 sizeof (a) == 6 * sizeof (int)
FAIL: gcc.dg/guality/vla-2.c -O3 -g line 25 sizeof (a) == 6 * sizeof (int)
FAIL: gcc.dg/torture/va-arg-25.c -O0 (test for excess errors)
FAIL: gcc.dg/torture/va-arg-25.c -O1 (test for excess errors)
FAIL: gcc.dg/torture/va-arg-25.c -O2 (test for excess errors)
FAIL: gcc.dg/torture/va-arg-25.c -O3 -fomit-frame-pointer (test for excess errors)
FAIL: gcc.dg/torture/va-arg-25.c -O3 -g (test for excess errors)
FAIL: gcc.dg/torture/va-arg-25.c -Os (test for excess errors)
FAIL: gcc.dg/torture/vector-1.c -O0 (test for excess errors)
FAIL: gcc.dg/torture/vector-1.c -O1 (test for excess errors)
FAIL: gcc.dg/torture/vector-1.c -O2 (test for excess errors)
FAIL: gcc.dg/torture/vector-1.c -O3 -fomit-frame-pointer (test for excess errors)
FAIL: gcc.dg/torture/vector-1.c -O3 -g (test for excess errors)
FAIL: gcc.dg/torture/vector-1.c -Os (test for excess errors)
FAIL: gcc.dg/torture/vector-2.c -O0 (test for excess errors)
FAIL: gcc.dg/torture/vector-2.c -O1 (test for excess errors)
FAIL: gcc.dg/torture/vector-2.c -O2 (test for excess errors)
FAIL: gcc.dg/torture/vector-2.c -O3 -fomit-frame-pointer (test for excess errors)
FAIL: gcc.dg/torture/vector-2.c -O3 -g (test for excess errors)
FAIL: gcc.dg/torture/vector-2.c -Os (test for excess errors)
FAIL: gcc.dg/tree-ssa/foldconst-2.c scan-tree-dump-not optimized "fundamentals.0"
FAIL: gcc.dg/tree-ssa/vrp47.c scan-tree-dump-times vrp1 "[xy][^ ]* !=" 0
FAIL: gcc.dg/tree-ssa/vrp47.c scan-tree-dump-times dom1 "x[^ ]* & y" 1
FAIL: gcc.target/powerpc/405-dlmzb-strlen-1.c scan-assembler dlmzb\\\\.
FAIL: gcc.target/powerpc/440-dlmzb-strlen-1.c scan-assembler dlmzb\\\\.
FAIL: gcc.target/powerpc/ppc-vector-memcpy.c scan-assembler lvx
=== gcc Summary ===
# of expected passes 62251
# of unexpected failures 90
# of unexpected successes 32
# of expected failures 197
# of unsupported tests 948
/mnt/archive/objdir46/gcc/xgcc version 4.6.0 20110108 (experimental) (GCC)
=== gfortran tests ===
Running target unix
XPASS: gfortran.dg/nint_2.f90 -O0 execution test
=== gfortran Summary ===
# of expected passes 37337
# of unexpected successes 1
# of expected failures 66
# of unsupported tests 204
/mnt/archive/objdir46/gcc/testsuite/gfortran/../../gfortran version 4.6.0 20110108 (experimental) (GCC)
=== obj-c++ tests ===
Running target unix
WARNING: obj-c++.dg/try-catch-2.mm -fgnu-runtime compilation failed to produce executable
WARNING: obj-c++.dg/try-catch-9.mm -fgnu-runtime compilation failed to produce executable
=== obj-c++ Summary ===
# of expected passes 1305
# of expected failures 2
# of unsupported tests 68
/mnt/archive/objdir46/gcc/testsuite/obj-c++/../../g++ version 4.6.0 20110108 (experimental) (GCC)
=== objc tests ===
Running target unix
XPASS: objc.dg-struct-layout-encoding-1/t025_main.m execution test
XPASS: objc.dg-struct-layout-encoding-1/t026_main.m execution test
XPASS: objc.dg-struct-layout-encoding-1/t027_main.m execution test
XPASS: objc.dg-struct-layout-encoding-1/t028_main.m execution test
XPASS: objc.dg-struct-layout-encoding-1/t029_main.m execution test
XPASS: objc.dg-struct-layout-encoding-1/t030_main.m execution test
XPASS: objc.dg-struct-layout-encoding-1/t031_main.m execution test
=== objc Summary ===
# of expected passes 2816
# of unexpected successes 7
# of expected failures 8
# of unsupported tests 62
/mnt/archive/objdir46/gcc/xgcc version 4.6.0 20110108 (experimental) (GCC)
=== libffi tests ===
Running target unix
=== libffi Summary ===
# of expected passes 1634
# of expected failures 10
# of unsupported tests 15
=== libgomp tests ===
Running target unix
=== libgomp Summary ===
# of expected passes 2526
=== libjava tests ===
Running target unix
=== libjava Summary ===
# of expected passes 2574
=== libstdc++ tests ===
Running target unix
FAIL: libstdc++-abi/abi_check
=== libstdc++ Summary ===
# of expected passes 8238
# of unexpected failures 1
# of expected failures 85
# of unsupported tests 108
Compiler version: 4.6.0 20110108 (experimental) (GCC)
Platform: powerpc64-unknown-linux-gnu
configure flags: --with-gmp=/home/mikpe/pkgs/linux-ppc64/gmp-4.3.2 --with-mpfr=/home/mikpe/pkgs/linux-ppc64/mpfr-2.4.2 --with-mpc=/home/mikpe/pkgs/linux-ppc64/mpc-0.8.2 --disable-plugin --disable-lto --disable-nls --enable-threads=posix --with-cpu=default32 --enable-checking=release --disable-libmudflap --enable-languages=c,c++,objc,obj-c++,java,fortran
BOOT_CFLAGS=-g -O2
** LOCAL PATCHES APPLIED **
Reverted r168585 and r168569 to unbreak java (PR bootstrap/47215)