This is the mail archive of the gcc-testresults@gcc.gnu.org mailing list for the GCC project.


Index Nav: [Date Index] [Subject Index] [Author Index] [Thread Index]
Message Nav: [Date Prev] [Date Next] [Thread Prev] [Thread Next]
Other format: [Raw text]

Results for 4.5.2 (GCC) testsuite on alpha-dec-osf5.1b


LAST_UPDATED: Obtained from SVN: tags/gcc_4_5_2_release revision 167946

Native configuration is alpha-dec-osf5.1b

		=== libffi tests ===


Running target unix
FAIL: libffi.call/huge_struct.c -O0 -W -Wall execution test
FAIL: libffi.call/huge_struct.c -O2 execution test
FAIL: libffi.call/huge_struct.c -O3 execution test
FAIL: libffi.call/huge_struct.c -Os execution test
FAIL: libffi.call/huge_struct.c -O2 -fomit-frame-pointer execution test
FAIL: libffi.special/unwindtest.cc  -shared-libgcc -lstdc++ execution test
FAIL: libffi.special/unwindtest_ffi_call.cc  -shared-libgcc -lstdc++ execution test
FAIL: libffi.special/unwindtest.cc  -shared-libgcc -lstdc++ execution test
FAIL: libffi.special/unwindtest_ffi_call.cc  -shared-libgcc -lstdc++ execution test
FAIL: libffi.special/unwindtest.cc  -shared-libgcc -lstdc++ execution test
FAIL: libffi.special/unwindtest_ffi_call.cc  -shared-libgcc -lstdc++ execution test
FAIL: libffi.special/unwindtest.cc  -shared-libgcc -lstdc++ execution test
FAIL: libffi.special/unwindtest_ffi_call.cc  -shared-libgcc -lstdc++ execution test

		=== libffi Summary ===

# of expected passes		1608
# of unexpected failures	13
# of expected failures		10
# of unsupported tests		15
		=== libgomp tests ===


Running target unix

		=== libgomp Summary ===

# of expected passes		2506
# of unsupported tests		2
		=== libjava tests ===


Running target unix
FAIL: noclass execution - gij test
FAIL: pr11951 run
FAIL: throwit execution - gij test
FAIL: PR16923 run
FAIL: pr29812 execution - gij test
FAIL: ExtraClassLoader execution - source compiled test
FAIL: ExtraClassLoader -findirect-dispatch execution - source compiled test
FAIL: ExtraClassLoader -O3 execution - source compiled test
FAIL: ExtraClassLoader -O3 -findirect-dispatch execution - source compiled test
FAIL: Throw_2 execution - source compiled test
FAIL: Throw_2 -findirect-dispatch execution - source compiled test
FAIL: Throw_2 -O3 execution - source compiled test
FAIL: Throw_2 -O3 -findirect-dispatch execution - source compiled test
FAIL: invokethrow execution - source compiled test
FAIL: invokethrow -findirect-dispatch execution - source compiled test
FAIL: invokethrow -O3 execution - source compiled test
FAIL: invokethrow -O3 -findirect-dispatch execution - source compiled test
FAIL: md5test output - source compiled test
FAIL: md5test -findirect-dispatch output - source compiled test
FAIL: md5test -O3 output - source compiled test
FAIL: md5test -O3 -findirect-dispatch output - source compiled test
FAIL: shatest execution - source compiled test
FAIL: shatest -findirect-dispatch execution - source compiled test
FAIL: shatest -O3 execution - source compiled test
FAIL: shatest -O3 -findirect-dispatch execution - source compiled test

		=== libjava Summary ===

# of expected passes		2528
# of unexpected failures	25
# of untested testcases		21
		=== libstdc++ tests ===


Running target unix
FAIL: ext/profile/all.cc (test for excess errors)

		=== libstdc++ Summary ===

# of expected passes		6320
# of unexpected failures	1
# of expected failures		86
# of unsupported tests		632

		=== libstdc++ Summary ===

		=== acats tests ===
FAIL:	c250002
FAIL:	cb1010a
FAIL:	cb1010c
FAIL:	cb1010d
FAIL:	cxa5a03
FAIL:	cxg2017
FAIL:	cxg2020

		=== acats Summary ===
# of expected passes		2314
# of unexpected failures	7

		=== g++ tests ===


Running target unix
FAIL: tmpdir-g++.dg-struct-layout-1/t024 cp_compat_x_tst.o-cp_compat_y_tst.o execute 
FAIL: tmpdir-g++.dg-struct-layout-1/t026 cp_compat_x_tst.o-cp_compat_y_tst.o execute 
FAIL: tmpdir-g++.dg-struct-layout-1/t027 cp_compat_x_tst.o-cp_compat_y_tst.o execute 
FAIL: tmpdir-g++.dg-struct-layout-1/t028 cp_compat_x_tst.o-cp_compat_y_tst.o execute 
FAIL: tmpdir-g++.dg-struct-layout-1/t029 cp_compat_x_tst.o-cp_compat_y_tst.o execute 
FAIL: tmpdir-g++.dg-struct-layout-1/t030 cp_compat_x_tst.o-cp_compat_y_tst.o execute 
FAIL: g++.dg/abi/local1.C execution test
WARNING: g++.dg/ext/label13.C compilation failed to produce executable
FAIL: g++.dg/other/unused1.C scan-assembler (string|ascii?)z?[\\t ]"printer("|\\\\\\\\0)

		=== g++ Summary ===

# of expected passes		20579
# of unexpected failures	8
# of expected failures		154
# of unsupported tests		307
/var/gcc/gcc-4.5.2/5.1b-gcc/gcc/testsuite/g++/../../g++  version 4.5.2 (GCC) 

		=== gcc tests ===


Running target unix
WARNING: program timed out.
FAIL: gcc.c-torture/compile/limits-structnest.c  -O2  (test for excess errors)
FAIL: tmpdir-gcc.dg-struct-layout-1/t001 c_compat_x_tst.o-c_compat_y_tst.o execute 
FAIL: tmpdir-gcc.dg-struct-layout-1/t002 c_compat_x_tst.o-c_compat_y_tst.o execute 
FAIL: tmpdir-gcc.dg-struct-layout-1/t003 c_compat_x_tst.o-c_compat_y_tst.o execute 
FAIL: tmpdir-gcc.dg-struct-layout-1/t004 c_compat_x_tst.o-c_compat_y_tst.o execute 
FAIL: tmpdir-gcc.dg-struct-layout-1/t005 c_compat_x_tst.o-c_compat_y_tst.o execute 
FAIL: tmpdir-gcc.dg-struct-layout-1/t006 c_compat_x_tst.o-c_compat_y_tst.o execute 
FAIL: tmpdir-gcc.dg-struct-layout-1/t007 c_compat_x_tst.o-c_compat_y_tst.o execute 
FAIL: tmpdir-gcc.dg-struct-layout-1/t008 c_compat_x_tst.o-c_compat_y_tst.o execute 
FAIL: tmpdir-gcc.dg-struct-layout-1/t009 c_compat_x_tst.o-c_compat_y_tst.o execute 
FAIL: tmpdir-gcc.dg-struct-layout-1/t010 c_compat_x_tst.o-c_compat_y_tst.o execute 
FAIL: tmpdir-gcc.dg-struct-layout-1/t011 c_compat_x_tst.o-c_compat_y_tst.o execute 
FAIL: tmpdir-gcc.dg-struct-layout-1/t012 c_compat_x_tst.o-c_compat_y_tst.o execute 
FAIL: tmpdir-gcc.dg-struct-layout-1/t013 c_compat_x_tst.o-c_compat_y_tst.o execute 
FAIL: tmpdir-gcc.dg-struct-layout-1/t014 c_compat_x_tst.o-c_compat_y_tst.o execute 
FAIL: tmpdir-gcc.dg-struct-layout-1/t015 c_compat_x_tst.o-c_compat_y_tst.o execute 
FAIL: tmpdir-gcc.dg-struct-layout-1/t017 c_compat_x_tst.o-c_compat_y_tst.o execute 
FAIL: tmpdir-gcc.dg-struct-layout-1/t018 c_compat_x_tst.o-c_compat_y_tst.o execute 
FAIL: tmpdir-gcc.dg-struct-layout-1/t024 c_compat_x_tst.o-c_compat_y_tst.o execute 
FAIL: tmpdir-gcc.dg-struct-layout-1/t025 c_compat_x_tst.o-c_compat_y_tst.o execute 
FAIL: tmpdir-gcc.dg-struct-layout-1/t026 c_compat_x_tst.o-c_compat_y_tst.o execute 
FAIL: tmpdir-gcc.dg-struct-layout-1/t027 c_compat_x_tst.o-c_compat_y_tst.o execute 
FAIL: tmpdir-gcc.dg-struct-layout-1/t028 c_compat_x_tst.o-c_compat_y_tst.o execute 
FAIL: gcc.dg/array-quals-1.c scan-assembler-not \\\\.data(?!\\\\.rel\\\\.ro)
FAIL: gcc.dg/pr17957.c (test for excess errors)
FAIL: gcc.dg/pr36224.c (test for excess errors)
WARNING: program timed out.
FAIL: largefile.c  -O0 -g -I. (test for excess errors)
FAIL: gcc.dg/pch/largefile.c -O0 -g assembly comparison
WARNING: program timed out.
FAIL: largefile.c   -O0  -I. (test for excess errors)
FAIL: gcc.dg/pch/largefile.c  -O0  assembly comparison
WARNING: program timed out.
FAIL: largefile.c   -O1  -I. (test for excess errors)
FAIL: gcc.dg/pch/largefile.c  -O1  assembly comparison
WARNING: program timed out.
FAIL: largefile.c   -O2  -I. (test for excess errors)
FAIL: gcc.dg/pch/largefile.c  -O2  assembly comparison
WARNING: program timed out.
FAIL: largefile.c   -O3 -fomit-frame-pointer  -I. (test for excess errors)
FAIL: gcc.dg/pch/largefile.c  -O3 -fomit-frame-pointer  assembly comparison
WARNING: program timed out.
FAIL: largefile.c   -O3 -g  -I. (test for excess errors)
FAIL: gcc.dg/pch/largefile.c  -O3 -g  assembly comparison
WARNING: program timed out.
FAIL: largefile.c   -Os  -I. (test for excess errors)
FAIL: gcc.dg/pch/largefile.c  -Os  assembly comparison
FAIL: gcc.dg/tree-ssa/pr42585.c scan-tree-dump-times optimized "struct _fat_ptr _ans" 0
FAIL: gcc.dg/tree-ssa/pr42585.c scan-tree-dump-times optimized "struct _fat_ptr _T2" 0

		=== gcc Summary ===

# of expected passes		53207
# of unexpected failures	42
# of expected failures		88
# of unsupported tests		777
/var/gcc/gcc-4.5.2/5.1b-gcc/gcc/xgcc  version 4.5.2 (GCC) 

		=== gfortran tests ===


Running target unix
FAIL: gfortran.dg/large_real_kind_2.F90  -O0  execution test
FAIL: gfortran.dg/large_real_kind_2.F90  -O1  execution test
FAIL: gfortran.dg/large_real_kind_2.F90  -O2  execution test
FAIL: gfortran.dg/large_real_kind_2.F90  -O3 -fomit-frame-pointer  execution test
FAIL: gfortran.dg/large_real_kind_2.F90  -O3 -fomit-frame-pointer -funroll-loops  execution test
FAIL: gfortran.dg/large_real_kind_2.F90  -O3 -fomit-frame-pointer -funroll-all-loops -finline-functions  execution test
FAIL: gfortran.dg/large_real_kind_2.F90  -O3 -g  execution test
FAIL: gfortran.dg/large_real_kind_2.F90  -Os  execution test
FAIL: gfortran.dg/nint_2.f90  -O0  execution test

		=== gfortran Summary ===

# of expected passes		34072
# of unexpected failures	9
# of expected failures		20
# of unsupported tests		99
/var/gcc/gcc-4.5.2/5.1b-gcc/gcc/testsuite/gfortran/../../gfortran  version 4.5.2 (GCC) 

		=== gnat tests ===


Running target unix
FAIL: gnat.dg/atomic1.adb scan-tree-dump-times gimple "v_16" 1
FAIL: gnat.dg/stack_check1.adb execution test
FAIL: gnat.dg/stack_check2.adb execution test
FAIL: gnat.dg/specs/alignment1.ads (test for excess errors)
FAIL: gnat.dg/specs/alignment2.ads  (test for warnings, line 12)
FAIL: gnat.dg/specs/alignment2.ads  (test for warnings, line 18)
FAIL: gnat.dg/specs/alignment2.ads  (test for warnings, line 36)
FAIL: gnat.dg/specs/alignment2.ads  (test for warnings, line 40)
FAIL: gnat.dg/specs/alignment2.ads (test for excess errors)

		=== gnat Summary ===

# of expected passes		755
# of unexpected failures	9
# of expected failures		7
# of unsupported tests		1
		=== objc tests ===


Running target unix

		=== objc Summary ===

# of expected passes		1866
# of expected failures		15
# of unsupported tests		24
/var/gcc/gcc-4.5.2/5.1b-gcc/gcc/xgcc  version 4.5.2 (GCC) 


Compiler version: 4.5.2 (GCC) 
Platform: alpha-dec-osf5.1b
configure flags: --prefix=/vol/gcc-4.5 --with-gmp=/vol/gcc --with-mpfr=/vol/gcc --disable-nls --enable-languages=all,ada --host alpha-dec-osf5.1b --build alpha-dec-osf5.1b --target alpha-dec-osf5.1b
BOOT_CFLAGS=-g -O2


Index Nav: [Date Index] [Subject Index] [Author Index] [Thread Index]
Message Nav: [Date Prev] [Date Next] [Thread Prev] [Thread Next]