This is the mail archive of the gcc-testresults@gcc.gnu.org mailing list for the GCC project.


Index Nav: [Date Index] [Subject Index] [Author Index] [Thread Index]
Message Nav: [Date Prev] [Date Next] [Thread Prev] [Thread Next]
Other format: [Raw text]

Results for 4.5.2 (GCC) testsuite on mips-sgi-irix5.3


		=== acats tests ===
FAIL:	c52103x
FAIL:	c52104x
FAIL:	c52104y
FAIL:	cb1010c
FAIL:	cb1010d

		=== acats Summary ===
# of expected passes		1959
# of unexpected failures	5
# of unsupported tests		357
Native configuration is mips-sgi-irix5.3

		=== g++ tests ===


Running target unix
WARNING: Could not compile g++.dg/compat/struct-layout-1 generator
FAIL: g++.dg/debug/dwarf2/icf.C scan-assembler \\\\.section.*.debug_dcall
FAIL: g++.dg/debug/dwarf2/icf.C scan-assembler New caller
FAIL: g++.dg/debug/dwarf2/icf.C scan-assembler Caller DIE offset
FAIL: g++.dg/debug/dwarf2/icf.C scan-assembler Callee DIE offset
FAIL: g++.dg/eh/simd-2.C (test for excess errors)
WARNING: g++.dg/eh/simd-2.C compilation failed to produce executable
FAIL: g++.dg/other/anon5.C undefined (test for warnings, line )
FAIL: g++.dg/other/anon5.C (test for excess errors)
FAIL: g++.dg/warn/miss-format-1.C scanf attribute warning (test for
warnings, line 26)
FAIL: g++.dg/warn/miss-format-1.C (test for excess errors)
FAIL: g++.dg/tree-prof/partition1.C compilation,  -g  -fprofile-use
UNRESOLVED: g++.dg/tree-prof/partition1.C execution,    -g  -fprofile-use
FAIL: g++.dg/tree-prof/partition1.C compilation,  -O0  -fprofile-use
UNRESOLVED: g++.dg/tree-prof/partition1.C execution,    -O0  -fprofile-use
FAIL: g++.dg/tree-prof/partition1.C compilation,  -O1  -fprofile-use
UNRESOLVED: g++.dg/tree-prof/partition1.C execution,    -O1  -fprofile-use
FAIL: g++.dg/tree-prof/partition1.C compilation,  -O2  -fprofile-use
UNRESOLVED: g++.dg/tree-prof/partition1.C execution,    -O2  -fprofile-use
FAIL: g++.dg/tree-prof/partition1.C compilation,  -O3  -fprofile-use
UNRESOLVED: g++.dg/tree-prof/partition1.C execution,    -O3  -fprofile-use
FAIL: g++.dg/tree-prof/partition1.C compilation,  -O3 -g  -fprofile-use
UNRESOLVED: g++.dg/tree-prof/partition1.C execution,    -O3 -g  -fprofile-use
FAIL: g++.dg/tree-prof/partition1.C compilation,  -Os  -fprofile-use
UNRESOLVED: g++.dg/tree-prof/partition1.C execution,    -Os  -fprofile-use
FAIL: g++.dg/tree-prof/partition2.C compilation,  -O1  -fprofile-use
UNRESOLVED: g++.dg/tree-prof/partition2.C execution,    -O1  -fprofile-use
FAIL: g++.dg/tree-prof/partition2.C compilation,  -O2  -fprofile-use
UNRESOLVED: g++.dg/tree-prof/partition2.C execution,    -O2  -fprofile-use
FAIL: g++.dg/tree-prof/partition2.C compilation,  -O3  -fprofile-use
UNRESOLVED: g++.dg/tree-prof/partition2.C execution,    -O3  -fprofile-use
FAIL: g++.dg/tree-prof/partition2.C compilation,  -O3 -g  -fprofile-use
UNRESOLVED: g++.dg/tree-prof/partition2.C execution,    -O3 -g  -fprofile-use
FAIL: g++.dg/tree-prof/partition2.C compilation,  -Os  -fprofile-use
UNRESOLVED: g++.dg/tree-prof/partition2.C execution,    -Os  -fprofile-use
XPASS: g++.old-deja/g++.other/init19.C execution test

		=== g++ Summary ===

# of expected passes		20740
# of unexpected failures	21
# of unexpected successes	1
# of expected failures		149
# of unresolved testcases	12
# of unsupported tests		295
/build53/gcc/release/gcc-4.5.2-r0/gcc-4.5.2/obj/gcc/testsuite/g++/../../g++
 version 4.5.2 (GCC)

		=== gcc tests ===


Running target unix
WARNING: Could not compile gcc.dg/compat/struct-layout-1 generator
FAIL: gcc.dg/cpp/_Pragma3.c (test for excess errors)
FAIL: gcc.dg/20061124-1.c (test for excess errors)
WARNING: gcc.dg/20061124-1.c compilation failed to produce executable
FAIL: gcc.dg/c99-stdint-6.c (test for excess errors)
FAIL: gcc.dg/ia64-sync-1.c (test for excess errors)
WARNING: gcc.dg/ia64-sync-1.c compilation failed to produce executable
FAIL: gcc.dg/ia64-sync-2.c (test for excess errors)
WARNING: gcc.dg/ia64-sync-2.c compilation failed to produce executable
FAIL: gcc.dg/ia64-sync-3.c (test for excess errors)
WARNING: gcc.dg/ia64-sync-3.c compilation failed to produce executable
WARNING: program timed out.
FAIL: gcc.dg/pr27095.c scan-assembler-not (?n)strlen(.*\\n)+.*strlen
FAIL: gcc.dg/pr37908.c (test for excess errors)
WARNING: gcc.dg/pr37908.c compilation failed to produce executable
WARNING: program timed out.
FAIL: gcc.dg/pr43058.c (test for excess errors)
FAIL: gcc.dg/sync-2.c (test for excess errors)
WARNING: gcc.dg/sync-2.c compilation failed to produce executable
FAIL: gcc.dg/sync-3.c (test for excess errors)
WARNING: gcc.dg/sync-3.c compilation failed to produce executable
WARNING: program timed out.
FAIL: gcc.dg/torture/20090618-1.c  -O1  (test for excess errors)
WARNING: gcc.dg/torture/20090618-1.c  -O1  compilation failed to
produce executable
FAIL: gcc.dg/torture/20090618-1.c  -O2  (test for excess errors)
WARNING: gcc.dg/torture/20090618-1.c  -O2  compilation failed to
produce executable
FAIL: gcc.dg/torture/20090618-1.c  -O3 -fomit-frame-pointer  (test for
excess errors)
WARNING: gcc.dg/torture/20090618-1.c  -O3 -fomit-frame-pointer
compilation failed to produce executable
FAIL: gcc.dg/torture/20090618-1.c  -O3 -g  (test for excess errors)
WARNING: gcc.dg/torture/20090618-1.c  -O3 -g  compilation failed to
produce executable
FAIL: gcc.dg/tree-ssa/loop-1.c scan-assembler-times foo 5
FAIL: gcc.target/mips/atomic-memory-1.c  (test for warnings, line )
FAIL: gcc.target/mips/extend-1.c scan-assembler-times \\tdsll\\t 5
FAIL: gcc.target/mips/extend-1.c scan-assembler-times \\tdsra\\t 5
FAIL: gcc.target/mips/mips16-attributes.c (test for excess errors)
FAIL: gcc.target/mips/octeon-exts-6.c scan-assembler-times \\texts\\t 5

		=== gcc Summary ===

# of expected passes		54235
# of unexpected failures	21
# of expected failures		89
# of unsupported tests		701
/build53/gcc/release/gcc-4.5.2-r0/gcc-4.5.2/obj/gcc/xgcc  version 4.5.2 (GCC)

		=== gfortran tests ===


Running target unix
FAIL: gfortran.dg/allocatable_scalar_5.f90  -O0  execution test
FAIL: gfortran.dg/erf_2.F90  -O0  execution test
FAIL: gfortran.dg/namelist_42.f90  -O0  execution test
FAIL: gfortran.dg/namelist_42.f90  -O1  execution test
FAIL: gfortran.dg/namelist_42.f90  -O2  execution test
FAIL: gfortran.dg/namelist_42.f90  -O3 -fomit-frame-pointer  execution test
FAIL: gfortran.dg/namelist_42.f90  -O3 -fomit-frame-pointer
-funroll-loops  execution test
FAIL: gfortran.dg/namelist_42.f90  -O3 -fomit-frame-pointer
-funroll-all-loops -finline-functions  execution test
FAIL: gfortran.dg/namelist_42.f90  -O3 -g  execution test
FAIL: gfortran.dg/namelist_42.f90  -Os  execution test
FAIL: gfortran.dg/namelist_43.f90  -O0  execution test
FAIL: gfortran.dg/namelist_43.f90  -O1  execution test
FAIL: gfortran.dg/namelist_43.f90  -O2  execution test
FAIL: gfortran.dg/namelist_43.f90  -O3 -fomit-frame-pointer  execution test
FAIL: gfortran.dg/namelist_43.f90  -O3 -fomit-frame-pointer
-funroll-loops  execution test
FAIL: gfortran.dg/namelist_43.f90  -O3 -fomit-frame-pointer
-funroll-all-loops -finline-functions  execution test
FAIL: gfortran.dg/namelist_43.f90  -O3 -g  execution test
FAIL: gfortran.dg/namelist_43.f90  -Os  execution test
FAIL: gfortran.dg/nan_3.f90  -O0  execution test
FAIL: gfortran.dg/nan_3.f90  -O1  execution test
FAIL: gfortran.dg/nan_3.f90  -O2  execution test
FAIL: gfortran.dg/nan_3.f90  -O3 -fomit-frame-pointer  execution test
FAIL: gfortran.dg/nan_3.f90  -O3 -fomit-frame-pointer -funroll-loops
execution test
FAIL: gfortran.dg/nan_3.f90  -O3 -fomit-frame-pointer
-funroll-all-loops -finline-functions  execution test
FAIL: gfortran.dg/nan_3.f90  -O3 -g  execution test
FAIL: gfortran.dg/nan_3.f90  -Os  execution test
FAIL: gfortran.dg/nearest_3.f90  -O0  execution test
FAIL: gfortran.dg/nearest_3.f90  -O1  execution test
FAIL: gfortran.dg/nearest_3.f90  -O2  execution test
FAIL: gfortran.dg/nearest_3.f90  -O3 -fomit-frame-pointer  execution test
FAIL: gfortran.dg/nearest_3.f90  -O3 -fomit-frame-pointer
-funroll-loops  execution test
FAIL: gfortran.dg/nearest_3.f90  -O3 -fomit-frame-pointer
-funroll-all-loops -finline-functions  execution test
FAIL: gfortran.dg/nearest_3.f90  -O3 -g  execution test
FAIL: gfortran.dg/nearest_3.f90  -Os  execution test

		=== gfortran Summary ===

# of expected passes		32936
# of unexpected failures	34
# of expected failures		29
# of unsupported tests		306
/build53/gcc/release/gcc-4.5.2-r0/gcc-4.5.2/obj/gcc/testsuite/gfortran/../../gfortran
 version 4.5.2 (GCC)

		=== gnat tests ===


Running target unix
FAIL: gnat.dg/null_pointer_deref1.adb execution test
FAIL: gnat.dg/socket1.adb (test for excess errors)
WARNING: gnat.dg/socket1.adb compilation failed to produce executable

		=== gnat Summary ===

# of expected passes		745
# of unexpected failures	2
# of expected failures		7
# of unsupported tests		17
		=== obj-c++ tests ===


Running target unix
WARNING: obj-c++.dg/lookup-2.mm -fgnu-runtime compilation failed to
produce executable
WARNING: obj-c++.dg/try-catch-2.mm -fgnu-runtime compilation failed to
produce executable
WARNING: obj-c++.dg/try-catch-9.mm -fgnu-runtime compilation failed to
produce executable

		=== obj-c++ Summary ===

# of expected passes		440
# of expected failures		3
# of unsupported tests		14
/build53/gcc/release/gcc-4.5.2-r0/gcc-4.5.2/obj/gcc/testsuite/obj-c++/../../g++
 version 4.5.2 (GCC)

		=== objc tests ===


Running target unix
FAIL: objc.dg/stabs-1.m scan-assembler
(.SUBSPA.*[\$]CODE[\$]|.text"?)\\n\\t.stabs.*100,0,0,([.\$])?L?L[\$]?etext[0-9]*\\n([.\$])?L?L[\$]?etext
WARNING: Could not compile
objc.dg/gnu-encoding/struct-layout-encoding-1 generator

		=== objc Summary ===

# of expected passes		1818
# of unexpected failures	1
# of expected failures		8
# of unsupported tests		20
/build53/gcc/release/gcc-4.5.2-r0/gcc-4.5.2/obj/gcc/xgcc  version 4.5.2 (GCC)

		=== libstdc++ tests ===


Running target unix
FAIL: 18_support/numeric_limits/lowest.cc execution test
FAIL: 19_diagnostics/headers/system_error/errc_std_c++0x.cc (test for
excess errors)
FAIL: 19_diagnostics/system_error/39880.cc (test for excess errors)
FAIL: 21_strings/basic_string/requirements/typedefs.cc (test for excess errors)
FAIL: 21_strings/headers/cwctype/macros.cc (test for excess errors)
FAIL: 22_locale/time_put/put/char/1.cc execution test
FAIL: 23_containers/vector/resize/1.cc execution test
FAIL: 27_io/ios_base/storage/2.cc execution test

		=== libstdc++ Summary ===

# of expected passes		5406
# of unexpected failures	8
# of expected failures		83
# of unsupported tests		256

		=== libstdc++ Summary ===


Compiler version: 4.5.2 (GCC)
Platform: mips-sgi-irix5.3
configure flags: -v --enable-languages=c,ada,c++,fortran,objc,obj-c++
--prefix=/usr/local/gnu --enable-shared --disable-nls --with-gnu-as
--with-as=/usr/local/gnu/mips-sgi-irix5.3/bin/as --without-gnu-ld
--with-ld=/usr/bin/ld --with-mpfr=/usr/local/gnu
--enable-checking=release --enable-obsolete


Index Nav: [Date Index] [Subject Index] [Author Index] [Thread Index]
Message Nav: [Date Prev] [Date Next] [Thread Prev] [Thread Next]