This is the mail archive of the
gcc-testresults@gcc.gnu.org
mailing list for the GCC project.
Results for 4.6.0 20101229 (experimental) (GCC) testsuite on x86_64-apple-darwin10.5.0
- From: Jack Howarth <howarth at bromo dot med dot uc dot edu>
- To: gcc-testresults at gcc dot gnu dot org
- Date: Wed, 29 Dec 2010 22:36:51 -0500
- Subject: Results for 4.6.0 20101229 (experimental) (GCC) testsuite on x86_64-apple-darwin10.5.0
r168322
Native configuration is x86_64-apple-darwin10.5.0
=== g++ tests ===
Running target unix/-m32
WARNING: g++.dg/ext/label13.C compilation failed to produce executable
FAIL: g++.dg/graphite/id-1.C (internal compiler error)
FAIL: g++.dg/graphite/id-1.C (test for excess errors)
FAIL: g++.dg/torture/stackalign/eh-alloca-1.C -O3 -g execution test
FAIL: g++.dg/torture/stackalign/eh-vararg-1.C -O3 -g execution test
FAIL: g++.dg/torture/stackalign/eh-vararg-2.C -O3 -g execution test
FAIL: g++.dg/torture/stackalign/eh-alloca-1.C -O3 -g execution test
FAIL: g++.dg/torture/stackalign/eh-vararg-1.C -O3 -g execution test
FAIL: g++.dg/torture/stackalign/eh-vararg-2.C -O3 -g execution test
=== g++ Summary for unix/-m32 ===
# of expected passes 26184
# of unexpected failures 8
# of expected failures 159
# of unsupported tests 179
Running target unix/-m64
WARNING: g++.dg/ext/label13.C compilation failed to produce executable
=== g++ Summary for unix/-m64 ===
# of expected passes 26427
# of expected failures 159
# of unsupported tests 375
=== g++ Summary ===
# of expected passes 52611
# of unexpected failures 8
# of expected failures 318
# of unsupported tests 554
/sw/src/fink.build/gcc46-4.6.0-1000/darwin_objdir/gcc/testsuite/g++/../../g++ version 4.6.0 20101229 (experimental) (GCC)
=== gcc tests ===
Running target unix/-m32
FAIL: gcc.dg/graphite/id-14.c (internal compiler error)
FAIL: gcc.dg/graphite/id-14.c (test for excess errors)
FAIL: gcc.dg/graphite/id-pr45230-1.c (internal compiler error)
FAIL: gcc.dg/graphite/id-pr45230-1.c (test for excess errors)
FAIL: gcc.dg/graphite/id-pr45230.c (internal compiler error)
FAIL: gcc.dg/graphite/id-pr45230.c (test for excess errors)
FAIL: gcc.dg/graphite/run-id-5.c (internal compiler error)
FAIL: gcc.dg/graphite/run-id-5.c (test for excess errors)
WARNING: gcc.dg/graphite/run-id-5.c compilation failed to produce executable
FAIL: gcc.dg/graphite/run-id-6.c (internal compiler error)
FAIL: gcc.dg/graphite/run-id-6.c (test for excess errors)
WARNING: gcc.dg/graphite/run-id-6.c compilation failed to produce executable
FAIL: gcc.dg/graphite/interchange-10.c (internal compiler error)
FAIL: gcc.dg/graphite/interchange-10.c (test for excess errors)
WARNING: gcc.dg/graphite/interchange-10.c compilation failed to produce executable
FAIL: gcc.dg/graphite/interchange-10.c scan-tree-dump-times graphite "will be interchanged" 2
FAIL: gcc.dg/graphite/interchange-4.c (internal compiler error)
FAIL: gcc.dg/graphite/interchange-4.c (test for excess errors)
WARNING: gcc.dg/graphite/interchange-4.c compilation failed to produce executable
FAIL: gcc.dg/graphite/block-1.c (internal compiler error)
FAIL: gcc.dg/graphite/block-1.c (test for excess errors)
WARNING: gcc.dg/graphite/block-1.c compilation failed to produce executable
FAIL: gcc.dg/graphite/block-3.c (internal compiler error)
FAIL: gcc.dg/graphite/block-3.c (test for excess errors)
WARNING: gcc.dg/graphite/block-3.c compilation failed to produce executable
FAIL: gcc.dg/graphite/block-3.c scan-tree-dump-times graphite "will be loop blocked" 1
FAIL: gcc.dg/graphite/block-5.c (internal compiler error)
FAIL: gcc.dg/graphite/block-5.c (test for excess errors)
WARNING: gcc.dg/graphite/block-5.c compilation failed to produce executable
FAIL: gcc.dg/graphite/pr41888.c (internal compiler error)
FAIL: gcc.dg/graphite/pr41888.c (test for excess errors)
FAIL: gcc.dg/graphite/pr42284.c (internal compiler error)
FAIL: gcc.dg/graphite/pr42284.c (test for excess errors)
FAIL: gcc.dg/graphite/pr42521.c (internal compiler error)
FAIL: gcc.dg/graphite/pr42521.c (test for excess errors)
FAIL: gcc.dg/graphite/pr42771.c (internal compiler error)
FAIL: gcc.dg/graphite/pr42771.c (test for excess errors)
FAIL: gcc.dg/graphite/pr43012.c (internal compiler error)
FAIL: gcc.dg/graphite/pr43012.c (test for excess errors)
WARNING: gcc.dg/graphite/pr43012.c compilation failed to produce executable
FAIL: gcc.dg/graphite/pr46185.c (internal compiler error)
FAIL: gcc.dg/graphite/pr46185.c (test for excess errors)
WARNING: gcc.dg/graphite/pr46185.c compilation failed to produce executable
FAIL: gcc.dg/graphite/pr46404-1.c (internal compiler error)
FAIL: gcc.dg/graphite/pr46404-1.c (test for excess errors)
FAIL: gcc.dg/graphite/pr46404.c (internal compiler error)
FAIL: gcc.dg/graphite/pr46404.c (test for excess errors)
FAIL: gcc.dg/graphite/pr46761.c (internal compiler error)
FAIL: gcc.dg/graphite/pr46761.c (test for excess errors)
WARNING: gcc.dg/graphite/pr46761.c compilation failed to produce executable
XPASS: gcc.dg/tree-ssa/20040204-1.c scan-tree-dump-times optimized "link_error" 0
FAIL: gcc.target/i386/combine-mul.c scan-assembler-not 12345
=== gcc Summary for unix/-m32 ===
# of expected passes 73755
# of unexpected failures 41
# of unexpected successes 1
# of expected failures 224
# of unsupported tests 1354
Running target unix/-m64
FAIL: gcc.dg/graphite/id-14.c (internal compiler error)
FAIL: gcc.dg/graphite/id-14.c (test for excess errors)
FAIL: gcc.dg/graphite/run-id-5.c (internal compiler error)
FAIL: gcc.dg/graphite/run-id-5.c (test for excess errors)
WARNING: gcc.dg/graphite/run-id-5.c compilation failed to produce executable
FAIL: gcc.dg/graphite/run-id-6.c (internal compiler error)
FAIL: gcc.dg/graphite/run-id-6.c (test for excess errors)
WARNING: gcc.dg/graphite/run-id-6.c compilation failed to produce executable
FAIL: gcc.dg/graphite/interchange-10.c (internal compiler error)
FAIL: gcc.dg/graphite/interchange-10.c (test for excess errors)
WARNING: gcc.dg/graphite/interchange-10.c compilation failed to produce executable
FAIL: gcc.dg/graphite/interchange-10.c scan-tree-dump-times graphite "will be interchanged" 2
FAIL: gcc.dg/graphite/interchange-4.c (internal compiler error)
FAIL: gcc.dg/graphite/interchange-4.c (test for excess errors)
WARNING: gcc.dg/graphite/interchange-4.c compilation failed to produce executable
FAIL: gcc.dg/graphite/block-1.c (internal compiler error)
FAIL: gcc.dg/graphite/block-1.c (test for excess errors)
WARNING: gcc.dg/graphite/block-1.c compilation failed to produce executable
FAIL: gcc.dg/graphite/block-3.c (internal compiler error)
FAIL: gcc.dg/graphite/block-3.c (test for excess errors)
WARNING: gcc.dg/graphite/block-3.c compilation failed to produce executable
FAIL: gcc.dg/graphite/block-3.c scan-tree-dump-times graphite "will be loop blocked" 1
FAIL: gcc.dg/graphite/block-5.c (internal compiler error)
FAIL: gcc.dg/graphite/block-5.c (test for excess errors)
WARNING: gcc.dg/graphite/block-5.c compilation failed to produce executable
FAIL: gcc.dg/graphite/pr42284.c (internal compiler error)
FAIL: gcc.dg/graphite/pr42284.c (test for excess errors)
FAIL: gcc.dg/graphite/pr42521.c (internal compiler error)
FAIL: gcc.dg/graphite/pr42521.c (test for excess errors)
FAIL: gcc.dg/graphite/pr42771.c (internal compiler error)
FAIL: gcc.dg/graphite/pr42771.c (test for excess errors)
FAIL: gcc.dg/graphite/pr43012.c (internal compiler error)
FAIL: gcc.dg/graphite/pr43012.c (test for excess errors)
WARNING: gcc.dg/graphite/pr43012.c compilation failed to produce executable
FAIL: gcc.dg/graphite/pr46185.c (internal compiler error)
FAIL: gcc.dg/graphite/pr46185.c (test for excess errors)
WARNING: gcc.dg/graphite/pr46185.c compilation failed to produce executable
FAIL: gcc.dg/graphite/pr46404-1.c (internal compiler error)
FAIL: gcc.dg/graphite/pr46404-1.c (test for excess errors)
FAIL: gcc.dg/graphite/pr46404.c (internal compiler error)
FAIL: gcc.dg/graphite/pr46404.c (test for excess errors)
FAIL: gcc.dg/graphite/pr46761.c (internal compiler error)
FAIL: gcc.dg/graphite/pr46761.c (test for excess errors)
WARNING: gcc.dg/graphite/pr46761.c compilation failed to produce executable
FAIL: gcc.dg/matrix/transpose-3.c execution, -fprofile-use -fipa-matrix-reorg -fdump-ipa-matrix-reorg -O3 -fwhole-program
XPASS: gcc.dg/tree-ssa/20040204-1.c scan-tree-dump-times optimized "link_error" 0
FAIL: gcc.target/i386/combine-mul.c scan-assembler-not 12345
=== gcc Summary for unix/-m64 ===
# of expected passes 73899
# of unexpected failures 36
# of unexpected successes 1
# of expected failures 225
# of unsupported tests 1725
=== gcc Summary ===
# of expected passes 147654
# of unexpected failures 77
# of unexpected successes 2
# of expected failures 449
# of unsupported tests 3079
/sw/src/fink.build/gcc46-4.6.0-1000/darwin_objdir/gcc/xgcc version 4.6.0 20101229 (experimental) (GCC)
=== gfortran tests ===
Running target unix/-m32
XPASS: gfortran.dg/pr25923.f90 -O PR45505 (test for warnings, line 13)
XPASS: gfortran.dg/pr25923.f90 -O PR45505 (test for bogus messages, line 22)
FAIL: gfortran.dg/graphite/id-12.f -O (internal compiler error)
FAIL: gfortran.dg/graphite/id-12.f -O (test for excess errors)
FAIL: gfortran.dg/graphite/id-14.f -O (internal compiler error)
FAIL: gfortran.dg/graphite/id-14.f -O (test for excess errors)
FAIL: gfortran.dg/graphite/id-21.f -O (internal compiler error)
FAIL: gfortran.dg/graphite/id-21.f -O (test for excess errors)
FAIL: gfortran.dg/graphite/id-9.f -O (internal compiler error)
FAIL: gfortran.dg/graphite/id-9.f -O (test for excess errors)
FAIL: gfortran.dg/graphite/id-pr45370.f90 -O (internal compiler error)
FAIL: gfortran.dg/graphite/id-pr45370.f90 -O (test for excess errors)
FAIL: gfortran.dg/graphite/run-id-2.f90 -O (internal compiler error)
FAIL: gfortran.dg/graphite/run-id-2.f90 -O (test for excess errors)
WARNING: gfortran.dg/graphite/run-id-2.f90 -O compilation failed to produce executable
FAIL: gfortran.dg/graphite/pr42732.f -O (internal compiler error)
FAIL: gfortran.dg/graphite/pr42732.f -O (test for excess errors)
=== gfortran Summary for unix/-m32 ===
# of expected passes 37444
# of unexpected failures 14
# of unexpected successes 2
# of expected failures 51
# of unsupported tests 177
Running target unix/-m64
FAIL: gfortran.dg/graphite/id-12.f -O (internal compiler error)
FAIL: gfortran.dg/graphite/id-12.f -O (test for excess errors)
FAIL: gfortran.dg/graphite/id-14.f -O (internal compiler error)
FAIL: gfortran.dg/graphite/id-14.f -O (test for excess errors)
FAIL: gfortran.dg/graphite/id-21.f -O (internal compiler error)
FAIL: gfortran.dg/graphite/id-21.f -O (test for excess errors)
FAIL: gfortran.dg/graphite/id-9.f -O (internal compiler error)
FAIL: gfortran.dg/graphite/id-9.f -O (test for excess errors)
FAIL: gfortran.dg/graphite/id-pr45370.f90 -O (internal compiler error)
FAIL: gfortran.dg/graphite/id-pr45370.f90 -O (test for excess errors)
FAIL: gfortran.dg/graphite/run-id-2.f90 -O (internal compiler error)
FAIL: gfortran.dg/graphite/run-id-2.f90 -O (test for excess errors)
WARNING: gfortran.dg/graphite/run-id-2.f90 -O compilation failed to produce executable
FAIL: gfortran.dg/graphite/pr42732.f -O (internal compiler error)
FAIL: gfortran.dg/graphite/pr42732.f -O (test for excess errors)
=== gfortran Summary for unix/-m64 ===
# of expected passes 37685
# of unexpected failures 14
# of expected failures 51
# of unsupported tests 63
=== gfortran Summary ===
# of expected passes 75129
# of unexpected failures 28
# of unexpected successes 2
# of expected failures 102
# of unsupported tests 240
/sw/src/fink.build/gcc46-4.6.0-1000/darwin_objdir/gcc/testsuite/gfortran/../../gfortran version 4.6.0 20101229 (experimental) (GCC)
=== obj-c++ tests ===
Running target unix/-m32
WARNING: obj-c++.dg/try-catch-2.mm -fgnu-runtime compilation failed to produce executable
WARNING: obj-c++.dg/try-catch-9.mm -fgnu-runtime compilation failed to produce executable
=== obj-c++ Summary for unix/-m32 ===
# of expected passes 2833
# of expected failures 2
# of unsupported tests 68
Running target unix/-m64
WARNING: obj-c++.dg/try-catch-2.mm -fgnu-runtime compilation failed to produce executable
WARNING: obj-c++.dg/try-catch-9.mm -fgnu-runtime compilation failed to produce executable
WARNING: obj-c++.dg/try-catch-2.mm -fnext-runtime compilation failed to produce executable
WARNING: obj-c++.dg/try-catch-9.mm -fnext-runtime compilation failed to produce executable
=== obj-c++ Summary for unix/-m64 ===
# of expected passes 2668
# of expected failures 131
# of unsupported tests 73
=== obj-c++ Summary ===
# of expected passes 5501
# of expected failures 133
# of unsupported tests 141
/sw/src/fink.build/gcc46-4.6.0-1000/darwin_objdir/gcc/testsuite/obj-c++/../../g++ version 4.6.0 20101229 (experimental) (GCC)
=== objc tests ===
Running target unix/-m32
XPASS: objc.dg-struct-layout-encoding-1/t026_main.m execution test
=== objc Summary for unix/-m32 ===
# of expected passes 5738
# of unexpected successes 1
# of expected failures 6
# of unsupported tests 86
Running target unix/-m64
XPASS: objc.dg-struct-layout-encoding-1/t026_main.m execution test
=== objc Summary for unix/-m64 ===
# of expected passes 4355
# of unexpected successes 1
# of expected failures 161
# of unsupported tests 102
=== objc Summary ===
# of expected passes 10093
# of unexpected successes 2
# of expected failures 167
# of unsupported tests 188
/sw/src/fink.build/gcc46-4.6.0-1000/darwin_objdir/gcc/xgcc version 4.6.0 20101229 (experimental) (GCC)
=== libffi tests ===
Running target unix/-m32
=== libffi Summary for unix/-m32 ===
# of expected passes 1634
# of expected failures 10
# of unsupported tests 15
Running target unix/-m64
=== libffi Summary for unix/-m64 ===
# of expected passes 1634
# of expected failures 10
# of unsupported tests 15
=== libffi Summary ===
# of expected passes 3268
# of expected failures 20
# of unsupported tests 30
=== libgomp tests ===
Running target unix/-m32
FAIL: libgomp.graphite/force-parallel-3.c (internal compiler error)
FAIL: libgomp.graphite/force-parallel-3.c (test for excess errors)
WARNING: libgomp.graphite/force-parallel-3.c compilation failed to produce executable
FAIL: libgomp.graphite/force-parallel-3.c scan-tree-dump-times graphite "4 loops carried no dependency" 1
FAIL: libgomp.graphite/force-parallel-3.c scan-tree-dump-times optimized "loopfn.0" 5: dump file does not exist
FAIL: libgomp.graphite/force-parallel-3.c scan-tree-dump-times optimized "loopfn.1" 5: dump file does not exist
FAIL: libgomp.graphite/force-parallel-4.c (internal compiler error)
FAIL: libgomp.graphite/force-parallel-4.c (test for excess errors)
WARNING: libgomp.graphite/force-parallel-4.c compilation failed to produce executable
FAIL: libgomp.graphite/force-parallel-4.c scan-tree-dump-times graphite "2 loops carried no dependency" 1
FAIL: libgomp.graphite/force-parallel-4.c scan-tree-dump-times optimized "loopfn.0" 5: dump file does not exist
FAIL: libgomp.graphite/force-parallel-4.c scan-tree-dump-times optimized "loopfn.1" 5: dump file does not exist
FAIL: libgomp.graphite/force-parallel-5.c (internal compiler error)
FAIL: libgomp.graphite/force-parallel-5.c (test for excess errors)
WARNING: libgomp.graphite/force-parallel-5.c compilation failed to produce executable
FAIL: libgomp.graphite/force-parallel-5.c scan-tree-dump-times graphite "2 loops carried no dependency" 1
FAIL: libgomp.graphite/force-parallel-5.c scan-tree-dump-times optimized "loopfn.0" 5: dump file does not exist
FAIL: libgomp.graphite/force-parallel-5.c scan-tree-dump-times optimized "loopfn.1" 5: dump file does not exist
FAIL: libgomp.graphite/force-parallel-7.c (internal compiler error)
FAIL: libgomp.graphite/force-parallel-7.c (test for excess errors)
WARNING: libgomp.graphite/force-parallel-7.c compilation failed to produce executable
FAIL: libgomp.graphite/force-parallel-7.c scan-tree-dump-times graphite "3 loops carried no dependency" 1
FAIL: libgomp.graphite/force-parallel-7.c scan-tree-dump-times optimized "loopfn.0" 5: dump file does not exist
FAIL: libgomp.graphite/force-parallel-9.c (internal compiler error)
FAIL: libgomp.graphite/force-parallel-9.c (test for excess errors)
WARNING: libgomp.graphite/force-parallel-9.c compilation failed to produce executable
FAIL: libgomp.graphite/force-parallel-9.c scan-tree-dump-times graphite "4 loops carried no dependency" 1
FAIL: libgomp.graphite/force-parallel-9.c scan-tree-dump-times optimized "loopfn.0" 5: dump file does not exist
FAIL: libgomp.graphite/force-parallel-9.c scan-tree-dump-times optimized "loopfn.1" 5: dump file does not exist
=== libgomp Summary for unix/-m32 ===
# of expected passes 2544
# of unexpected failures 24
# of unsupported tests 2
Running target unix/-m64
FAIL: libgomp.graphite/force-parallel-3.c (internal compiler error)
FAIL: libgomp.graphite/force-parallel-3.c (test for excess errors)
WARNING: libgomp.graphite/force-parallel-3.c compilation failed to produce executable
FAIL: libgomp.graphite/force-parallel-3.c scan-tree-dump-times graphite "4 loops carried no dependency" 1
FAIL: libgomp.graphite/force-parallel-3.c scan-tree-dump-times optimized "loopfn.0" 5: dump file does not exist
FAIL: libgomp.graphite/force-parallel-3.c scan-tree-dump-times optimized "loopfn.1" 5: dump file does not exist
FAIL: libgomp.graphite/force-parallel-4.c (internal compiler error)
FAIL: libgomp.graphite/force-parallel-4.c (test for excess errors)
WARNING: libgomp.graphite/force-parallel-4.c compilation failed to produce executable
FAIL: libgomp.graphite/force-parallel-4.c scan-tree-dump-times graphite "2 loops carried no dependency" 1
FAIL: libgomp.graphite/force-parallel-4.c scan-tree-dump-times optimized "loopfn.0" 5: dump file does not exist
FAIL: libgomp.graphite/force-parallel-4.c scan-tree-dump-times optimized "loopfn.1" 5: dump file does not exist
FAIL: libgomp.graphite/force-parallel-5.c (internal compiler error)
FAIL: libgomp.graphite/force-parallel-5.c (test for excess errors)
WARNING: libgomp.graphite/force-parallel-5.c compilation failed to produce executable
FAIL: libgomp.graphite/force-parallel-5.c scan-tree-dump-times graphite "2 loops carried no dependency" 1
FAIL: libgomp.graphite/force-parallel-5.c scan-tree-dump-times optimized "loopfn.0" 5: dump file does not exist
FAIL: libgomp.graphite/force-parallel-5.c scan-tree-dump-times optimized "loopfn.1" 5: dump file does not exist
FAIL: libgomp.graphite/force-parallel-7.c (internal compiler error)
FAIL: libgomp.graphite/force-parallel-7.c (test for excess errors)
WARNING: libgomp.graphite/force-parallel-7.c compilation failed to produce executable
FAIL: libgomp.graphite/force-parallel-7.c scan-tree-dump-times graphite "3 loops carried no dependency" 1
FAIL: libgomp.graphite/force-parallel-7.c scan-tree-dump-times optimized "loopfn.0" 5: dump file does not exist
FAIL: libgomp.graphite/force-parallel-9.c (internal compiler error)
FAIL: libgomp.graphite/force-parallel-9.c (test for excess errors)
WARNING: libgomp.graphite/force-parallel-9.c compilation failed to produce executable
FAIL: libgomp.graphite/force-parallel-9.c scan-tree-dump-times graphite "4 loops carried no dependency" 1
FAIL: libgomp.graphite/force-parallel-9.c scan-tree-dump-times optimized "loopfn.0" 5: dump file does not exist
FAIL: libgomp.graphite/force-parallel-9.c scan-tree-dump-times optimized "loopfn.1" 5: dump file does not exist
=== libgomp Summary for unix/-m64 ===
# of expected passes 2544
# of unexpected failures 24
# of unsupported tests 2
=== libgomp Summary ===
# of expected passes 5088
# of unexpected failures 48
# of unsupported tests 4
=== libjava tests ===
Running target unix/-m32
FAIL: PR16923.c compilation
=== libjava Summary for unix/-m32 ===
# of expected passes 2572
# of unexpected failures 1
Running target unix/-m64
=== libjava Summary for unix/-m64 ===
# of expected passes 2574
=== libjava Summary ===
# of expected passes 5146
# of unexpected failures 1
=== libstdc++ tests ===
Running target unix/-m32
=== libstdc++ Summary for unix/-m32 ===
# of expected passes 6964
# of expected failures 83
# of unsupported tests 659
Running target unix/-m64
=== libstdc++ Summary for unix/-m64 ===
# of expected passes 6962
# of expected failures 83
# of unsupported tests 660
=== libstdc++ Summary ===
# of expected passes 13926
# of expected failures 166
# of unsupported tests 1319
Compiler version: 4.6.0 20101229 (experimental) (GCC)
Platform: x86_64-apple-darwin10.5.0
configure flags: --prefix=/sw --prefix=/sw/lib/gcc4.6 --mandir=/sw/share/man --infodir=/sw/lib/gcc4.6/info --enable-languages=c,c++,fortran,objc,obj-c++,java --with-gmp=/sw --with-libiconv-prefix=/sw --with-ppl=/sw --with-cloog=/sw --with-mpc=/sw --with-system-zlib --x-includes=/usr/X11R6/include --x-libraries=/usr/X11R6/lib --program-suffix=-fsf-4.6 --enable-checking=yes --enable-cloog-backend=ppl