This is the mail archive of the gcc-testresults@gcc.gnu.org mailing list for the GCC project.


Index Nav: [Date Index] [Subject Index] [Author Index] [Thread Index]
Message Nav: [Date Prev] [Date Next] [Thread Prev] [Thread Next]
Other format: [Raw text]

Results for 4.6.0 20101227 (experimental) [trunk revision 168267] (GCC) testsuite on x86_64-suse-linux-gnu


Bootstrap and regtesting on x86_64-suse-linux-gnu.
SVN sources: mainline.
LAST_UPDATED: Mon Dec 27 11:24:32 UTC 2010 (revision 168267)

		=== acats tests ===

		=== acats Summary ===
# of expected passes		2321
# of unexpected failures	0
Native configuration is x86_64-suse-linux-gnu

		=== gcc tests ===


Running target unix
FAIL: gcc.c-torture/compile/limits-exprparen.c  -O0  (internal compiler error)
FAIL: gcc.c-torture/compile/limits-exprparen.c  -O0  (test for excess errors)
FAIL: gcc.c-torture/compile/limits-exprparen.c  -O1  (internal compiler error)
FAIL: gcc.c-torture/compile/limits-exprparen.c  -O1  (test for excess errors)
FAIL: gcc.c-torture/compile/limits-exprparen.c  -O2  (internal compiler error)
FAIL: gcc.c-torture/compile/limits-exprparen.c  -O2  (test for excess errors)
FAIL: gcc.c-torture/compile/limits-exprparen.c  -O3 -fomit-frame-pointer  (internal compiler error)
FAIL: gcc.c-torture/compile/limits-exprparen.c  -O3 -fomit-frame-pointer  (test for excess errors)
FAIL: gcc.c-torture/compile/limits-exprparen.c  -O3 -g  (internal compiler error)
FAIL: gcc.c-torture/compile/limits-exprparen.c  -O3 -g  (test for excess errors)
FAIL: gcc.c-torture/compile/limits-exprparen.c  -Os  (internal compiler error)
FAIL: gcc.c-torture/compile/limits-exprparen.c  -Os  (test for excess errors)
FAIL: gcc.c-torture/compile/limits-exprparen.c  -O2 -flto -flto-partition=none  (internal compiler error)
FAIL: gcc.c-torture/compile/limits-exprparen.c  -O2 -flto -flto-partition=none  (test for excess errors)
FAIL: gcc.c-torture/compile/limits-exprparen.c  -O2 -flto  (internal compiler error)
FAIL: gcc.c-torture/compile/limits-exprparen.c  -O2 -flto  (test for excess errors)
FAIL: gcc.dg/cproj-fails-with-broken-glibc.c execution test
XPASS: gcc.dg/guality/example.c  -O0  execution test
XPASS: gcc.dg/guality/example.c  -O1  execution test
XPASS: gcc.dg/guality/example.c  -O2  execution test
XPASS: gcc.dg/guality/example.c  -Os  execution test
XPASS: gcc.dg/guality/guality.c  -O0  execution test
XPASS: gcc.dg/guality/guality.c  -O1  execution test
XPASS: gcc.dg/guality/guality.c  -O2  execution test
XPASS: gcc.dg/guality/guality.c  -O3 -fomit-frame-pointer  execution test
XPASS: gcc.dg/guality/guality.c  -O3 -g  execution test
XPASS: gcc.dg/guality/guality.c  -Os  execution test
XPASS: gcc.dg/guality/inline-params.c  -O2  execution test
XPASS: gcc.dg/guality/inline-params.c  -O3 -fomit-frame-pointer  execution test
XPASS: gcc.dg/guality/inline-params.c  -O3 -g  execution test
XPASS: gcc.dg/guality/inline-params.c  -Os  execution test
XPASS: gcc.dg/guality/pr41353-1.c  -O0  line 28 j == 28 + 37
XPASS: gcc.dg/guality/pr41353-1.c  -O1  line 28 j == 28 + 37
XPASS: gcc.dg/guality/pr41353-1.c  -O2  line 28 j == 28 + 37
XPASS: gcc.dg/guality/pr41353-1.c  -O3 -fomit-frame-pointer  line 28 j == 28 + 37
XPASS: gcc.dg/guality/pr41353-1.c  -O3 -g  line 28 j == 28 + 37
XPASS: gcc.dg/guality/pr41353-1.c  -Os  line 28 j == 28 + 37
XPASS: gcc.dg/guality/pr41353-1.c  -O2 -flto -flto-partition=none  line 28 j == 28 + 37
XPASS: gcc.dg/guality/pr41353-1.c  -O2 -flto  line 28 j == 28 + 37
XPASS: gcc.dg/guality/pr41447-1.c  -O0  execution test
XPASS: gcc.dg/guality/pr41447-1.c  -O1  execution test
XPASS: gcc.dg/guality/pr41447-1.c  -O2  execution test
XPASS: gcc.dg/guality/pr41447-1.c  -O3 -fomit-frame-pointer  execution test
XPASS: gcc.dg/guality/pr41447-1.c  -O3 -g  execution test
XPASS: gcc.dg/guality/pr41447-1.c  -Os  execution test
XPASS: gcc.dg/guality/pr41616-1.c  -O0  execution test
XPASS: gcc.dg/guality/pr41616-1.c  -O1  execution test
XPASS: gcc.dg/guality/pr41616-1.c  -O2  execution test
XPASS: gcc.dg/guality/pr41616-1.c  -O3 -fomit-frame-pointer  execution test
XPASS: gcc.dg/guality/pr41616-1.c  -O3 -g  execution test
XPASS: gcc.dg/guality/pr41616-1.c  -Os  execution test
FAIL: gcc.dg/guality/pr43077-1.c  -O2 -flto -flto-partition=none  line 42 varb == 2
FAIL: gcc.dg/guality/pr43077-1.c  -O2 -flto  line 42 varb == 2
FAIL: gcc.dg/guality/pr43479.c  -O2 -flto -flto-partition=none  line 13 h == 9
FAIL: gcc.dg/guality/pr43479.c  -O2 -flto -flto-partition=none  line 18 h == 9
FAIL: gcc.dg/guality/pr43479.c  -O2 -flto  line 13 h == 9
FAIL: gcc.dg/guality/pr43479.c  -O2 -flto  line 18 h == 9
FAIL: gcc.dg/guality/sra-1.c  -O2  line 43 a.j == 14
FAIL: gcc.dg/guality/sra-1.c  -O3 -fomit-frame-pointer  line 43 a.j == 14
FAIL: gcc.dg/guality/sra-1.c  -O3 -g  line 43 a.j == 14
FAIL: gcc.dg/guality/sra-1.c  -Os  line 43 a.j == 14
FAIL: gcc.dg/matrix/transpose-3.c execution,    -fprofile-use -fipa-matrix-reorg -fdump-ipa-matrix-reorg -O3 -fwhole-program
XPASS: gcc.dg/tree-ssa/20040204-1.c scan-tree-dump-times optimized "link_error" 0

		=== gcc Summary for unix ===

# of expected passes		77149
# of unexpected failures	28
# of unexpected successes	35
# of expected failures		228
# of unsupported tests		1189

Running target unix/-m32
FAIL: gcc.c-torture/compile/limits-exprparen.c  -O0  (internal compiler error)
FAIL: gcc.c-torture/compile/limits-exprparen.c  -O0  (test for excess errors)
FAIL: gcc.c-torture/compile/limits-exprparen.c  -O1  (internal compiler error)
FAIL: gcc.c-torture/compile/limits-exprparen.c  -O1  (test for excess errors)
FAIL: gcc.c-torture/compile/limits-exprparen.c  -O2  (internal compiler error)
FAIL: gcc.c-torture/compile/limits-exprparen.c  -O2  (test for excess errors)
FAIL: gcc.c-torture/compile/limits-exprparen.c  -O3 -fomit-frame-pointer  (internal compiler error)
FAIL: gcc.c-torture/compile/limits-exprparen.c  -O3 -fomit-frame-pointer  (test for excess errors)
FAIL: gcc.c-torture/compile/limits-exprparen.c  -O3 -g  (internal compiler error)
FAIL: gcc.c-torture/compile/limits-exprparen.c  -O3 -g  (test for excess errors)
FAIL: gcc.c-torture/compile/limits-exprparen.c  -Os  (internal compiler error)
FAIL: gcc.c-torture/compile/limits-exprparen.c  -Os  (test for excess errors)
FAIL: gcc.c-torture/compile/limits-exprparen.c  -O2 -flto -flto-partition=none  (internal compiler error)
FAIL: gcc.c-torture/compile/limits-exprparen.c  -O2 -flto -flto-partition=none  (test for excess errors)
FAIL: gcc.c-torture/compile/limits-exprparen.c  -O2 -flto  (internal compiler error)
FAIL: gcc.c-torture/compile/limits-exprparen.c  -O2 -flto  (test for excess errors)
FAIL: gcc.dg/cproj-fails-with-broken-glibc.c execution test
XPASS: gcc.dg/guality/example.c  -O0  execution test
XPASS: gcc.dg/guality/example.c  -O1  execution test
XPASS: gcc.dg/guality/example.c  -O2  execution test
XPASS: gcc.dg/guality/guality.c  -O0  execution test
XPASS: gcc.dg/guality/guality.c  -O1  execution test
XPASS: gcc.dg/guality/guality.c  -O2  execution test
XPASS: gcc.dg/guality/guality.c  -O3 -fomit-frame-pointer  execution test
XPASS: gcc.dg/guality/guality.c  -O3 -g  execution test
XPASS: gcc.dg/guality/guality.c  -Os  execution test
XPASS: gcc.dg/guality/inline-params.c  -O2  execution test
XPASS: gcc.dg/guality/inline-params.c  -O3 -fomit-frame-pointer  execution test
XPASS: gcc.dg/guality/inline-params.c  -O3 -g  execution test
XPASS: gcc.dg/guality/inline-params.c  -Os  execution test
FAIL: gcc.dg/guality/nrv-1.c  -O1  line 20 a2.i[0] == 42
FAIL: gcc.dg/guality/nrv-1.c  -O2  line 20 a2.i[0] == 42
FAIL: gcc.dg/guality/nrv-1.c  -Os  line 20 a2.i[0] == 42
XPASS: gcc.dg/guality/pr41353-1.c  -O0  line 28 j == 28 + 37
XPASS: gcc.dg/guality/pr41353-1.c  -O1  line 28 j == 28 + 37
XPASS: gcc.dg/guality/pr41353-1.c  -O2  line 28 j == 28 + 37
XPASS: gcc.dg/guality/pr41353-1.c  -O3 -fomit-frame-pointer  line 28 j == 28 + 37
XPASS: gcc.dg/guality/pr41353-1.c  -O3 -g  line 28 j == 28 + 37
XPASS: gcc.dg/guality/pr41353-1.c  -Os  line 28 j == 28 + 37
XPASS: gcc.dg/guality/pr41353-1.c  -O2 -flto -flto-partition=none  line 28 j == 28 + 37
XPASS: gcc.dg/guality/pr41353-1.c  -O2 -flto  line 28 j == 28 + 37
XPASS: gcc.dg/guality/pr41447-1.c  -O0  execution test
XPASS: gcc.dg/guality/pr41447-1.c  -O1  execution test
XPASS: gcc.dg/guality/pr41447-1.c  -Os  execution test
XPASS: gcc.dg/guality/pr41616-1.c  -O0  execution test
XPASS: gcc.dg/guality/pr41616-1.c  -O1  execution test
XPASS: gcc.dg/guality/pr41616-1.c  -O2  execution test
XPASS: gcc.dg/guality/pr41616-1.c  -O3 -fomit-frame-pointer  execution test
XPASS: gcc.dg/guality/pr41616-1.c  -O3 -g  execution test
XPASS: gcc.dg/guality/pr41616-1.c  -Os  execution test
FAIL: gcc.dg/guality/pr43077-1.c  -O2 -flto -flto-partition=none  line 42 varb == 2
FAIL: gcc.dg/guality/pr43077-1.c  -O2 -flto  line 42 varb == 2
FAIL: gcc.dg/guality/pr43479.c  -O2 -flto -flto-partition=none  line 13 h == 9
FAIL: gcc.dg/guality/pr43479.c  -O2 -flto -flto-partition=none  line 18 h == 9
FAIL: gcc.dg/guality/pr43479.c  -O2 -flto  line 13 h == 9
FAIL: gcc.dg/guality/pr43479.c  -O2 -flto  line 18 h == 9
FAIL: gcc.dg/matrix/transpose-3.c execution,    -fprofile-use -fipa-matrix-reorg -fdump-ipa-matrix-reorg -O3 -fwhole-program
FAIL: gcc.dg/struct/wo_prof_global_var.c execution test
FAIL: gcc.dg/struct/wo_prof_local_var.c execution test
XPASS: gcc.dg/tree-ssa/20040204-1.c scan-tree-dump-times optimized "link_error" 0

		=== gcc Summary for unix/-m32 ===

# of expected passes		76927
# of unexpected failures	29
# of unexpected successes	31
# of expected failures		232
# of unsupported tests		797

		=== gcc Summary ===

# of expected passes		154076
# of unexpected failures	57
# of unexpected successes	66
# of expected failures		460
# of unsupported tests		1986
/home/aj/build/gcc/4.6-devel/gcc/xgcc  version 4.6.0 20101227 (experimental) [trunk revision 168267] (GCC) 

		=== gfortran tests ===


Running target unix
FAIL: gfortran.dg/class_allocate_6.f03  -O0  execution test
FAIL: gfortran.dg/class_allocate_6.f03  -O1  execution test
FAIL: gfortran.dg/class_allocate_6.f03  -O2  execution test
FAIL: gfortran.dg/class_allocate_6.f03  -O3 -fomit-frame-pointer  execution test
FAIL: gfortran.dg/class_allocate_6.f03  -O3 -fomit-frame-pointer -funroll-loops  execution test
FAIL: gfortran.dg/class_allocate_6.f03  -O3 -fomit-frame-pointer -funroll-all-loops -finline-functions  execution test
FAIL: gfortran.dg/class_allocate_6.f03  -O3 -g  execution test
FAIL: gfortran.dg/class_allocate_6.f03  -Os  execution test

		=== gfortran Summary for unix ===

# of expected passes		37644
# of unexpected failures	8
# of expected failures		40
# of unsupported tests		59

Running target unix/-m32
FAIL: gfortran.dg/class_allocate_6.f03  -O0  execution test
FAIL: gfortran.dg/class_allocate_6.f03  -O1  execution test
FAIL: gfortran.dg/class_allocate_6.f03  -O2  execution test
FAIL: gfortran.dg/class_allocate_6.f03  -O3 -fomit-frame-pointer  execution test
FAIL: gfortran.dg/class_allocate_6.f03  -O3 -fomit-frame-pointer -funroll-loops  execution test
FAIL: gfortran.dg/class_allocate_6.f03  -O3 -fomit-frame-pointer -funroll-all-loops -finline-functions  execution test
FAIL: gfortran.dg/class_allocate_6.f03  -O3 -g  execution test
FAIL: gfortran.dg/class_allocate_6.f03  -Os  execution test

		=== gfortran Summary for unix/-m32 ===

# of expected passes		37401
# of unexpected failures	8
# of expected failures		42
# of unsupported tests		175

		=== gfortran Summary ===

# of expected passes		75045
# of unexpected failures	16
# of expected failures		82
# of unsupported tests		234
/home/aj/build/gcc/4.6-devel/gcc/testsuite/gfortran/../../gfortran  version 4.6.0 20101227 (experimental) [trunk revision 168267] (GCC) 

		=== g++ tests ===


Running target unix

		=== g++ Summary for unix ===

# of expected passes		26825
# of expected failures		158
# of unsupported tests		353

Running target unix/-m32

		=== g++ Summary for unix/-m32 ===

# of expected passes		26607
# of expected failures		158
# of unsupported tests		149

		=== g++ Summary ===

# of expected passes		53432
# of expected failures		316
# of unsupported tests		502
/home/aj/build/gcc/4.6-devel/gcc/testsuite/g++/../../g++  version 4.6.0 20101227 (experimental) [trunk revision 168267] (GCC) 

		=== gnat tests ===


Running target unix/-m32

		=== gnat Summary for unix/-m32 ===

# of expected passes		862
# of expected failures		11
# of unsupported tests		2

Running target unix

		=== gnat Summary for unix ===

# of expected passes		862
# of expected failures		11
# of unsupported tests		2

		=== gnat Summary ===

# of expected passes		1724
# of expected failures		22
# of unsupported tests		4
		=== objc tests ===


Running target unix
XPASS: objc.dg-struct-layout-encoding-1/t026_main.m execution test

		=== objc Summary for unix ===

# of expected passes		2785
# of unexpected successes	1
# of expected failures		16
# of unsupported tests		74

Running target unix/-m32
XPASS: objc.dg-struct-layout-encoding-1/t026_main.m execution test

		=== objc Summary for unix/-m32 ===

# of expected passes		2795
# of unexpected successes	1
# of expected failures		6
# of unsupported tests		74

		=== objc Summary ===

# of expected passes		5580
# of unexpected successes	2
# of expected failures		22
# of unsupported tests		148
/home/aj/build/gcc/4.6-devel/gcc/xgcc  version 4.6.0 20101227 (experimental) [trunk revision 168267] (GCC) 

		=== libffi tests ===


Running target unix/-m32

		=== libffi Summary for unix/-m32 ===

# of expected passes		1634
# of expected failures		10
# of unsupported tests		15

Running target unix

		=== libffi Summary for unix ===

# of expected passes		1634
# of expected failures		10
# of unsupported tests		15

		=== libffi Summary ===

# of expected passes		3268
# of expected failures		20
# of unsupported tests		30
		=== libgomp tests ===


Running target unix/-m32

		=== libgomp Summary for unix/-m32 ===

# of expected passes		2526

Running target unix

		=== libgomp Summary for unix ===

# of expected passes		2526

		=== libgomp Summary ===

# of expected passes		5052
		=== libjava tests ===


Running target unix/-m32
FAIL: linking PR9577
FAIL: linking longfield
FAIL: linking shortfield
FAIL: linking TestClosureGC
FAIL: linking simple
FAIL: linking PR15133
FAIL: linking PR18116
FAIL: linking PR28178
FAIL: linking bytebuffer
FAIL: linking calls
FAIL: linking cxxtest
FAIL: linking directbuffer
FAIL: linking field
FAIL: linking final_method
FAIL: linking findclass
FAIL: linking findclass2
FAIL: linking iface
FAIL: linking init
FAIL: linking invoke
FAIL: linking jniutf
FAIL: linking martin
FAIL: linking noclass
FAIL: linking overload
FAIL: linking pr11951
FAIL: linking pr18278
FAIL: linking pr23739
FAIL: linking register
FAIL: linking register2
FAIL: linking simple_int
FAIL: linking throwit
FAIL: linking virtual
FAIL: linking events
FAIL: linking getallthreads
FAIL: linking geterrorname
FAIL: linking getmethodname
FAIL: ArrayStore compilation from source
FAIL: ArrayStore -findirect-dispatch compilation from source
FAIL: ArrayStore -O3 compilation from source
FAIL: ArrayStore -O3 -findirect-dispatch compilation from source
FAIL: ArrayStore2 compilation from source
FAIL: ArrayStore2 -findirect-dispatch compilation from source
FAIL: ArrayStore2 -O3 compilation from source
FAIL: ArrayStore2 -O3 -findirect-dispatch compilation from source
FAIL: Array_1 compilation from source
FAIL: Array_1 -findirect-dispatch compilation from source
FAIL: Array_1 -O3 compilation from source
FAIL: Array_1 -O3 -findirect-dispatch compilation from source
FAIL: Array_2 compilation from source
FAIL: Array_2 -findirect-dispatch compilation from source
FAIL: Array_2 -O3 compilation from source
FAIL: Array_2 -O3 -findirect-dispatch compilation from source
FAIL: Array_3 compilation from source
FAIL: Array_3 -findirect-dispatch compilation from source
FAIL: Array_3 -O3 compilation from source
FAIL: Array_3 -O3 -findirect-dispatch compilation from source
FAIL: Class_1 compilation from source
FAIL: Class_1 -findirect-dispatch compilation from source
FAIL: Class_1 -O3 compilation from source
FAIL: Class_1 -O3 -findirect-dispatch compilation from source
FAIL: CompareNaN compilation from source
FAIL: CompareNaN -findirect-dispatch compilation from source
FAIL: CompareNaN -O3 compilation from source
FAIL: CompareNaN -O3 -findirect-dispatch compilation from source
FAIL: Divide_1 compilation from source
FAIL: Divide_1 -findirect-dispatch compilation from source
FAIL: Divide_1 -O3 compilation from source
FAIL: Divide_1 -O3 -findirect-dispatch compilation from source
FAIL: Divide_2 compilation from source
FAIL: Divide_2 -findirect-dispatch compilation from source
FAIL: Divide_2 -O3 compilation from source
FAIL: Divide_2 -O3 -findirect-dispatch compilation from source
FAIL: EvaluationOrder compilation from source
FAIL: EvaluationOrder -findirect-dispatch compilation from source
FAIL: EvaluationOrder -O3 compilation from source
FAIL: EvaluationOrder -O3 -findirect-dispatch compilation from source
FAIL: ExtraClassLoader compilation from source
FAIL: ExtraClassLoader -findirect-dispatch compilation from source
FAIL: ExtraClassLoader -O3 compilation from source
FAIL: ExtraClassLoader -O3 -findirect-dispatch compilation from source
FAIL: FileHandleGcTest compilation from source
FAIL: FileHandleGcTest -findirect-dispatch compilation from source
FAIL: FileHandleGcTest -O3 compilation from source
FAIL: FileHandleGcTest -O3 -findirect-dispatch compilation from source
FAIL: Final compilation from source
FAIL: Final -findirect-dispatch compilation from source
FAIL: Final -O3 compilation from source
FAIL: Final -O3 -findirect-dispatch compilation from source
FAIL: Float_1 compilation from source
FAIL: Float_1 -findirect-dispatch compilation from source
FAIL: Float_1 -O3 compilation from source
FAIL: Float_1 -O3 -findirect-dispatch compilation from source
FAIL: Float_2 compilation from source
FAIL: Float_2 -findirect-dispatch compilation from source
FAIL: Float_2 -O3 compilation from source
FAIL: Float_2 -O3 -findirect-dispatch compilation from source
FAIL: G19990301_01 compilation from source
FAIL: G19990301_01 -findirect-dispatch compilation from source
FAIL: G19990301_01 -O3 compilation from source
FAIL: G19990301_01 -O3 -findirect-dispatch compilation from source
FAIL: G19990302_02 compilation from source
FAIL: G19990302_02 -findirect-dispatch compilation from source
FAIL: G19990302_02 -O3 compilation from source
FAIL: G19990302_02 -O3 -findirect-dispatch compilation from source
FAIL: G19990303_01 compilation from source
FAIL: G19990303_01 -findirect-dispatch compilation from source
FAIL: G19990303_01 -O3 compilation from source
FAIL: G19990303_01 -O3 -findirect-dispatch compilation from source
FAIL: G19990303_02 compilation from source
FAIL: G19990303_02 -findirect-dispatch compilation from source
FAIL: G19990303_02 -O3 compilation from source
FAIL: G19990303_02 -O3 -findirect-dispatch compilation from source
FAIL: G19990304_01 compilation from source
FAIL: G19990304_01 -findirect-dispatch compilation from source
FAIL: G19990304_01 -O3 compilation from source
FAIL: G19990304_01 -O3 -findirect-dispatch compilation from source
FAIL: G19990310_01 compilation from source
FAIL: G19990310_01 -findirect-dispatch compilation from source
FAIL: G19990310_01 -O3 compilation from source
FAIL: G19990310_01 -O3 -findirect-dispatch compilation from source
FAIL: II compilation from source
FAIL: II -findirect-dispatch compilation from source
FAIL: II -O3 compilation from source
FAIL: II -O3 -findirect-dispatch compilation from source
FAIL: InterfaceDispatch compilation from source
FAIL: InterfaceDispatch -findirect-dispatch compilation from source
FAIL: InterfaceDispatch -O3 compilation from source
FAIL: InterfaceDispatch -O3 -findirect-dispatch compilation from source
FAIL: InvokeInterface compilation from source
FAIL: InvokeInterface -findirect-dispatch compilation from source
FAIL: InvokeInterface -O3 compilation from source
FAIL: InvokeInterface -O3 -findirect-dispatch compilation from source
FAIL: InvokeReturn compilation from source
FAIL: InvokeReturn -findirect-dispatch compilation from source
FAIL: InvokeReturn -O3 compilation from source
FAIL: InvokeReturn -O3 -findirect-dispatch compilation from source
FAIL: Invoke_1 compilation from source
FAIL: Invoke_1 -findirect-dispatch compilation from source
FAIL: Invoke_1 -O3 compilation from source
FAIL: Invoke_1 -O3 -findirect-dispatch compilation from source
FAIL: Invoke_2 compilation from source
FAIL: Invoke_2 -findirect-dispatch compilation from source
FAIL: Invoke_2 -O3 compilation from source
FAIL: Invoke_2 -O3 -findirect-dispatch compilation from source
FAIL: KeepInline compilation from source
FAIL: KeepInline -findirect-dispatch compilation from source
FAIL: KeepInline -O3 compilation from source
FAIL: KeepInline -O3 -findirect-dispatch compilation from source
FAIL: LargeFile compilation from source
FAIL: LargeFile -findirect-dispatch compilation from source
FAIL: LargeFile -O3 compilation from source
FAIL: LargeFile -O3 -findirect-dispatch compilation from source
FAIL: MathBuiltin compilation from source
FAIL: MathBuiltin -findirect-dispatch compilation from source
FAIL: MathBuiltin -O3 compilation from source
FAIL: MathBuiltin -O3 -findirect-dispatch compilation from source
FAIL: Matrix4f compilation from source
FAIL: Matrix4f -findirect-dispatch compilation from source
FAIL: Matrix4f -O3 compilation from source
FAIL: Matrix4f -O3 -findirect-dispatch compilation from source
FAIL: N19990310_02 compilation from source
FAIL: N19990310_02 -findirect-dispatch compilation from source
FAIL: N19990310_02 -O3 compilation from source
FAIL: N19990310_02 -O3 -findirect-dispatch compilation from source
FAIL: N19990310_3 compilation from source
FAIL: N19990310_3 -findirect-dispatch compilation from source
FAIL: N19990310_3 -O3 compilation from source
FAIL: N19990310_3 -O3 -findirect-dispatch compilation from source
FAIL: N19990310_4 compilation from source
FAIL: N19990310_4 -findirect-dispatch compilation from source
FAIL: N19990310_4 -O3 compilation from source
FAIL: N19990310_4 -O3 -findirect-dispatch compilation from source
FAIL: N19990310_5 compilation from source
FAIL: N19990310_5 -findirect-dispatch compilation from source
FAIL: N19990310_5 -O3 compilation from source
FAIL: N19990310_5 -O3 -findirect-dispatch compilation from source
FAIL: Overflow compilation from source
FAIL: Overflow -findirect-dispatch compilation from source
FAIL: Overflow -O3 compilation from source
FAIL: Overflow -O3 -findirect-dispatch compilation from source
FAIL: PR12350 compilation from source
FAIL: PR12350 -findirect-dispatch compilation from source
FAIL: PR12350 -O3 compilation from source
FAIL: PR12350 -O3 -findirect-dispatch compilation from source
FAIL: PR12416 compilation from source
FAIL: PR12416 -findirect-dispatch compilation from source
FAIL: PR12416 -O3 compilation from source
FAIL: PR12416 -O3 -findirect-dispatch compilation from source
FAIL: PR12656 compilation from source
FAIL: PR12656 -findirect-dispatch compilation from source
FAIL: PR12656 -O3 compilation from source
FAIL: PR12656 -O3 -findirect-dispatch compilation from source
FAIL: PR12915 compilation from source
FAIL: PR12915 -findirect-dispatch compilation from source
FAIL: PR12915 -O3 compilation from source
FAIL: PR12915 -O3 -findirect-dispatch compilation from source
FAIL: PR141 compilation from source
FAIL: PR141 -findirect-dispatch compilation from source
FAIL: PR141 -O3 compilation from source
FAIL: PR141 -O3 -findirect-dispatch compilation from source
FAIL: PR160 compilation from source
FAIL: PR160 -findirect-dispatch compilation from source
FAIL: PR160 -O3 compilation from source
FAIL: PR160 -O3 -findirect-dispatch compilation from source
FAIL: PR162 compilation from source
FAIL: PR162 -findirect-dispatch compilation from source
FAIL: PR162 -O3 compilation from source
FAIL: PR162 -O3 -findirect-dispatch compilation from source
FAIL: PR16867 compilation from source
FAIL: PR16867 -findirect-dispatch compilation from source
FAIL: PR16867 -O3 compilation from source
FAIL: PR16867 -O3 -findirect-dispatch compilation from source
FAIL: PR18699 compilation from source
FAIL: PR18699 -findirect-dispatch compilation from source
FAIL: PR18699 -O3 compilation from source
FAIL: PR18699 -O3 -findirect-dispatch compilation from source
FAIL: PR19870 compilation from source
FAIL: PR19870 -findirect-dispatch compilation from source
FAIL: PR19870 -O3 compilation from source
FAIL: PR19870 -O3 -findirect-dispatch compilation from source
FAIL: PR19870_2 compilation from source
FAIL: PR19870_2 -findirect-dispatch compilation from source
FAIL: PR19870_2 -O3 compilation from source
FAIL: PR19870_2 -O3 -findirect-dispatch compilation from source
FAIL: PR19921 compilation from source
FAIL: PR19921 -findirect-dispatch compilation from source
FAIL: PR19921 -O3 compilation from source
FAIL: PR19921 -O3 -findirect-dispatch compilation from source
FAIL: PR20056 compilation from source
FAIL: PR20056 -findirect-dispatch compilation from source
FAIL: PR20056 -O3 compilation from source
FAIL: PR20056 -O3 -findirect-dispatch compilation from source
FAIL: PR218 compilation from source
FAIL: PR218 -findirect-dispatch compilation from source
FAIL: PR218 -O3 compilation from source
FAIL: PR218 -O3 -findirect-dispatch compilation from source
FAIL: PR242 compilation from source
FAIL: PR242 -findirect-dispatch compilation from source
FAIL: PR242 -O3 compilation from source
FAIL: PR242 -O3 -findirect-dispatch compilation from source
FAIL: PR25535 compilation from source
FAIL: PR25535 -findirect-dispatch compilation from source
FAIL: PR25535 -O3 compilation from source
FAIL: PR25535 -O3 -findirect-dispatch compilation from source
FAIL: PR260 compilation from source
FAIL: PR260 -findirect-dispatch compilation from source
FAIL: PR260 -O3 compilation from source
FAIL: PR260 -O3 -findirect-dispatch compilation from source
FAIL: PR26858 compilation from source
FAIL: PR26858 -findirect-dispatch compilation from source
FAIL: PR26858 -O3 compilation from source
FAIL: PR26858 -O3 -findirect-dispatch compilation from source
FAIL: PR27908 compilation from source
FAIL: PR27908 -findirect-dispatch compilation from source
FAIL: PR27908 -O3 compilation from source
FAIL: PR27908 -O3 -findirect-dispatch compilation from source
FAIL: PR29013 compilation from source
FAIL: PR29013 -findirect-dispatch compilation from source
FAIL: PR29013 -O3 compilation from source
FAIL: PR29013 -O3 -findirect-dispatch compilation from source
FAIL: PR29495 compilation from source
FAIL: PR29495 -findirect-dispatch compilation from source
FAIL: PR29495 -O3 compilation from source
FAIL: PR29495 -O3 -findirect-dispatch compilation from source
FAIL: PR3096 compilation from source
FAIL: PR3096 -findirect-dispatch compilation from source
FAIL: PR3096 -O3 compilation from source
FAIL: PR3096 -O3 -findirect-dispatch compilation from source
FAIL: PR31264 compilation from source
FAIL: PR31264 -findirect-dispatch compilation from source
FAIL: PR31264 -O3 compilation from source
FAIL: PR31264 -O3 -findirect-dispatch compilation from source
FAIL: PR35020 compilation from source
FAIL: PR35020 -findirect-dispatch compilation from source
FAIL: PR35020 -O3 compilation from source
FAIL: PR35020 -O3 -findirect-dispatch compilation from source
FAIL: PR36252 compilation from source
FAIL: PR36252 -findirect-dispatch compilation from source
FAIL: PR36252 -O3 compilation from source
FAIL: PR36252 -O3 -findirect-dispatch compilation from source
FAIL: PR3731 compilation from source
FAIL: PR3731 -findirect-dispatch compilation from source
FAIL: PR3731 -O3 compilation from source
FAIL: PR3731 -O3 -findirect-dispatch compilation from source
FAIL: PR5057 compilation from source
FAIL: PR5057 -findirect-dispatch compilation from source
FAIL: PR5057 -O3 compilation from source
FAIL: PR5057 -O3 -findirect-dispatch compilation from source
FAIL: PR5057_2 compilation from source
FAIL: PR5057_2 -findirect-dispatch compilation from source
FAIL: PR5057_2 -O3 compilation from source
FAIL: PR5057_2 -O3 -findirect-dispatch compilation from source
FAIL: PR55 compilation from source
FAIL: PR55 -findirect-dispatch compilation from source
FAIL: PR55 -O3 compilation from source
FAIL: PR55 -O3 -findirect-dispatch compilation from source
FAIL: PR56 compilation from source
FAIL: PR56 -findirect-dispatch compilation from source
FAIL: PR56 -O3 compilation from source
FAIL: PR56 -O3 -findirect-dispatch compilation from source
FAIL: PR6085 compilation from source
FAIL: PR6085 -findirect-dispatch compilation from source
FAIL: PR6085 -O3 compilation from source
FAIL: PR6085 -O3 -findirect-dispatch compilation from source
FAIL: PR6204 compilation from source
FAIL: PR6204 -findirect-dispatch compilation from source
FAIL: PR6204 -O3 compilation from source
FAIL: PR6204 -O3 -findirect-dispatch compilation from source
FAIL: PR6729 compilation from source
FAIL: PR6729 -findirect-dispatch compilation from source
FAIL: PR6729 -O3 compilation from source
FAIL: PR6729 -O3 -findirect-dispatch compilation from source
FAIL: PR6820 compilation from source
FAIL: PR6820 -findirect-dispatch compilation from source
FAIL: PR6820 -O3 compilation from source
FAIL: PR6820 -O3 -findirect-dispatch compilation from source
FAIL: PR7482 compilation from source
FAIL: PR7482 -findirect-dispatch compilation from source
FAIL: PR7482 -O3 compilation from source
FAIL: PR7482 -O3 -findirect-dispatch compilation from source
FAIL: Process_1 compilation from source
FAIL: Process_1 -findirect-dispatch compilation from source
FAIL: Process_1 -O3 compilation from source
FAIL: Process_1 -O3 -findirect-dispatch compilation from source
FAIL: Process_2 compilation from source
FAIL: Process_2 -findirect-dispatch compilation from source
FAIL: Process_2 -O3 compilation from source
FAIL: Process_2 -O3 -findirect-dispatch compilation from source
FAIL: Process_3 compilation from source
FAIL: Process_3 -findirect-dispatch compilation from source
FAIL: Process_3 -O3 compilation from source
FAIL: Process_3 -O3 -findirect-dispatch compilation from source
FAIL: Process_4 compilation from source
FAIL: Process_4 -findirect-dispatch compilation from source
FAIL: Process_4 -O3 compilation from source
FAIL: Process_4 -O3 -findirect-dispatch compilation from source
FAIL: Process_5 compilation from source
FAIL: Process_5 -findirect-dispatch compilation from source
FAIL: Process_5 -O3 compilation from source
FAIL: Process_5 -O3 -findirect-dispatch compilation from source
FAIL: Process_6 compilation from source
FAIL: Process_6 -findirect-dispatch compilation from source
FAIL: Process_6 -O3 compilation from source
FAIL: Process_6 -O3 -findirect-dispatch compilation from source
FAIL: Process_7 compilation from source
FAIL: Process_7 -findirect-dispatch compilation from source
FAIL: Process_7 -O3 compilation from source
FAIL: Process_7 -O3 -findirect-dispatch compilation from source
FAIL: ProxyTest compilation from source
FAIL: ProxyTest -findirect-dispatch compilation from source
FAIL: ProxyTest -O3 compilation from source
FAIL: ProxyTest -O3 -findirect-dispatch compilation from source
FAIL: RH194522 compilation from source
FAIL: RH194522 -findirect-dispatch compilation from source
FAIL: RH194522 -O3 compilation from source
FAIL: RH194522 -O3 -findirect-dispatch compilation from source
FAIL: Serialization compilation from source
FAIL: Serialization -findirect-dispatch compilation from source
FAIL: Serialization -O3 compilation from source
FAIL: Serialization -O3 -findirect-dispatch compilation from source
FAIL: Shazam compilation from source
FAIL: Shazam -findirect-dispatch compilation from source
FAIL: Shazam -O3 compilation from source
FAIL: Shazam -O3 -findirect-dispatch compilation from source
FAIL: StackTrace2 compilation from source
FAIL: StackTrace2 -findirect-dispatch compilation from source
FAIL: StackTrace2 -O3 compilation from source
FAIL: StackTrace2 -O3 -findirect-dispatch compilation from source
FAIL: StaticConstructor compilation from source
FAIL: StaticConstructor -findirect-dispatch compilation from source
FAIL: StaticConstructor -O3 compilation from source
FAIL: StaticConstructor -O3 -findirect-dispatch compilation from source
FAIL: StringBuffer_1 compilation from source
FAIL: StringBuffer_1 -findirect-dispatch compilation from source
FAIL: StringBuffer_1 -O3 compilation from source
FAIL: StringBuffer_1 -O3 -findirect-dispatch compilation from source
FAIL: StringBuffer_overflow compilation from source
FAIL: StringBuffer_overflow -findirect-dispatch compilation from source
FAIL: StringBuffer_overflow -O3 compilation from source
FAIL: StringBuffer_overflow -O3 -findirect-dispatch compilation from source
FAIL: String_overflow compilation from source
FAIL: String_overflow -findirect-dispatch compilation from source
FAIL: String_overflow -O3 compilation from source
FAIL: String_overflow -O3 -findirect-dispatch compilation from source
FAIL: SyncGlobal compilation from source
FAIL: SyncGlobal -findirect-dispatch compilation from source
FAIL: SyncGlobal -O3 compilation from source
FAIL: SyncGlobal -O3 -findirect-dispatch compilation from source
FAIL: SyncTest compilation from source
FAIL: SyncTest -findirect-dispatch compilation from source
FAIL: SyncTest -O3 compilation from source
FAIL: SyncTest -O3 -findirect-dispatch compilation from source
FAIL: Synch compilation from source
FAIL: Synch -findirect-dispatch compilation from source
FAIL: Synch -O3 compilation from source
FAIL: Synch -O3 -findirect-dispatch compilation from source
FAIL: TLtest compilation from source
FAIL: TLtest -findirect-dispatch compilation from source
FAIL: TLtest -O3 compilation from source
FAIL: TLtest -O3 -findirect-dispatch compilation from source
FAIL: TestProxy compilation from source
FAIL: TestProxy -findirect-dispatch compilation from source
FAIL: TestProxy -O3 compilation from source
FAIL: TestProxy -O3 -findirect-dispatch compilation from source
FAIL: Thread_Alive compilation from source
FAIL: Thread_Alive -findirect-dispatch compilation from source
FAIL: Thread_Alive -O3 compilation from source
FAIL: Thread_Alive -O3 -findirect-dispatch compilation from source
FAIL: Thread_HoldsLock compilation from source
FAIL: Thread_HoldsLock -findirect-dispatch compilation from source
FAIL: Thread_HoldsLock -O3 compilation from source
FAIL: Thread_HoldsLock -O3 -findirect-dispatch compilation from source
FAIL: Thread_Interrupt compilation from source
FAIL: Thread_Interrupt -findirect-dispatch compilation from source
FAIL: Thread_Interrupt -O3 compilation from source
FAIL: Thread_Interrupt -O3 -findirect-dispatch compilation from source
FAIL: Thread_Join compilation from source
FAIL: Thread_Join -findirect-dispatch compilation from source
FAIL: Thread_Join -O3 compilation from source
FAIL: Thread_Join -O3 -findirect-dispatch compilation from source
FAIL: Thread_Monitor compilation from source
FAIL: Thread_Monitor -findirect-dispatch compilation from source
FAIL: Thread_Monitor -O3 compilation from source
FAIL: Thread_Monitor -O3 -findirect-dispatch compilation from source
FAIL: Thread_Sleep compilation from source
FAIL: Thread_Sleep -findirect-dispatch compilation from source
FAIL: Thread_Sleep -O3 compilation from source
FAIL: Thread_Sleep -O3 -findirect-dispatch compilation from source
FAIL: Thread_Sleep_2 compilation from source
FAIL: Thread_Sleep_2 -findirect-dispatch compilation from source
FAIL: Thread_Sleep_2 -O3 compilation from source
FAIL: Thread_Sleep_2 -O3 -findirect-dispatch compilation from source
FAIL: Thread_Wait compilation from source
FAIL: Thread_Wait -findirect-dispatch compilation from source
FAIL: Thread_Wait -O3 compilation from source
FAIL: Thread_Wait -O3 -findirect-dispatch compilation from source
FAIL: Thread_Wait_2 compilation from source
FAIL: Thread_Wait_2 -findirect-dispatch compilation from source
FAIL: Thread_Wait_2 -O3 compilation from source
FAIL: Thread_Wait_2 -O3 -findirect-dispatch compilation from source
FAIL: Thread_Wait_Interrupt compilation from source
FAIL: Thread_Wait_Interrupt -findirect-dispatch compilation from source
FAIL: Thread_Wait_Interrupt -O3 compilation from source
FAIL: Thread_Wait_Interrupt -O3 -findirect-dispatch compilation from source
FAIL: Throw_1 compilation from source
FAIL: Throw_1 -findirect-dispatch compilation from source
FAIL: Throw_1 -O3 compilation from source
FAIL: Throw_1 -O3 -findirect-dispatch compilation from source
FAIL: Throw_2 compilation from source
FAIL: Throw_2 -findirect-dispatch compilation from source
FAIL: Throw_2 -O3 compilation from source
FAIL: Throw_2 -O3 -findirect-dispatch compilation from source
FAIL: Throw_3 compilation from source
FAIL: Throw_3 -findirect-dispatch compilation from source
FAIL: Throw_3 -O3 compilation from source
FAIL: Throw_3 -O3 -findirect-dispatch compilation from source
FAIL: WalkerTest compilation from source
FAIL: WalkerTest -findirect-dispatch compilation from source
FAIL: WalkerTest -O3 compilation from source
FAIL: WalkerTest -O3 -findirect-dispatch compilation from source
FAIL: anfi compilation from source
FAIL: anfi -findirect-dispatch compilation from source
FAIL: anfi -O3 compilation from source
FAIL: anfi -O3 -findirect-dispatch compilation from source
FAIL: anon compilation from source
FAIL: anon -findirect-dispatch compilation from source
FAIL: anon -O3 compilation from source
FAIL: anon -O3 -findirect-dispatch compilation from source
FAIL: anon2 compilation from source
FAIL: anon2 -findirect-dispatch compilation from source
FAIL: anon2 -O3 compilation from source
FAIL: anon2 -O3 -findirect-dispatch compilation from source
FAIL: anon3 compilation from source
FAIL: anon3 -findirect-dispatch compilation from source
FAIL: anon3 -O3 compilation from source
FAIL: anon3 -O3 -findirect-dispatch compilation from source
FAIL: anon4 compilation from source
FAIL: anon4 -findirect-dispatch compilation from source
FAIL: anon4 -O3 compilation from source
FAIL: anon4 -O3 -findirect-dispatch compilation from source
FAIL: anon_ctor_itf_arg compilation from source
FAIL: anon_ctor_itf_arg -findirect-dispatch compilation from source
FAIL: anon_ctor_itf_arg -O3 compilation from source
FAIL: anon_ctor_itf_arg -O3 -findirect-dispatch compilation from source
FAIL: anonarray compilation from source
FAIL: anonarray -findirect-dispatch compilation from source
FAIL: anonarray -O3 compilation from source
FAIL: anonarray -O3 -findirect-dispatch compilation from source
FAIL: anonarray2 compilation from source
FAIL: anonarray2 -findirect-dispatch compilation from source
FAIL: anonarray2 -O3 compilation from source
FAIL: anonarray2 -O3 -findirect-dispatch compilation from source
FAIL: anonarray3 compilation from source
FAIL: anonarray3 -findirect-dispatch compilation from source
FAIL: anonarray3 -O3 compilation from source
FAIL: anonarray3 -O3 -findirect-dispatch compilation from source
FAIL: assign compilation from source
FAIL: assign -findirect-dispatch compilation from source
FAIL: assign -O3 compilation from source
FAIL: assign -O3 -findirect-dispatch compilation from source
FAIL: assign2 compilation from source
FAIL: assign2 -findirect-dispatch compilation from source
FAIL: assign2 -O3 compilation from source
FAIL: assign2 -O3 -findirect-dispatch compilation from source
FAIL: bclink compilation from source
FAIL: bclink -findirect-dispatch compilation from source
FAIL: bclink -O3 compilation from source
FAIL: bclink -O3 -findirect-dispatch compilation from source
FAIL: bytearray compilation from source
FAIL: bytearray -findirect-dispatch compilation from source
FAIL: bytearray -O3 compilation from source
FAIL: bytearray -O3 -findirect-dispatch compilation from source
FAIL: direct_read compilation from source
FAIL: direct_read -findirect-dispatch compilation from source
FAIL: direct_read -O3 compilation from source
FAIL: direct_read -O3 -findirect-dispatch compilation from source
FAIL: direct_write compilation from source
FAIL: direct_write -findirect-dispatch compilation from source
FAIL: direct_write -O3 compilation from source
FAIL: direct_write -O3 -findirect-dispatch compilation from source
FAIL: emptystring compilation from source
FAIL: emptystring -findirect-dispatch compilation from source
FAIL: emptystring -O3 compilation from source
FAIL: emptystring -O3 -findirect-dispatch compilation from source
FAIL: err1 compilation from source
FAIL: err1 -findirect-dispatch compilation from source
FAIL: err1 -O3 compilation from source
FAIL: err1 -O3 -findirect-dispatch compilation from source
FAIL: err10 compilation from source
FAIL: err10 -findirect-dispatch compilation from source
FAIL: err10 -O3 compilation from source
FAIL: err10 -O3 -findirect-dispatch compilation from source
FAIL: err11 compilation from source
FAIL: err11 -findirect-dispatch compilation from source
FAIL: err11 -O3 compilation from source
FAIL: err11 -O3 -findirect-dispatch compilation from source
FAIL: err12 compilation from source
FAIL: err12 -findirect-dispatch compilation from source
FAIL: err12 -O3 compilation from source
FAIL: err12 -O3 -findirect-dispatch compilation from source
FAIL: err13 compilation from source
FAIL: err13 -findirect-dispatch compilation from source
FAIL: err13 -O3 compilation from source
FAIL: err13 -O3 -findirect-dispatch compilation from source
FAIL: err14 compilation from source
FAIL: err14 -findirect-dispatch compilation from source
FAIL: err14 -O3 compilation from source
FAIL: err14 -O3 -findirect-dispatch compilation from source
FAIL: err2 compilation from source
FAIL: err2 -findirect-dispatch compilation from source
FAIL: err2 -O3 compilation from source
FAIL: err2 -O3 -findirect-dispatch compilation from source
FAIL: err3 compilation from source
FAIL: err3 -findirect-dispatch compilation from source
FAIL: err3 -O3 compilation from source
FAIL: err3 -O3 -findirect-dispatch compilation from source
FAIL: err4 compilation from source
FAIL: err4 -findirect-dispatch compilation from source
FAIL: err4 -O3 compilation from source
FAIL: err4 -O3 -findirect-dispatch compilation from source
FAIL: err5 compilation from source
FAIL: err5 -findirect-dispatch compilation from source
FAIL: err5 -O3 compilation from source
FAIL: err5 -O3 -findirect-dispatch compilation from source
FAIL: err6 compilation from source
FAIL: err6 -findirect-dispatch compilation from source
FAIL: err6 -O3 compilation from source
FAIL: err6 -O3 -findirect-dispatch compilation from source
FAIL: err7 compilation from source
FAIL: err7 -findirect-dispatch compilation from source
FAIL: err7 -O3 compilation from source
FAIL: err7 -O3 -findirect-dispatch compilation from source
FAIL: err8 compilation from source
FAIL: err8 -findirect-dispatch compilation from source
FAIL: err8 -O3 compilation from source
FAIL: err8 -O3 -findirect-dispatch compilation from source
FAIL: err9 compilation from source
FAIL: err9 -findirect-dispatch compilation from source
FAIL: err9 -O3 compilation from source
FAIL: err9 -O3 -findirect-dispatch compilation from source
FAIL: final_inner compilation from source
FAIL: final_inner -findirect-dispatch compilation from source
FAIL: final_inner -O3 compilation from source
FAIL: final_inner -O3 -findirect-dispatch compilation from source
FAIL: final_int compilation from source
FAIL: final_int -findirect-dispatch compilation from source
FAIL: final_int -O3 compilation from source
FAIL: final_int -O3 -findirect-dispatch compilation from source
FAIL: final_static_and_friend compilation from source
FAIL: final_static_and_friend -findirect-dispatch compilation from source
FAIL: final_static_and_friend -O3 compilation from source
FAIL: final_static_and_friend -O3 -findirect-dispatch compilation from source
FAIL: indirect compilation from source
FAIL: indirect -findirect-dispatch compilation from source
FAIL: indirect -O3 compilation from source
FAIL: indirect -O3 -findirect-dispatch compilation from source
FAIL: indirect_read compilation from source
FAIL: indirect_read -findirect-dispatch compilation from source
FAIL: indirect_read -O3 compilation from source
FAIL: indirect_read -O3 -findirect-dispatch compilation from source
FAIL: indirect_write compilation from source
FAIL: indirect_write -findirect-dispatch compilation from source
FAIL: indirect_write -O3 compilation from source
FAIL: indirect_write -O3 -findirect-dispatch compilation from source
FAIL: initexc compilation from source
FAIL: initexc -findirect-dispatch compilation from source
FAIL: initexc -O3 compilation from source
FAIL: initexc -O3 -findirect-dispatch compilation from source
FAIL: initfield compilation from source
FAIL: initfield -findirect-dispatch compilation from source
FAIL: initfield -O3 compilation from source
FAIL: initfield -O3 -findirect-dispatch compilation from source
FAIL: inline compilation from source
FAIL: inline -findirect-dispatch compilation from source
FAIL: inline -O3 compilation from source
FAIL: inline -O3 -findirect-dispatch compilation from source
FAIL: inner1 compilation from source
FAIL: inner1 -findirect-dispatch compilation from source
FAIL: inner1 -O3 compilation from source
FAIL: inner1 -O3 -findirect-dispatch compilation from source
FAIL: inner2 compilation from source
FAIL: inner2 -findirect-dispatch compilation from source
FAIL: inner2 -O3 compilation from source
FAIL: inner2 -O3 -findirect-dispatch compilation from source
FAIL: inner3 compilation from source
FAIL: inner3 -findirect-dispatch compilation from source
FAIL: inner3 -O3 compilation from source
FAIL: inner3 -O3 -findirect-dispatch compilation from source
FAIL: inner4 compilation from source
FAIL: inner4 -findirect-dispatch compilation from source
FAIL: inner4 -O3 compilation from source
FAIL: inner4 -O3 -findirect-dispatch compilation from source
FAIL: inner_array compilation from source
FAIL: inner_array -findirect-dispatch compilation from source
FAIL: inner_array -O3 compilation from source
FAIL: inner_array -O3 -findirect-dispatch compilation from source
FAIL: inner_interface compilation from source
FAIL: inner_interface -findirect-dispatch compilation from source
FAIL: inner_interface -O3 compilation from source
FAIL: inner_interface -O3 -findirect-dispatch compilation from source
FAIL: instance compilation from source
FAIL: instance -findirect-dispatch compilation from source
FAIL: instance -O3 compilation from source
FAIL: instance -O3 -findirect-dispatch compilation from source
FAIL: instinit compilation from source
FAIL: instinit -findirect-dispatch compilation from source
FAIL: instinit -O3 compilation from source
FAIL: instinit -O3 -findirect-dispatch compilation from source
FAIL: instinit2 compilation from source
FAIL: instinit2 -findirect-dispatch compilation from source
FAIL: instinit2 -O3 compilation from source
FAIL: instinit2 -O3 -findirect-dispatch compilation from source
FAIL: invoke_from_inner compilation from source
FAIL: invoke_from_inner -findirect-dispatch compilation from source
FAIL: invoke_from_inner -O3 compilation from source
FAIL: invoke_from_inner -O3 -findirect-dispatch compilation from source
FAIL: invokethrow compilation from source
FAIL: invokethrow -findirect-dispatch compilation from source
FAIL: invokethrow -O3 compilation from source
FAIL: invokethrow -O3 -findirect-dispatch compilation from source
FAIL: klass compilation from source
FAIL: klass -findirect-dispatch compilation from source
FAIL: klass -O3 compilation from source
FAIL: klass -O3 -findirect-dispatch compilation from source
FAIL: md5test compilation from source
FAIL: md5test -findirect-dispatch compilation from source
FAIL: md5test -O3 compilation from source
FAIL: md5test -O3 -findirect-dispatch compilation from source
FAIL: multiple_finit compilation from source
FAIL: multiple_finit -findirect-dispatch compilation from source
FAIL: multiple_finit -O3 compilation from source
FAIL: multiple_finit -O3 -findirect-dispatch compilation from source
FAIL: negzero compilation from source
FAIL: negzero -findirect-dispatch compilation from source
FAIL: negzero -O3 compilation from source
FAIL: negzero -O3 -findirect-dispatch compilation from source
FAIL: nested_with_ctor compilation from source
FAIL: nested_with_ctor -findirect-dispatch compilation from source
FAIL: nested_with_ctor -O3 compilation from source
FAIL: nested_with_ctor -O3 -findirect-dispatch compilation from source
FAIL: newarray_overflow compilation from source
FAIL: newarray_overflow -findirect-dispatch compilation from source
FAIL: newarray_overflow -O3 compilation from source
FAIL: newarray_overflow -O3 -findirect-dispatch compilation from source
FAIL: override compilation from source
FAIL: override -findirect-dispatch compilation from source
FAIL: override -O3 compilation from source
FAIL: override -O3 -findirect-dispatch compilation from source
FAIL: pr109 compilation from source
FAIL: pr109 -findirect-dispatch compilation from source
FAIL: pr109 -O3 compilation from source
FAIL: pr109 -O3 -findirect-dispatch compilation from source
FAIL: pr13107 compilation from source
FAIL: pr13107 -findirect-dispatch compilation from source
FAIL: pr13107 -O3 compilation from source
FAIL: pr13107 -O3 -findirect-dispatch compilation from source
FAIL: pr13107_2 compilation from source
FAIL: pr13107_2 -findirect-dispatch compilation from source
FAIL: pr13107_2 -O3 compilation from source
FAIL: pr13107_2 -O3 -findirect-dispatch compilation from source
FAIL: pr13107_3 compilation from source
FAIL: pr13107_3 -findirect-dispatch compilation from source
FAIL: pr13107_3 -O3 compilation from source
FAIL: pr13107_3 -O3 -findirect-dispatch compilation from source
FAIL: pr133 compilation from source
FAIL: pr133 -findirect-dispatch compilation from source
FAIL: pr133 -O3 compilation from source
FAIL: pr133 -O3 -findirect-dispatch compilation from source
FAIL: pr16789 compilation from source
FAIL: pr16789 -findirect-dispatch compilation from source
FAIL: pr16789 -O3 compilation from source
FAIL: pr16789 -O3 -findirect-dispatch compilation from source
FAIL: pr17536 compilation from source
FAIL: pr17536 -findirect-dispatch compilation from source
FAIL: pr17536 -O3 compilation from source
FAIL: pr17536 -O3 -findirect-dispatch compilation from source
FAIL: pr179 compilation from source
FAIL: pr179 -findirect-dispatch compilation from source
FAIL: pr179 -O3 compilation from source
FAIL: pr179 -O3 -findirect-dispatch compilation from source
FAIL: pr184 compilation from source
FAIL: pr184 -findirect-dispatch compilation from source
FAIL: pr184 -O3 compilation from source
FAIL: pr184 -O3 -findirect-dispatch compilation from source
FAIL: pr21785 compilation from source
FAIL: pr21785 -findirect-dispatch compilation from source
FAIL: pr21785 -O3 compilation from source
FAIL: pr21785 -O3 -findirect-dispatch compilation from source
FAIL: pr21844 compilation from source
FAIL: pr21844 -findirect-dispatch compilation from source
FAIL: pr21844 -O3 compilation from source
FAIL: pr21844 -O3 -findirect-dispatch compilation from source
FAIL: pr24321 compilation from source
FAIL: pr24321 -findirect-dispatch compilation from source
FAIL: pr24321 -O3 compilation from source
FAIL: pr24321 -O3 -findirect-dispatch compilation from source
FAIL: pr25676 compilation from source
FAIL: pr25676 -findirect-dispatch compilation from source
FAIL: pr25676 -O3 compilation from source
FAIL: pr25676 -O3 -findirect-dispatch compilation from source
FAIL: pr26390 compilation from source
FAIL: pr26390 -findirect-dispatch compilation from source
FAIL: pr26390 -O3 compilation from source
FAIL: pr26390 -O3 -findirect-dispatch compilation from source
FAIL: pr26990 compilation from source
FAIL: pr26990 -findirect-dispatch compilation from source
FAIL: pr26990 -O3 compilation from source
FAIL: pr26990 -O3 -findirect-dispatch compilation from source
FAIL: pr27171 compilation from source
FAIL: pr27171 -findirect-dispatch compilation from source
FAIL: pr27171 -O3 compilation from source
FAIL: pr27171 -O3 -findirect-dispatch compilation from source
FAIL: pr6388 compilation from source
FAIL: pr6388 -findirect-dispatch compilation from source
FAIL: pr6388 -O3 compilation from source
FAIL: pr6388 -O3 -findirect-dispatch compilation from source
FAIL: pr83 compilation from source
FAIL: pr83 -findirect-dispatch compilation from source
FAIL: pr83 -O3 compilation from source
FAIL: pr83 -O3 -findirect-dispatch compilation from source
FAIL: pr8415 compilation from source
FAIL: pr8415 -findirect-dispatch compilation from source
FAIL: pr8415 -O3 compilation from source
FAIL: pr8415 -O3 -findirect-dispatch compilation from source
FAIL: pr8676 compilation from source
FAIL: pr8676 -findirect-dispatch compilation from source
FAIL: pr8676 -O3 compilation from source
FAIL: pr8676 -O3 -findirect-dispatch compilation from source
FAIL: pr8823 compilation from source
FAIL: pr8823 -findirect-dispatch compilation from source
FAIL: pr8823 -O3 compilation from source
FAIL: pr8823 -O3 -findirect-dispatch compilation from source
FAIL: pr8945 compilation from source
FAIL: pr8945 -findirect-dispatch compilation from source
FAIL: pr8945 -O3 compilation from source
FAIL: pr8945 -O3 -findirect-dispatch compilation from source
FAIL: private_direct_read compilation from source
FAIL: private_direct_read -findirect-dispatch compilation from source
FAIL: private_direct_read -O3 compilation from source
FAIL: private_direct_read -O3 -findirect-dispatch compilation from source
FAIL: search_outer compilation from source
FAIL: search_outer -findirect-dispatch compilation from source
FAIL: search_outer -O3 compilation from source
FAIL: search_outer -O3 -findirect-dispatch compilation from source
FAIL: shatest compilation from source
FAIL: shatest -findirect-dispatch compilation from source
FAIL: shatest -O3 compilation from source
FAIL: shatest -O3 -findirect-dispatch compilation from source
FAIL: stacktrace compilation from source
FAIL: stacktrace -findirect-dispatch compilation from source
FAIL: stacktrace -O3 compilation from source
FAIL: stacktrace -O3 -findirect-dispatch compilation from source
FAIL: stringconst compilation from source
FAIL: stringconst -findirect-dispatch compilation from source
FAIL: stringconst -O3 compilation from source
FAIL: stringconst -O3 -findirect-dispatch compilation from source
FAIL: stringconst2 compilation from source
FAIL: stringconst2 -findirect-dispatch compilation from source
FAIL: stringconst2 -O3 compilation from source
FAIL: stringconst2 -O3 -findirect-dispatch compilation from source
FAIL: stub compilation from source
FAIL: stub -findirect-dispatch compilation from source
FAIL: stub -O3 compilation from source
FAIL: stub -O3 -findirect-dispatch compilation from source
FAIL: test_long compilation from source
FAIL: test_long -findirect-dispatch compilation from source
FAIL: test_long -O3 compilation from source
FAIL: test_long -O3 -findirect-dispatch compilation from source
FAIL: tmi compilation from source
FAIL: tmi -findirect-dispatch compilation from source
FAIL: tmi -O3 compilation from source
FAIL: tmi -O3 -findirect-dispatch compilation from source
FAIL: tp compilation from source
FAIL: tp -findirect-dispatch compilation from source
FAIL: tp -O3 compilation from source
FAIL: tp -O3 -findirect-dispatch compilation from source
FAIL: update_outer compilation from source
FAIL: update_outer -findirect-dispatch compilation from source
FAIL: update_outer -O3 compilation from source
FAIL: update_outer -O3 -findirect-dispatch compilation from source
FAIL: utf8concat compilation from source
FAIL: utf8concat -findirect-dispatch compilation from source
FAIL: utf8concat -O3 compilation from source
FAIL: utf8concat -O3 -findirect-dispatch compilation from source
FAIL: utilTest compilation from source
FAIL: utilTest -findirect-dispatch compilation from source
FAIL: utilTest -O3 compilation from source
FAIL: utilTest -O3 -findirect-dispatch compilation from source
FAIL: verify compilation from source
FAIL: verify -findirect-dispatch compilation from source
FAIL: verify -O3 compilation from source
FAIL: verify -O3 -findirect-dispatch compilation from source
FAIL: TestEarlyGC compilation from source
FAIL: TestLeak compilation from source
FAIL: TestMultiple compilation from source
FAIL: TestParent compilation from source

		=== libjava Summary for unix/-m32 ===

# of expected passes		52
# of unexpected failures	835
# of expected failures		35
# of untested testcases		1596

Running target unix

		=== libjava Summary for unix ===

# of expected passes		2574

		=== libjava Summary ===

# of expected passes		2626
# of unexpected failures	835
# of expected failures		35
# of untested testcases		1596
		=== libmudflap tests ===


Running target unix/-m32
FAIL: libmudflap.c/pass49-frag.c execution test
FAIL: libmudflap.c/pass49-frag.c output pattern test
FAIL: libmudflap.c/pass49-frag.c execution test
FAIL: libmudflap.c/pass49-frag.c output pattern test
FAIL: libmudflap.c/pass49-frag.c (-static) execution test
FAIL: libmudflap.c/pass49-frag.c (-static) output pattern test
FAIL: libmudflap.c/pass49-frag.c (-static) execution test
FAIL: libmudflap.c/pass49-frag.c (-static) output pattern test
FAIL: libmudflap.c/pass49-frag.c (-O2) execution test
FAIL: libmudflap.c/pass49-frag.c (-O2) output pattern test
FAIL: libmudflap.c/pass49-frag.c (-O2) execution test
FAIL: libmudflap.c/pass49-frag.c (-O2) output pattern test
FAIL: libmudflap.c/pass49-frag.c (-O3) execution test
FAIL: libmudflap.c/pass49-frag.c (-O3) output pattern test
FAIL: libmudflap.c/pass49-frag.c (-O3) execution test
FAIL: libmudflap.c/pass49-frag.c (-O3) output pattern test

		=== libmudflap Summary for unix/-m32 ===

# of expected passes		1878
# of unexpected failures	16

Running target unix
FAIL: libmudflap.c/pass49-frag.c execution test
FAIL: libmudflap.c/pass49-frag.c output pattern test
FAIL: libmudflap.c/pass49-frag.c execution test
FAIL: libmudflap.c/pass49-frag.c output pattern test
FAIL: libmudflap.c/pass49-frag.c (-O2) execution test
FAIL: libmudflap.c/pass49-frag.c (-O2) output pattern test
FAIL: libmudflap.c/pass49-frag.c (-O2) execution test
FAIL: libmudflap.c/pass49-frag.c (-O2) output pattern test
FAIL: libmudflap.c/pass49-frag.c (-O3) execution test
FAIL: libmudflap.c/pass49-frag.c (-O3) output pattern test
FAIL: libmudflap.c/pass49-frag.c (-O3) execution test
FAIL: libmudflap.c/pass49-frag.c (-O3) output pattern test

		=== libmudflap Summary for unix ===

# of expected passes		1415
# of unexpected failures	12

		=== libmudflap Summary ===

# of expected passes		3293
# of unexpected failures	28
		=== libstdc++ tests ===


Running target unix

		=== libstdc++ Summary for unix ===

# of expected passes		8239
# of expected failures		85
# of unsupported tests		108

Running target unix/-m32

		=== libstdc++ Summary for unix/-m32 ===

# of expected passes		8239
# of expected failures		85
# of unsupported tests		108

		=== libstdc++ Summary ===

# of expected passes		16478
# of expected failures		170
# of unsupported tests		216

Compiler version: 4.6.0 20101227 (experimental) [trunk revision 168267] (GCC) 
Platform: x86_64-suse-linux-gnu
configure flags: --prefix=/opt/gcc/4.6-devel --enable-checking=yes,rtl --enable-gold --enable-lto --enable-decimal-float --enable-threads=posix --enable-clocale=gnu --enable-ssp --disable-libssp --enable-libstdcxx-allocator=new --enable-__cxa_atexit --enable-shared --enable-languages=c,c++,ada,java,fortran,objc --with-system-zlib x86_64-suse-linux-gnu
Version of binutils: GNU ld (GNU Binutils; openSUSE Factory) 2.20.0.20100122-11
Version of glibc (/lib/libc.so.6): 2.11.3 (20101130)
Version of glibc (/lib64/libc.so.6): 2.11.3 (20101130)


Index Nav: [Date Index] [Subject Index] [Author Index] [Thread Index]
Message Nav: [Date Prev] [Date Next] [Thread Prev] [Thread Next]