This is the mail archive of the
gcc-testresults@gcc.gnu.org
mailing list for the GCC project.
Results for 4.4.6 20101223 (prerelease) [gcc-4_4-branch revision 168214] (GCC) testsuite on hppa-unknown-linux-gnu
- From: dave at mx3210 dot hia dot nrc dot ca (dave)
- To: dave at mx3210 dot hia dot nrc dot ca, gcc-testresults at gcc dot gnu dot org
- Date: Fri, 24 Dec 2010 12:28:04 -0500 (EST)
- Subject: Results for 4.4.6 20101223 (prerelease) [gcc-4_4-branch revision 168214] (GCC) testsuite on hppa-unknown-linux-gnu
LAST_UPDATED: Thu Dec 23 19:31:26 UTC 2010 (revision 168214)
=== acats tests ===
FAIL: c954023
=== acats Summary ===
# of expected passes 2314
# of unexpected failures 1
Native configuration is hppa-unknown-linux-gnu
=== gcc tests ===
Running target unix
XPASS: gcc.dg/tree-ssa/loop-1.c scan-assembler-times foo 5
=== gcc Summary ===
# of expected passes 50837
# of unexpected successes 1
# of expected failures 114
# of unsupported tests 551
/home/dave/gnu/gcc/objdir/gcc/xgcc version 4.4.6 20101223 (prerelease) [gcc-4_4-branch revision 168214] (GCC)
=== gfortran tests ===
Running target unix
=== gfortran Summary ===
# of expected passes 29481
# of expected failures 9
# of unsupported tests 266
/home/dave/gnu/gcc/objdir/gcc/testsuite/gfortran/../../gfortran version 4.4.6 20101223 (prerelease) [gcc-4_4-branch revision 168214] (GCC)
=== g++ tests ===
Running target unix
=== g++ Summary ===
# of expected passes 19667
# of expected failures 157
# of unsupported tests 166
/home/dave/gnu/gcc/objdir/gcc/testsuite/g++/../../g++ version 4.4.6 20101223 (prerelease) [gcc-4_4-branch revision 168214] (GCC)
=== gnat tests ===
Running target unix
=== gnat Summary ===
# of expected passes 620
# of expected failures 6
=== obj-c++ tests ===
Running target unix
XPASS: obj-c++.dg/comp-types-10.mm (test for excess errors)
UNRESOLVED: obj-c++.dg/lookup-2.mm compilation failed to produce executable
UNRESOLVED: obj-c++.dg/try-catch-2.mm compilation failed to produce executable
UNRESOLVED: obj-c++.dg/try-catch-9.mm compilation failed to produce executable
=== obj-c++ Summary ===
# of expected passes 436
# of unexpected successes 1
# of expected failures 9
# of unresolved testcases 3
# of unsupported tests 13
/home/dave/gnu/gcc/objdir/gcc/testsuite/obj-c++/../../g++ version 4.4.6 20101223 (prerelease) [gcc-4_4-branch revision 168214] (GCC)
=== objc tests ===
Running target unix
=== objc Summary ===
# of expected passes 1866
# of expected failures 15
# of unsupported tests 24
/home/dave/gnu/gcc/objdir/gcc/xgcc version 4.4.6 20101223 (prerelease) [gcc-4_4-branch revision 168214] (GCC)
=== libffi tests ===
Running target unix
=== libffi Summary ===
# of expected passes 1399
# of unsupported tests 10
=== libgomp tests ===
Running target unix
=== libgomp Summary ===
# of expected passes 2478
# of unsupported tests 7
=== libjava tests ===
Running target unix
FAIL: events output
=== libjava Summary ===
# of expected passes 2573
# of unexpected failures 1
=== libmudflap tests ===
Running target unix
FAIL: libmudflap.c++/pass41-frag.cxx execution test
FAIL: libmudflap.c++/pass41-frag.cxx (-static) execution test
FAIL: libmudflap.c++/pass41-frag.cxx ( -O) execution test
FAIL: libmudflap.c++/pass41-frag.cxx (-O2) execution test
FAIL: libmudflap.c++/pass41-frag.cxx (-O3) execution test
=== libmudflap Summary ===
# of expected passes 1889
# of unexpected failures 5
=== libstdc++ tests ===
Running target unix
FAIL: 26_numerics/complex/13450.cc (test for excess errors)
UNRESOLVED: 26_numerics/complex/13450.cc compilation failed to produce executable
FAIL: 26_numerics/complex/pow.cc (test for excess errors)
UNRESOLVED: 26_numerics/complex/pow.cc compilation failed to produce executable
FAIL: tr1/8_c_compatibility/complex/overloads_float.cc (test for excess errors)
FAIL: tr1/8_c_compatibility/complex/overloads_int.cc (test for excess errors)
UNRESOLVED: tr1/8_c_compatibility/complex/overloads_int.cc compilation failed to produce executable
=== libstdc++ Summary ===
# of expected passes 5867
# of unexpected failures 4
# of expected failures 80
# of unresolved testcases 3
# of unsupported tests 336
Compiler version: 4.4.6 20101223 (prerelease) [gcc-4_4-branch revision 168214] (GCC)
Platform: hppa-unknown-linux-gnu
configure flags: --with-gnu-as --with-gnu-ld --enable-shared --prefix=/home/dave/opt/gnu/gcc/gcc-4.6.0 --with-local-prefix=/home/dave/opt/gnu --enable-threads=posix --enable-__cxa_atexit --build=hppa-linux --enable-clocale=gnu --enable-java-gc=boehm --with-host-libstdcxx=/usr/lib/libstdc++.so.6 --enable-languages=c,c++,objc,fortran,obj-c++,java,ada