This is the mail archive of the gcc-testresults@gcc.gnu.org mailing list for the GCC project.


Index Nav: [Date Index] [Subject Index] [Author Index] [Thread Index]
Message Nav: [Date Prev] [Date Next] [Thread Prev] [Thread Next]
Other format: [Raw text]

Results for 4.6.0 20101223 (experimental) [trunk revision 168211] (GCC) testsuite on powerpc64-unknown-linux-gnu


Linux 2.6.16.46-0.4-ppc64 ppc64
GNU C Library development release version 2.4 (20070330)
GNU ld (GNU Binutils) 2.20
GNU assembler (GNU Binutils) 2.20
GNU Make 3.80

DejaGnu:
	Expect version is	5.43.0
	Tcl version is		8.4
	Framework version is	1.4.4

32-bit biarch default32

LAST_UPDATED: Thu Dec 23 17:05:20 UTC 2010 (revision 168211)

Native configuration is powerpc64-unknown-linux-gnu

		=== gcc tests ===


Running target unix/-m32
FAIL: gcc.dg/compat/vector-1 c_compat_x_tst.o-c_compat_y_tst.o execute 
FAIL: gcc.dg/compat/vector-2 c_compat_x_tst.o-c_compat_y_tst.o execute 
FAIL: tmpdir-gcc.dg-struct-layout-1/t025 c_compat_x_tst.o-c_compat_y_tst.o execute 
FAIL: tmpdir-gcc.dg-struct-layout-1/t027 c_compat_x_tst.o-c_compat_y_tst.o execute 
FAIL: tmpdir-gcc.dg-struct-layout-1/t028 c_compat_x_tst.o-c_compat_y_tst.o execute 
FAIL: gcc.dg/and-1.c scan-assembler-not nand
FAIL: gcc.dg/c99-vla-jump-3.c (test for excess errors)
FAIL: gcc.dg/cproj-fails-with-broken-glibc.c execution test
FAIL: gcc.dg/pr46909.c scan-tree-dump ifcombine "optimizing two comparisons to x_[0-9]+\\(D\\) != 4"
FAIL: gcc.dg/sms-2.c scan-rtl-dump-times sms "SMS succeeded" 1
FAIL: gcc.dg/sms-3.c scan-rtl-dump-times sms "SMS succeeded" 1
FAIL: gcc.dg/sms-4.c scan-rtl-dump-times sms "SMS succeeded" 1
FAIL: gcc.dg/sms-5.c scan-rtl-dump-times sms "SMS succeeded" 1
FAIL: gcc.dg/sms-6.c scan-rtl-dump-times sms "SMS succeeded" 3
FAIL: gcc.dg/sms-7.c scan-rtl-dump-times sms "SMS succeeded" 3
FAIL: gcc.dg/sms-8.c scan-rtl-dump-times sms "SMS succeeded" 1
FAIL: gcc.dg/graphite/id-pr46845.c (test for excess errors)
FAIL: gcc.dg/torture/va-arg-25.c  -O0  (test for excess errors)
FAIL: gcc.dg/torture/va-arg-25.c  -O1  (test for excess errors)
FAIL: gcc.dg/torture/va-arg-25.c  -O2  (test for excess errors)
FAIL: gcc.dg/torture/va-arg-25.c  -O3 -fomit-frame-pointer  (test for excess errors)
FAIL: gcc.dg/torture/va-arg-25.c  -O3 -g  (test for excess errors)
FAIL: gcc.dg/torture/va-arg-25.c  -Os  (test for excess errors)
FAIL: gcc.dg/torture/va-arg-25.c  -O2 -flto -flto-partition=none  (test for excess errors)
FAIL: gcc.dg/torture/va-arg-25.c  -O2 -flto  (test for excess errors)
FAIL: gcc.dg/torture/vector-1.c  -O0  (test for excess errors)
FAIL: gcc.dg/torture/vector-1.c  -O1  (test for excess errors)
FAIL: gcc.dg/torture/vector-1.c  -O2  (test for excess errors)
FAIL: gcc.dg/torture/vector-1.c  -O3 -fomit-frame-pointer  (test for excess errors)
FAIL: gcc.dg/torture/vector-1.c  -O3 -g  (test for excess errors)
FAIL: gcc.dg/torture/vector-1.c  -Os  (test for excess errors)
FAIL: gcc.dg/torture/vector-1.c  -O2 -flto -flto-partition=none  (test for excess errors)
FAIL: gcc.dg/torture/vector-1.c  -O2 -flto  (test for excess errors)
FAIL: gcc.dg/torture/vector-2.c  -O0  (test for excess errors)
FAIL: gcc.dg/torture/vector-2.c  -O1  (test for excess errors)
FAIL: gcc.dg/torture/vector-2.c  -O2  (test for excess errors)
FAIL: gcc.dg/torture/vector-2.c  -O3 -fomit-frame-pointer  (test for excess errors)
FAIL: gcc.dg/torture/vector-2.c  -O3 -g  (test for excess errors)
FAIL: gcc.dg/torture/vector-2.c  -Os  (test for excess errors)
FAIL: gcc.dg/torture/vector-2.c  -O2 -flto -flto-partition=none  (test for excess errors)
FAIL: gcc.dg/torture/vector-2.c  -O2 -flto  (test for excess errors)
FAIL: gcc.dg/torture/vector-shift2.c  -O0  execution test
FAIL: gcc.dg/torture/vector-shift2.c  -O1  execution test
FAIL: gcc.dg/torture/vector-shift2.c  -O2  execution test
FAIL: gcc.dg/torture/vector-shift2.c  -O3 -fomit-frame-pointer  execution test
FAIL: gcc.dg/torture/vector-shift2.c  -O3 -g  execution test
FAIL: gcc.dg/torture/vector-shift2.c  -Os  execution test
FAIL: gcc.dg/torture/vector-shift2.c  -O2 -flto -flto-partition=none  execution test
FAIL: gcc.dg/torture/vector-shift2.c  -O2 -flto  execution test
FAIL: gcc.dg/tree-ssa/foldconst-2.c scan-tree-dump-not optimized "fundamentals.0"
FAIL: gcc.dg/tree-ssa/vrp47.c scan-tree-dump-times vrp1 "[xy][^ ]* !=" 0
FAIL: gcc.dg/tree-ssa/vrp47.c scan-tree-dump-times dom1 "x[^ ]* & y" 1
XPASS: gcc.dg/vect/costmodel/ppc/costmodel-vect-outer-fir.c scan-tree-dump-times vect "OUTER LOOP VECTORIZED" 2
FAIL: gcc.dg/vect/costmodel/ppc/costmodel-vect-outer-fir.c scan-tree-dump-times vect "OUTER LOOP VECTORIZED" 1
FAIL: gcc.target/powerpc/405-dlmzb-strlen-1.c scan-assembler dlmzb\\\\. 
FAIL: gcc.target/powerpc/440-dlmzb-strlen-1.c scan-assembler dlmzb\\\\. 
FAIL: gcc.target/powerpc/ppc-vector-memcpy.c scan-assembler lvx

		=== gcc Summary for unix/-m32 ===

# of expected passes		72894
# of unexpected failures	56
# of unexpected successes	1
# of expected failures		205
# of unsupported tests		1013

Running target unix/-m64
FAIL: gcc.dg/and-1.c scan-assembler-not nand
FAIL: gcc.dg/c99-typespec-1.c unsigned long long int unsigned (test for errors, line 1162)
FAIL: gcc.dg/c99-typespec-1.c unsigned long long int _Bool (test for errors, line 1163)
FAIL: gcc.dg/c99-typespec-1.c unsigned long long int _Complex (test for errors, line 1164)
FAIL: gcc.dg/cproj-fails-with-broken-glibc.c execution test
FAIL: gcc.dg/pr46909.c scan-tree-dump ifcombine "optimizing two comparisons to x_[0-9]+\\(D\\) != 4"
FAIL: gcc.dg/sms-2.c scan-rtl-dump-times sms "SMS succeeded" 1
FAIL: gcc.dg/sms-4.c scan-rtl-dump-times sms "SMS succeeded" 1
FAIL: gcc.dg/sms-5.c scan-rtl-dump-times sms "SMS succeeded" 1
FAIL: gcc.dg/sms-6.c scan-rtl-dump-times sms "SMS succeeded" 3
FAIL: gcc.dg/sms-7.c scan-rtl-dump-times sms "SMS succeeded" 3
FAIL: gcc.dg/sms-8.c scan-rtl-dump-times sms "SMS succeeded" 1
FAIL: gcc.dg/stack-usage-1.c scan-file foo\\t(256|264)\\tstatic
FAIL: gcc.dg/graphite/id-pr46845.c (test for excess errors)
FAIL: gcc.dg/lto/20090116 c_lto_20090116_0.o-c_lto_20090116_0.o link, -O1 -flto -flto-partition=1to1 -fPIC (internal compiler error)
UNRESOLVED: gcc.dg/lto/20090116 c_lto_20090116_0.o-c_lto_20090116_0.o execute -O1 -flto -flto-partition=1to1 -fPIC
FAIL: gcc.dg/torture/vector-shift2.c  -O0  execution test
FAIL: gcc.dg/torture/vector-shift2.c  -O1  execution test
FAIL: gcc.dg/torture/vector-shift2.c  -O2  execution test
FAIL: gcc.dg/torture/vector-shift2.c  -O3 -fomit-frame-pointer  execution test
FAIL: gcc.dg/torture/vector-shift2.c  -O3 -g  execution test
FAIL: gcc.dg/torture/vector-shift2.c  -Os  execution test
FAIL: gcc.dg/torture/vector-shift2.c  -O2 -flto -flto-partition=none  execution test
FAIL: gcc.dg/torture/vector-shift2.c  -O2 -flto  execution test
FAIL: gcc.dg/tree-ssa/foldconst-2.c scan-tree-dump-not optimized "fundamentals.0"
FAIL: gcc.dg/tree-ssa/vrp47.c scan-tree-dump-times vrp1 "[xy][^ ]* !=" 0
FAIL: gcc.dg/tree-ssa/vrp47.c scan-tree-dump-times dom1 "x[^ ]* & y" 1
XPASS: gcc.dg/vect/costmodel/ppc/costmodel-vect-outer-fir.c scan-tree-dump-times vect "OUTER LOOP VECTORIZED" 2
FAIL: gcc.dg/vect/costmodel/ppc/costmodel-vect-outer-fir.c scan-tree-dump-times vect "OUTER LOOP VECTORIZED" 1
FAIL: gcc.target/powerpc/ppc-vector-memcpy.c scan-assembler lvx
FAIL: gcc.target/powerpc/ppc64-abi-dfp-1.c execution test

		=== gcc Summary for unix/-m64 ===

# of expected passes		73534
# of unexpected failures	29
# of unexpected successes	1
# of expected failures		216
# of unresolved testcases	1
# of unsupported tests		1055

		=== gcc Summary ===

# of expected passes		146428
# of unexpected failures	85
# of unexpected successes	2
# of expected failures		421
# of unresolved testcases	1
# of unsupported tests		2068
/home/gccbuild/build/nightly/build-gcc-trunk/gcc/xgcc  version 4.6.0 20101223 (experimental) [trunk revision 168211] (GCC) 

		=== gfortran tests ===


Running target unix/-m32
XPASS: gfortran.dg/default_format_denormal_2.f90  -O0  execution test
XPASS: gfortran.dg/default_format_denormal_2.f90  -O1  execution test
XPASS: gfortran.dg/default_format_denormal_2.f90  -O2  execution test
XPASS: gfortran.dg/default_format_denormal_2.f90  -O3 -fomit-frame-pointer  execution test
XPASS: gfortran.dg/default_format_denormal_2.f90  -O3 -fomit-frame-pointer -funroll-loops  execution test
XPASS: gfortran.dg/default_format_denormal_2.f90  -O3 -fomit-frame-pointer -funroll-all-loops -finline-functions  execution test
XPASS: gfortran.dg/default_format_denormal_2.f90  -O3 -g  execution test
XPASS: gfortran.dg/default_format_denormal_2.f90  -Os  execution test

		=== gfortran Summary for unix/-m32 ===

# of expected passes		37397
# of unexpected successes	8
# of expected failures		70
# of unsupported tests		197

Running target unix/-m64
XPASS: gfortran.dg/default_format_denormal_2.f90  -O0  execution test
XPASS: gfortran.dg/default_format_denormal_2.f90  -O1  execution test
XPASS: gfortran.dg/default_format_denormal_2.f90  -O2  execution test
XPASS: gfortran.dg/default_format_denormal_2.f90  -O3 -fomit-frame-pointer  execution test
XPASS: gfortran.dg/default_format_denormal_2.f90  -O3 -fomit-frame-pointer -funroll-loops  execution test
XPASS: gfortran.dg/default_format_denormal_2.f90  -O3 -fomit-frame-pointer -funroll-all-loops -finline-functions  execution test
XPASS: gfortran.dg/default_format_denormal_2.f90  -O3 -g  execution test
XPASS: gfortran.dg/default_format_denormal_2.f90  -Os  execution test
FAIL: gfortran.dg/pr25923.f90  -O  PR45505 (test for warnings, line 13)
FAIL: gfortran.dg/pr25923.f90  -O  PR45505 (test for bogus messages, line 22)

		=== gfortran Summary for unix/-m64 ===

# of expected passes		37660
# of unexpected failures	2
# of unexpected successes	8
# of expected failures		68
# of unsupported tests		76

		=== gfortran Summary ===

# of expected passes		75057
# of unexpected failures	2
# of unexpected successes	16
# of expected failures		138
# of unsupported tests		273
/home/gccbuild/build/nightly/build-gcc-trunk/gcc/testsuite/gfortran/../../gfortran  version 4.6.0 20101223 (experimental) [trunk revision 168211] (GCC) 

		=== g++ tests ===


Running target unix/-m32
WARNING: program timed out.
FAIL: g++.dg/bprob/g++-bprob-2.C execution,    -Os  -fprofile-use
FAIL: tmpdir-g++.dg-struct-layout-1/t024 cp_compat_x_tst.o-cp_compat_y_tst.o execute 
FAIL: tmpdir-g++.dg-struct-layout-1/t026 cp_compat_x_tst.o-cp_compat_y_tst.o execute 
FAIL: tmpdir-g++.dg-struct-layout-1/t027 cp_compat_x_tst.o-cp_compat_y_tst.o execute 
FAIL: tmpdir-g++.dg-struct-layout-1/t028 cp_compat_x_tst.o-cp_compat_y_tst.o execute 
FAIL: tmpdir-g++.dg-struct-layout-1/t029 cp_compat_x_tst.o-cp_compat_y_tst.o execute 
FAIL: tmpdir-g++.dg-struct-layout-1/t030 cp_compat_x_tst.o-cp_compat_y_tst.o execute 
FAIL: g++.dg/ext/altivec-15.C (test for excess errors)
FAIL: g++.dg/template/char1.C  (test for warnings, line 4)

		=== g++ Summary for unix/-m32 ===

# of expected passes		26191
# of unexpected failures	9
# of expected failures		158
# of unsupported tests		355

Running target unix/-m64
FAIL: g++.dg/ext/altivec-15.C (test for excess errors)
FAIL: g++.dg/template/char1.C  (test for warnings, line 4)

		=== g++ Summary for unix/-m64 ===

# of expected passes		26809
# of unexpected failures	2
# of expected failures		158
# of unsupported tests		353

		=== g++ Summary ===

# of expected passes		53000
# of unexpected failures	11
# of expected failures		316
# of unsupported tests		708
/home/gccbuild/build/nightly/build-gcc-trunk/gcc/testsuite/g++/../../g++  version 4.6.0 20101223 (experimental) [trunk revision 168211] (GCC) 

		=== obj-c++ tests ===


Running target unix/-m32
WARNING: obj-c++.dg/try-catch-2.mm -fgnu-runtime compilation failed to produce executable
WARNING: obj-c++.dg/try-catch-9.mm -fgnu-runtime compilation failed to produce executable

		=== obj-c++ Summary for unix/-m32 ===

# of expected passes		1275
# of expected failures		2
# of unsupported tests		86

Running target unix/-m64
WARNING: obj-c++.dg/try-catch-2.mm -fgnu-runtime compilation failed to produce executable
WARNING: obj-c++.dg/try-catch-9.mm -fgnu-runtime compilation failed to produce executable

		=== obj-c++ Summary for unix/-m64 ===

# of expected passes		1267
# of expected failures		10
# of unsupported tests		86

		=== obj-c++ Summary ===

# of expected passes		2542
# of expected failures		12
# of unsupported tests		172
/home/gccbuild/build/nightly/build-gcc-trunk/gcc/testsuite/obj-c++/../../g++  version 4.6.0 20101223 (experimental) [trunk revision 168211] (GCC) 

		=== objc tests ===


Running target unix/-m32
XPASS: objc.dg-struct-layout-encoding-1/t025_main.m execution test
XPASS: objc.dg-struct-layout-encoding-1/t026_main.m execution test
XPASS: objc.dg-struct-layout-encoding-1/t027_main.m execution test
XPASS: objc.dg-struct-layout-encoding-1/t028_main.m execution test
XPASS: objc.dg-struct-layout-encoding-1/t029_main.m execution test
XPASS: objc.dg-struct-layout-encoding-1/t030_main.m execution test
XPASS: objc.dg-struct-layout-encoding-1/t031_main.m execution test

		=== objc Summary for unix/-m32 ===

# of expected passes		2780
# of unexpected successes	7
# of expected failures		10
# of unsupported tests		74

Running target unix/-m64
XPASS: objc.dg-struct-layout-encoding-1/t025_main.m execution test
XPASS: objc.dg-struct-layout-encoding-1/t026_main.m execution test
XPASS: objc.dg-struct-layout-encoding-1/t027_main.m execution test
XPASS: objc.dg-struct-layout-encoding-1/t028_main.m execution test
XPASS: objc.dg-struct-layout-encoding-1/t029_main.m execution test
XPASS: objc.dg-struct-layout-encoding-1/t030_main.m execution test
XPASS: objc.dg-struct-layout-encoding-1/t031_main.m execution test

		=== objc Summary for unix/-m64 ===

# of expected passes		2780
# of unexpected successes	7
# of expected failures		10
# of unsupported tests		74

		=== objc Summary ===

# of expected passes		5560
# of unexpected successes	14
# of expected failures		20
# of unsupported tests		148
/home/gccbuild/build/nightly/build-gcc-trunk/gcc/xgcc  version 4.6.0 20101223 (experimental) [trunk revision 168211] (GCC) 

		=== libgomp tests ===


Running target unix/-m32
FAIL: libgomp.graphite/force-parallel-1.c execution test

		=== libgomp Summary for unix/-m32 ===

# of expected passes		2571
# of unexpected failures	1

Running target unix/-m64
FAIL: libgomp.c/icv-2.c execution test
FAIL: libgomp.c/lock-3.c execution test
FAIL: libgomp.fortran/omp_parse1.f90  -O0  execution test
FAIL: libgomp.fortran/omp_parse1.f90  -O3 -fomit-frame-pointer  execution test
FAIL: libgomp.fortran/omp_parse1.f90  -O3 -fomit-frame-pointer -funroll-loops  execution test
FAIL: libgomp.fortran/omp_parse1.f90  -Os  execution test
FAIL: libgomp.graphite/force-parallel-1.c execution test

		=== libgomp Summary for unix/-m64 ===

# of expected passes		2565
# of unexpected failures	7

		=== libgomp Summary ===

# of expected passes		5136
# of unexpected failures	8
		=== libmudflap tests ===


Running target unix/-m32
FAIL: libmudflap.c/fail40-frag.c output pattern test
FAIL: libmudflap.c/pass49-frag.c execution test
FAIL: libmudflap.c/pass49-frag.c output pattern test
FAIL: libmudflap.c/pass49-frag.c execution test
FAIL: libmudflap.c/pass49-frag.c output pattern test
FAIL: libmudflap.c/pass51-frag.c execution test
FAIL: libmudflap.c/pass51-frag.c execution test
FAIL: libmudflap.c/fail40-frag.c (-static) output pattern test
FAIL: libmudflap.c/pass49-frag.c (-static) execution test
FAIL: libmudflap.c/pass49-frag.c (-static) output pattern test
FAIL: libmudflap.c/pass49-frag.c (-static) execution test
FAIL: libmudflap.c/pass49-frag.c (-static) output pattern test
FAIL: libmudflap.c/pass51-frag.c (-static) execution test
FAIL: libmudflap.c/pass51-frag.c (-static) execution test
FAIL: libmudflap.c/fail40-frag.c (-O2) output pattern test
FAIL: libmudflap.c/pass49-frag.c (-O2) execution test
FAIL: libmudflap.c/pass49-frag.c (-O2) output pattern test
FAIL: libmudflap.c/pass49-frag.c (-O2) execution test
FAIL: libmudflap.c/pass49-frag.c (-O2) output pattern test
FAIL: libmudflap.c/pass51-frag.c (-O2) execution test
FAIL: libmudflap.c/pass51-frag.c (-O2) execution test
FAIL: libmudflap.c/fail40-frag.c (-O3) output pattern test
FAIL: libmudflap.c/pass49-frag.c (-O3) execution test
FAIL: libmudflap.c/pass49-frag.c (-O3) output pattern test
FAIL: libmudflap.c/pass49-frag.c (-O3) execution test
FAIL: libmudflap.c/pass49-frag.c (-O3) output pattern test
FAIL: libmudflap.c/pass51-frag.c (-O3) execution test
FAIL: libmudflap.c/pass51-frag.c (-O3) execution test
FAIL: libmudflap.c++/pass28-frag.cxx (-static) (test for excess errors)
WARNING: libmudflap.c++/pass28-frag.cxx (-static) compilation failed to produce executable
FAIL: libmudflap.c++/pass41-frag.cxx (-static) (test for excess errors)
WARNING: libmudflap.c++/pass41-frag.cxx (-static) compilation failed to produce executable
FAIL: libmudflap.c++/pass55-frag.cxx (-static) (test for excess errors)
WARNING: libmudflap.c++/pass55-frag.cxx (-static) compilation failed to produce executable
WARNING: libmudflap.c++/pass57-frag.cxx (-static) compilation failed to produce executable
FAIL: libmudflap.cth/pass39-frag.c (-O3) (rerun 5) execution test
FAIL: libmudflap.cth/pass39-frag.c (-O3) (rerun 5) output pattern test

		=== libmudflap Summary for unix/-m32 ===

# of expected passes		1857
# of unexpected failures	33

Running target unix/-m64
FAIL: libmudflap.c/fail40-frag.c output pattern test
FAIL: libmudflap.c/pass49-frag.c execution test
FAIL: libmudflap.c/pass49-frag.c output pattern test
FAIL: libmudflap.c/pass49-frag.c execution test
FAIL: libmudflap.c/pass49-frag.c output pattern test
FAIL: libmudflap.c/pass51-frag.c execution test
FAIL: libmudflap.c/pass51-frag.c execution test
FAIL: libmudflap.c/fail40-frag.c (-static) output pattern test
FAIL: libmudflap.c/pass49-frag.c (-static) execution test
FAIL: libmudflap.c/pass49-frag.c (-static) output pattern test
FAIL: libmudflap.c/pass49-frag.c (-static) execution test
FAIL: libmudflap.c/pass49-frag.c (-static) output pattern test
FAIL: libmudflap.c/pass51-frag.c (-static) execution test
FAIL: libmudflap.c/pass51-frag.c (-static) execution test
FAIL: libmudflap.c/fail40-frag.c (-O2) output pattern test
FAIL: libmudflap.c/pass49-frag.c (-O2) execution test
FAIL: libmudflap.c/pass49-frag.c (-O2) output pattern test
FAIL: libmudflap.c/pass49-frag.c (-O2) execution test
FAIL: libmudflap.c/pass49-frag.c (-O2) output pattern test
FAIL: libmudflap.c/pass51-frag.c (-O2) execution test
FAIL: libmudflap.c/pass51-frag.c (-O2) execution test
FAIL: libmudflap.c/fail40-frag.c (-O3) output pattern test
FAIL: libmudflap.c/pass49-frag.c (-O3) execution test
FAIL: libmudflap.c/pass49-frag.c (-O3) output pattern test
FAIL: libmudflap.c/pass49-frag.c (-O3) execution test
FAIL: libmudflap.c/pass49-frag.c (-O3) output pattern test
FAIL: libmudflap.c/pass51-frag.c (-O3) execution test
FAIL: libmudflap.c/pass51-frag.c (-O3) execution test

		=== libmudflap Summary for unix/-m64 ===

# of expected passes		1866
# of unexpected failures	28

		=== libmudflap Summary ===

# of expected passes		3723
# of unexpected failures	61
		=== libstdc++ tests ===


Running target unix/-m32
FAIL: libstdc++-abi/abi_check

		=== libstdc++ Summary for unix/-m32 ===

# of expected passes		8226
# of unexpected failures	1
# of expected failures		85
# of unsupported tests		110

Running target unix/-m64

		=== libstdc++ Summary for unix/-m64 ===

# of expected passes		8227
# of expected failures		85
# of unsupported tests		110

		=== libstdc++ Summary ===

# of expected passes		16453
# of unexpected failures	1
# of expected failures		170
# of unsupported tests		220

Compiler version: 4.6.0 20101223 (experimental) [trunk revision 168211] (GCC) 
Platform: powerpc64-unknown-linux-gnu
configure flags: --prefix=/opt/gcc-nightly/trunk-20101223 --build=powerpc64-linux --host=powerpc64-linux --target=powerpc64-linux --with-cpu=default32 --with-as=/opt/gcc-nightly/binutils-2.20/bin/as --with-ld=/opt/gcc-nightly/binutils-2.20/bin/ld --enable-threads=posix --enable-shared --enable-__cxa_atexit --enable-languages=c,c++,fortran,objc,obj-c++ --with-long-double-128 --enable-secureplt --enable-checking --disable-alsa --with-gmp=/opt/gcc-nightly/gcc-host-libs-32 --with-mpfr=/opt/gcc-nightly/gcc-host-libs-32 --with-ppl=/opt/gcc-nightly/gcc-host-libs-32 --with-cloog=/opt/gcc-nightly/gcc-host-libs-32 --with-mpc=/opt/gcc-nightly/gcc-host-libs-32 --with-libelf=/opt/gcc-nightly/gcc-host-libs-32 --with-host-libstdcxx=-Wl,-Bstatic,-L/opt/gcc-nightly/gcc-host-libs-32/lib,-lstdc++,-Bdynamic,-lm

		=== Test Framework Summary ===

# of expected passes		2531


Index Nav: [Date Index] [Subject Index] [Author Index] [Thread Index]
Message Nav: [Date Prev] [Date Next] [Thread Prev] [Thread Next]