This is the mail archive of the
gcc-testresults@gcc.gnu.org
mailing list for the GCC project.
Results for 4.3.6 20101222 (prerelease) [gcc-4_3-branch revision 168181] (GCC) testsuite on hppa2.0w-hp-hpux11.11
- From: John David Anglin <dave at hiauly3 dot hia dot nrc dot ca>
- To: dave at hiauly3 dot hia dot nrc dot ca, gcc-testresults at gcc dot gnu dot org
- Date: Thu, 23 Dec 2010 18:59:35 -0500 (EST)
- Subject: Results for 4.3.6 20101222 (prerelease) [gcc-4_3-branch revision 168181] (GCC) testsuite on hppa2.0w-hp-hpux11.11
LAST_UPDATED: Wed Dec 22 19:51:56 UTC 2010 (revision 168181)
=== acats tests ===
FAIL: c954a01
FAIL: cxf3a01
=== acats Summary ===
# of expected passes 2313
# of unexpected failures 2
Native configuration is hppa2.0w-hp-hpux11.11
=== g++ tests ===
Running target unix
XPASS: g++.old-deja/g++.pt/static6.C (test for excess errors)
=== g++ Summary ===
# of expected passes 16635
# of unexpected successes 1
# of expected failures 94
# of unsupported tests 228
/mnt/gnu/gcc/objdir-test/gcc/testsuite/g++/../../g++ version 4.3.6 20101222 (prerelease) [gcc-4_3-branch revision 168181] (GCC)
=== gcc tests ===
Running target unix
XPASS: gcc.dg/cpp/cmdlne-dI-M.c scan-file (^|\\\\n)cmdlne-dI-M.*:[^\\\\n]*cmdlne-dI-M.c
XPASS: gcc.dg/cpp/cmdlne-dM-M.c scan-file (^|\\\\n)cmdlne-dM-M[^\\\\n]*:[^\\\\n]*cmdlne-dM-M.c
=== gcc Summary ===
# of expected passes 45745
# of unexpected successes 2
# of expected failures 91
# of untested testcases 35
# of unsupported tests 500
/mnt/gnu/gcc/objdir-test/gcc/xgcc version 4.3.6 20101222 (prerelease) [gcc-4_3-branch revision 168181] (GCC)
=== gfortran tests ===
Running target unix
=== gfortran Summary ===
# of expected passes 24719
# of expected failures 3
# of unsupported tests 162
/mnt/gnu/gcc/objdir-test/gcc/testsuite/gfortran/../../gfortran version 4.3.6 20101222 (prerelease) [gcc-4_3-branch revision 168181] (GCC)
=== gnat tests ===
Running target unix
=== gnat Summary ===
# of expected passes 376
# of expected failures 1
=== obj-c++ tests ===
Running target unix
WARNING: obj-c++.dg/lookup-2.mm compilation failed to produce executable
WARNING: obj-c++.dg/try-catch-2.mm compilation failed to produce executable
WARNING: obj-c++.dg/try-catch-9.mm compilation failed to produce executable
=== obj-c++ Summary ===
# of expected passes 435
# of expected failures 9
# of unsupported tests 14
/mnt/gnu/gcc/objdir-test/gcc/testsuite/obj-c++/../../g++ version 4.3.6 20101222 (prerelease) [gcc-4_3-branch revision 168181] (GCC)
=== objc tests ===
Running target unix
=== objc Summary ===
# of expected passes 1826
# of expected failures 7
# of unsupported tests 27
/mnt/gnu/gcc/objdir-test/gcc/xgcc version 4.3.6 20101222 (prerelease) [gcc-4_3-branch revision 168181] (GCC)
=== libffi tests ===
Running target unix
=== libffi Summary ===
# of expected passes 1389
# of unsupported tests 10
=== libgomp tests ===
Running target unix
=== libgomp Summary ===
# of expected passes 1749
# of unsupported tests 7
=== libjava tests ===
Running target unix
FAIL: LargeFile execution - source compiled test
FAIL: LargeFile -findirect-dispatch execution - source compiled test
FAIL: LargeFile -O3 execution - source compiled test
FAIL: LargeFile -O3 -findirect-dispatch execution - source compiled test
=== libjava Summary ===
# of expected passes 2554
# of unexpected failures 4
# of untested testcases 4
=== libstdc++ tests ===
Running target unix
=== libstdc++ Summary ===
# of expected passes 4899
# of expected failures 60
# of unsupported tests 345
Compiler version: 4.3.6 20101222 (prerelease) [gcc-4_3-branch revision 168181] (GCC)
Platform: hppa2.0w-hp-hpux11.11
configure flags: --with-gnu-as --with-as=/opt/gnu/bin/as --enable-shared --with-local-prefix=/opt/gnu --prefix=/opt/gnu/gcc/gcc-4.5 --with-gmp=/opt/gnu/gcc/gcc-4.5 --enable-threads=posix --enable-debug=no --disable-nls --disable-lto --without-cloog --without-ppl --enable-checking=release --enable-languages=c,c++,objc,fortran,java,ada,obj-c++