This is the mail archive of the
gcc-testresults@gcc.gnu.org
mailing list for the GCC project.
Results for 4.6.0 20101221 (experimental) [trunk revision 168115] (GCC) testsuite on hppa64-hp-hpux11.11
- From: John David Anglin <dave at hiauly3 dot hia dot nrc dot ca>
- To: dave at hiauly3 dot hia dot nrc dot ca, gcc-testresults at gcc dot gnu dot org
- Date: Wed, 22 Dec 2010 11:29:51 -0500 (EST)
- Subject: Results for 4.6.0 20101221 (experimental) [trunk revision 168115] (GCC) testsuite on hppa64-hp-hpux11.11
Native configuration is hppa64-hp-hpux11.11
=== g++ tests ===
Running target unix
WARNING: program timed out.
=== g++ Summary ===
# of expected passes 24376
# of expected failures 158
# of unsupported tests 582
/test/gnu/gcc/objdir/gcc/testsuite/g++/../../g++ version 4.6.0 20101221 (experimental) [trunk revision 168115] (GCC)
=== gcc tests ===
Running target unix
WARNING: program timed out.
FAIL: gcc.c-torture/compile/limits-fndefn.c -O3 -g (test for excess errors)
WARNING: program timed out.
FAIL: gcc.dg/lto/20090116 c_lto_20090116_0.o-c_lto_20090116_0.o link, -O1 -flto -flto-partition=1to1 -fPIC (internal compiler error)
UNRESOLVED: gcc.dg/lto/20090116 c_lto_20090116_0.o-c_lto_20090116_0.o execute -O1 -flto -flto-partition=1to1 -fPIC
=== gcc Summary ===
# of expected passes 65811
# of unexpected failures 2
# of expected failures 134
# of unresolved testcases 1
# of unsupported tests 1236
/test/gnu/gcc/objdir/gcc/xgcc version 4.6.0 20101221 (experimental) [trunk revision 168115] (GCC)
=== gfortran tests ===
Running target unix
FAIL: gfortran.dg/class_allocate_6.f03 -O0 execution test
FAIL: gfortran.dg/class_allocate_6.f03 -O1 execution test
FAIL: gfortran.dg/class_allocate_6.f03 -O2 execution test
FAIL: gfortran.dg/class_allocate_6.f03 -O3 -fomit-frame-pointer execution test
FAIL: gfortran.dg/class_allocate_6.f03 -O3 -fomit-frame-pointer -funroll-loops execution test
FAIL: gfortran.dg/class_allocate_6.f03 -O3 -fomit-frame-pointer -funroll-all-loops -finline-functions execution test
FAIL: gfortran.dg/class_allocate_6.f03 -O3 -g execution test
FAIL: gfortran.dg/class_allocate_6.f03 -Os execution test
=== gfortran Summary ===
# of expected passes 36362
# of unexpected failures 8
# of expected failures 40
# of unsupported tests 337
/test/gnu/gcc/objdir/gcc/testsuite/gfortran/../../gfortran version 4.6.0 20101221 (experimental) [trunk revision 168115] (GCC)
=== obj-c++ tests ===
Running target unix
WARNING: obj-c++.dg/try-catch-2.mm -fgnu-runtime compilation failed to produce executable
WARNING: obj-c++.dg/try-catch-9.mm -fgnu-runtime compilation failed to produce executable
=== obj-c++ Summary ===
# of expected passes 1267
# of expected failures 10
# of unsupported tests 86
/test/gnu/gcc/objdir/gcc/testsuite/obj-c++/../../g++ version 4.6.0 20101221 (experimental) [trunk revision 168115] (GCC)
=== objc tests ===
Running target unix
XPASS: objc.dg-struct-layout-encoding-1/t025_main.m execution test
XPASS: objc.dg-struct-layout-encoding-1/t026_main.m execution test
XPASS: objc.dg-struct-layout-encoding-1/t027_main.m execution test
XPASS: objc.dg-struct-layout-encoding-1/t028_main.m execution test
XPASS: objc.dg-struct-layout-encoding-1/t029_main.m execution test
XPASS: objc.dg-struct-layout-encoding-1/t030_main.m execution test
XPASS: objc.dg-struct-layout-encoding-1/t031_main.m execution test
=== objc Summary ===
# of expected passes 2776
# of unexpected successes 7
# of expected failures 10
# of unsupported tests 75
/test/gnu/gcc/objdir/gcc/xgcc version 4.6.0 20101221 (experimental) [trunk revision 168115] (GCC)
=== libgomp tests ===
Running target unix
=== libgomp Summary ===
# of expected passes 2508
# of unsupported tests 9
=== libstdc++ tests ===
Running target unix
=== libstdc++ Summary ===
# of expected passes 6819
# of expected failures 83
# of unsupported tests 732
Compiler version: 4.6.0 20101221 (experimental) [trunk revision 168115] (GCC)
Platform: hppa64-hp-hpux11.11
configure flags:Test Run By dave on Tue Dec 21 23:17:21 2010