This is the mail archive of the gcc-testresults@gcc.gnu.org mailing list for the GCC project.


Index Nav: [Date Index] [Subject Index] [Author Index] [Thread Index]
Message Nav: [Date Prev] [Date Next] [Thread Prev] [Thread Next]
Other format: [Raw text]

Results for 4.5.2 (GCC) testsuite on sparc-sun-solaris2.9


LAST_UPDATED: Obtained from SVN: tags/gcc_4_5_2_release revision 167946

		=== acats tests ===

		=== acats Summary ===
# of expected passes		2321
# of unexpected failures	0
Native configuration is sparc-sun-solaris2.9

		=== g++ tests ===


Running target unix

		=== g++ Summary for unix ===

# of expected passes		22081
# of expected failures		152
# of unsupported tests		308

Running target unix/-m64

		=== g++ Summary for unix/-m64 ===

# of expected passes		22042
# of expected failures		152
# of unsupported tests		309

		=== g++ Summary ===

# of expected passes		44123
# of expected failures		304
# of unsupported tests		617
/var/gcc/gcc-4.5.2/9-gcc/gcc/testsuite/g++/../../g++  version 4.5.2 (GCC) 

		=== gcc tests ===


Running target unix
FAIL: gcc.c-torture/compile/limits-exprparen.c  -O0  (test for excess errors)
FAIL: gcc.c-torture/compile/limits-exprparen.c  -O1  (test for excess errors)
FAIL: gcc.c-torture/compile/limits-exprparen.c  -O2  (test for excess errors)
FAIL: gcc.c-torture/compile/limits-exprparen.c  -O3 -fomit-frame-pointer  (test for excess errors)
FAIL: gcc.c-torture/compile/limits-exprparen.c  -O3 -g  (test for excess errors)
FAIL: gcc.c-torture/compile/limits-exprparen.c  -Os  (test for excess errors)
FAIL: gcc.c-torture/compile/limits-exprparen.c  -O2 -flto  (test for excess errors)
FAIL: gcc.c-torture/compile/limits-exprparen.c  -O2 -fwhopr  (test for excess errors)
FAIL: gcc.c-torture/execute/pr38819.c execution,  -O2 
FAIL: gcc.c-torture/execute/pr38819.c execution,  -O3 -fomit-frame-pointer 
FAIL: gcc.c-torture/execute/pr38819.c execution,  -O3 -fomit-frame-pointer -funroll-loops 
FAIL: gcc.c-torture/execute/pr38819.c execution,  -O3 -fomit-frame-pointer -funroll-all-loops -finline-functions 
FAIL: gcc.c-torture/execute/pr38819.c execution,  -O3 -g 
FAIL: gcc.c-torture/execute/pr38819.c execution,  -O2 -flto 
FAIL: gcc.c-torture/execute/pr38819.c execution,  -O2 -fwhopr 
FAIL: gcc.dg/lto/20081201-2 c_lto_20081201-2_0.o-c_lto_20081201-2_1.o execute -O3 -fwhopr
FAIL: gcc.dg/vect/pr43430-1.c scan-tree-dump-times vect "vectorized 1 loops" 1
FAIL: gcc.dg/vect/slp-multitypes-2.c execution test

		=== gcc Summary for unix ===

# of expected passes		64603
# of unexpected failures	18
# of expected failures		193
# of unsupported tests		963

Running target unix/-m64
FAIL: gcc.c-torture/compile/limits-exprparen.c  -O0  (test for excess errors)
FAIL: gcc.c-torture/compile/limits-exprparen.c  -O1  (test for excess errors)
FAIL: gcc.c-torture/compile/limits-exprparen.c  -O2  (test for excess errors)
FAIL: gcc.c-torture/compile/limits-exprparen.c  -O3 -fomit-frame-pointer  (test for excess errors)
FAIL: gcc.c-torture/compile/limits-exprparen.c  -O3 -g  (test for excess errors)
FAIL: gcc.c-torture/compile/limits-exprparen.c  -Os  (test for excess errors)
FAIL: gcc.c-torture/compile/limits-exprparen.c  -O2 -flto  (test for excess errors)
FAIL: gcc.c-torture/compile/limits-exprparen.c  -O2 -fwhopr  (test for excess errors)
FAIL: gcc.dg/cpp/trad/include.c (internal compiler error)
FAIL: gcc.dg/cpp/trad/include.c (test for excess errors)
FAIL: gcc.dg/lto/20081201-2 c_lto_20081201-2_0.o-c_lto_20081201-2_1.o execute -O3 -fwhopr
FAIL: gcc.dg/vect/pr43430-1.c scan-tree-dump-times vect "vectorized 1 loops" 1

		=== gcc Summary for unix/-m64 ===

# of expected passes		64600
# of unexpected failures	12
# of expected failures		189
# of unsupported tests		969

		=== gcc Summary ===

# of expected passes		129203
# of unexpected failures	30
# of expected failures		382
# of unsupported tests		1932
/var/gcc/gcc-4.5.2/9-gcc/gcc/xgcc  version 4.5.2 (GCC) 

		=== gfortran tests ===


Running target unix
FAIL: gfortran.dg/array_constructor_33.f90  -O  (test for excess errors)
WARNING: program timed out.

		=== gfortran Summary for unix ===

# of expected passes		33814
# of unexpected failures	1
# of expected failures		23
# of unsupported tests		316

Running target unix/-m64
FAIL: gfortran.dg/array_constructor_33.f90  -O  (test for excess errors)
WARNING: program timed out.

		=== gfortran Summary for unix/-m64 ===

# of expected passes		33965
# of unexpected failures	1
# of expected failures		23
# of unsupported tests		243

		=== gfortran Summary ===

# of expected passes		67779
# of unexpected failures	2
# of expected failures		46
# of unsupported tests		559
/var/gcc/gcc-4.5.2/9-gcc/gcc/testsuite/gfortran/../../gfortran  version 4.5.2 (GCC) 

		=== gnat tests ===


Running target unix

		=== gnat Summary for unix ===

# of expected passes		762
# of expected failures		7
# of unsupported tests		2

Running target unix/-m64

		=== gnat Summary for unix/-m64 ===

# of expected passes		762
# of expected failures		7
# of unsupported tests		2

		=== gnat Summary ===

# of expected passes		1524
# of expected failures		14
# of unsupported tests		4
		=== objc tests ===


Running target unix

		=== objc Summary for unix ===

# of expected passes		1874
# of expected failures		15
# of unsupported tests		20

Running target unix/-m64

		=== objc Summary for unix/-m64 ===

# of expected passes		1874
# of expected failures		15
# of unsupported tests		20

		=== objc Summary ===

# of expected passes		3748
# of expected failures		30
# of unsupported tests		40
/var/gcc/gcc-4.5.2/9-gcc/gcc/xgcc  version 4.5.2 (GCC) 

		=== libffi tests ===


Running target unix

		=== libffi Summary for unix ===

# of expected passes		1634
# of expected failures		10
# of unsupported tests		15

Running target unix/-m64

		=== libffi Summary for unix/-m64 ===

# of expected passes		1634
# of expected failures		10
# of unsupported tests		15

		=== libffi Summary ===

# of expected passes		3268
# of expected failures		20
# of unsupported tests		30
		=== libgomp tests ===


Running target unix

		=== libgomp Summary for unix ===

# of expected passes		2492
# of unsupported tests		9

Running target unix/-m64

		=== libgomp Summary for unix/-m64 ===

# of expected passes		2492
# of unsupported tests		9

		=== libgomp Summary ===

# of expected passes		4984
# of unsupported tests		18
		=== libjava tests ===


Running target unix
FAIL: InvokeInterface execution - source compiled test
FAIL: InvokeInterface -O3 execution - source compiled test

		=== libjava Summary for unix ===

# of expected passes		2570
# of unexpected failures	2
# of untested testcases		2

Running target unix/-m64
FAIL: InvokeInterface execution - source compiled test
FAIL: InvokeInterface -O3 execution - source compiled test

		=== libjava Summary for unix/-m64 ===

# of expected passes		2570
# of unexpected failures	2
# of untested testcases		2

		=== libjava Summary ===

# of expected passes		5140
# of unexpected failures	4
# of untested testcases		4
		=== libstdc++ tests ===


Running target unix

		=== libstdc++ Summary for unix ===

# of expected passes		6336
# of expected failures		91
# of unsupported tests		622

Running target unix/-m64

		=== libstdc++ Summary for unix/-m64 ===

# of expected passes		6336
# of expected failures		91
# of unsupported tests		622

		=== libstdc++ Summary ===

# of expected passes		12672
# of expected failures		182
# of unsupported tests		1244

		=== libstdc++ Summary ===


Compiler version: 4.5.2 (GCC) 
Platform: sparc-sun-solaris2.9
configure flags: --prefix=/vol/gcc-4.5 --with-gmp=/vol/gcc --with-mpfr=/vol/gcc --disable-nls --enable-languages=all,ada
BOOT_CFLAGS=-g -O2


Index Nav: [Date Index] [Subject Index] [Author Index] [Thread Index]
Message Nav: [Date Prev] [Date Next] [Thread Prev] [Thread Next]