This is the mail archive of the gcc-testresults@gcc.gnu.org mailing list for the GCC project.


Index Nav: [Date Index] [Subject Index] [Author Index] [Thread Index]
Message Nav: [Date Prev] [Date Next] [Thread Prev] [Thread Next]
Other format: [Raw text]

Results for 4.6.0 20101221 (experimental) [trunk revision 168112] (GCC) testsuite on armv7l-unknown-linux-gnueabi


LAST_UPDATED: Tue Dec 21 12:12:58 UTC 2010 (revision 168112)

Native configuration is armv7l-unknown-linux-gnueabi

		=== libgomp tests ===


Running target unix

		=== libgomp Summary ===

# of expected passes		266
		=== libmudflap tests ===


Running target unix
FAIL: libmudflap.c/fail40-frag.c output pattern test
FAIL: libmudflap.c/pass49-frag.c execution test
FAIL: libmudflap.c/pass49-frag.c output pattern test
FAIL: libmudflap.c/pass49-frag.c execution test
FAIL: libmudflap.c/pass49-frag.c output pattern test
FAIL: libmudflap.c/pass51-frag.c execution test
FAIL: libmudflap.c/pass51-frag.c execution test
FAIL: libmudflap.c/fail40-frag.c (-static) output pattern test
FAIL: libmudflap.c/pass49-frag.c (-static) execution test
FAIL: libmudflap.c/pass49-frag.c (-static) output pattern test
FAIL: libmudflap.c/pass49-frag.c (-static) execution test
FAIL: libmudflap.c/pass49-frag.c (-static) output pattern test
FAIL: libmudflap.c/pass51-frag.c (-static) execution test
FAIL: libmudflap.c/pass51-frag.c (-static) execution test
FAIL: libmudflap.c/fail40-frag.c (-O2) output pattern test
FAIL: libmudflap.c/pass49-frag.c (-O2) execution test
FAIL: libmudflap.c/pass49-frag.c (-O2) output pattern test
FAIL: libmudflap.c/pass49-frag.c (-O2) execution test
FAIL: libmudflap.c/pass49-frag.c (-O2) output pattern test
FAIL: libmudflap.c/pass51-frag.c (-O2) execution test
FAIL: libmudflap.c/pass51-frag.c (-O2) execution test
FAIL: libmudflap.c/fail40-frag.c (-O3) output pattern test
FAIL: libmudflap.c/pass49-frag.c (-O3) execution test
FAIL: libmudflap.c/pass49-frag.c (-O3) output pattern test
FAIL: libmudflap.c/pass49-frag.c (-O3) execution test
FAIL: libmudflap.c/pass49-frag.c (-O3) output pattern test
FAIL: libmudflap.c/pass51-frag.c (-O3) execution test
FAIL: libmudflap.c/pass51-frag.c (-O3) execution test

		=== libmudflap Summary ===

# of expected passes		1712
# of unexpected failures	28
# of unsupported tests		2
		=== gcc tests ===


Running target unix
FAIL: gcc.c-torture/compile/20020121-1.c  -O3 -fomit-frame-pointer  (test for excess errors)
FAIL: gcc.c-torture/compile/20020121-1.c  -O3 -g  (test for excess errors)
FAIL: gcc.c-torture/compile/20030224-1.c  -O3 -fomit-frame-pointer  (test for excess errors)
FAIL: gcc.c-torture/compile/20030224-1.c  -O3 -fomit-frame-pointer -funroll-loops  (test for excess errors)
FAIL: gcc.c-torture/compile/20030224-1.c  -O3 -fomit-frame-pointer -funroll-all-loops -finline-functions  (test for excess errors)
FAIL: gcc.c-torture/compile/20030224-1.c  -O3 -g  (test for excess errors)
FAIL: gcc.c-torture/compile/20040907-1.c  -O3 -fomit-frame-pointer  (test for excess errors)
FAIL: gcc.c-torture/compile/20040907-1.c  -O3 -fomit-frame-pointer -funroll-loops  (test for excess errors)
FAIL: gcc.c-torture/compile/20040907-1.c  -O3 -fomit-frame-pointer -funroll-all-loops -finline-functions  (test for excess errors)
FAIL: gcc.c-torture/compile/20040907-1.c  -O3 -g  (test for excess errors)
FAIL: gcc.c-torture/compile/20071027-1.c  -O3 -fomit-frame-pointer  (test for excess errors)
FAIL: gcc.c-torture/compile/20071027-1.c  -O3 -fomit-frame-pointer -funroll-loops  (test for excess errors)
FAIL: gcc.c-torture/compile/20071027-1.c  -O3 -fomit-frame-pointer -funroll-all-loops -finline-functions  (test for excess errors)
FAIL: gcc.c-torture/compile/20071027-1.c  -O3 -g  (test for excess errors)
FAIL: gcc.c-torture/compile/20071108-1.c  -O3 -fomit-frame-pointer  (test for excess errors)
FAIL: gcc.c-torture/compile/20071108-1.c  -O3 -fomit-frame-pointer -funroll-loops  (test for excess errors)
FAIL: gcc.c-torture/compile/20071108-1.c  -O3 -fomit-frame-pointer -funroll-all-loops -finline-functions  (test for excess errors)
FAIL: gcc.c-torture/compile/20071108-1.c  -O3 -g  (test for excess errors)
FAIL: gcc.c-torture/compile/20090401-1.c  -O3 -fomit-frame-pointer  (test for excess errors)
FAIL: gcc.c-torture/compile/20090401-1.c  -O3 -fomit-frame-pointer -funroll-loops  (test for excess errors)
FAIL: gcc.c-torture/compile/20090401-1.c  -O3 -fomit-frame-pointer -funroll-all-loops -finline-functions  (test for excess errors)
FAIL: gcc.c-torture/compile/20090401-1.c  -O3 -g  (test for excess errors)
FAIL: gcc.c-torture/compile/920428-2.c  -O3 -fomit-frame-pointer  (test for excess errors)
FAIL: gcc.c-torture/compile/920428-2.c  -O3 -fomit-frame-pointer -funroll-loops  (test for excess errors)
FAIL: gcc.c-torture/compile/920428-2.c  -O3 -fomit-frame-pointer -funroll-all-loops -finline-functions  (test for excess errors)
FAIL: gcc.c-torture/compile/920428-2.c  -O3 -g  (test for excess errors)
FAIL: gcc.c-torture/compile/930210-1.c  -O3 -fomit-frame-pointer  (test for excess errors)
FAIL: gcc.c-torture/compile/930210-1.c  -O3 -fomit-frame-pointer -funroll-loops  (test for excess errors)
FAIL: gcc.c-torture/compile/930210-1.c  -O3 -fomit-frame-pointer -funroll-all-loops -finline-functions  (test for excess errors)
FAIL: gcc.c-torture/compile/930210-1.c  -O3 -g  (test for excess errors)
FAIL: gcc.c-torture/compile/pr19080.c  -O3 -fomit-frame-pointer  (test for excess errors)
FAIL: gcc.c-torture/compile/pr19080.c  -O3 -fomit-frame-pointer -funroll-loops  (test for excess errors)
FAIL: gcc.c-torture/compile/pr19080.c  -O3 -fomit-frame-pointer -funroll-all-loops -finline-functions  (test for excess errors)
FAIL: gcc.c-torture/compile/pr19080.c  -O3 -g  (test for excess errors)
FAIL: gcc.c-torture/compile/pr23929.c  -O3 -fomit-frame-pointer  (test for excess errors)
FAIL: gcc.c-torture/compile/pr23929.c  -O3 -fomit-frame-pointer -funroll-loops  (test for excess errors)
FAIL: gcc.c-torture/compile/pr23929.c  -O3 -fomit-frame-pointer -funroll-all-loops -finline-functions  (test for excess errors)
FAIL: gcc.c-torture/compile/pr23929.c  -O3 -g  (test for excess errors)
FAIL: gcc.c-torture/compile/pr27889.c  -O3 -fomit-frame-pointer  (test for excess errors)
FAIL: gcc.c-torture/compile/pr27889.c  -O3 -g  (test for excess errors)
FAIL: gcc.c-torture/compile/pr32349.c  -O3 -fomit-frame-pointer  (test for excess errors)
FAIL: gcc.c-torture/compile/pr32349.c  -O3 -fomit-frame-pointer -funroll-loops  (test for excess errors)
FAIL: gcc.c-torture/compile/pr32349.c  -O3 -fomit-frame-pointer -funroll-all-loops -finline-functions  (test for excess errors)
FAIL: gcc.c-torture/compile/pr32349.c  -O3 -g  (test for excess errors)
FAIL: gcc.c-torture/compile/pr34458.c  -O3 -fomit-frame-pointer  (test for excess errors)
FAIL: gcc.c-torture/compile/pr34458.c  -O3 -fomit-frame-pointer -funroll-loops  (test for excess errors)
FAIL: gcc.c-torture/compile/pr34458.c  -O3 -fomit-frame-pointer -funroll-all-loops -finline-functions  (test for excess errors)
FAIL: gcc.c-torture/compile/pr34458.c  -O3 -g  (test for excess errors)
FAIL: gcc.c-torture/compile/pr37742-3.c  -O3 -fomit-frame-pointer  (test for excess errors)
FAIL: gcc.c-torture/compile/pr37742-3.c  -O3 -fomit-frame-pointer -funroll-loops  (test for excess errors)
FAIL: gcc.c-torture/compile/pr37742-3.c  -O3 -fomit-frame-pointer -funroll-all-loops -finline-functions  (test for excess errors)
FAIL: gcc.c-torture/compile/pr37742-3.c  -O3 -g  (test for excess errors)
FAIL: gcc.c-torture/compile/pr37742.c  -O3 -fomit-frame-pointer  (test for excess errors)
FAIL: gcc.c-torture/compile/pr37742.c  -O3 -fomit-frame-pointer -funroll-loops  (test for excess errors)
FAIL: gcc.c-torture/compile/pr37742.c  -O3 -fomit-frame-pointer -funroll-all-loops -finline-functions  (test for excess errors)
FAIL: gcc.c-torture/compile/pr37742.c  -O3 -g  (test for excess errors)
FAIL: gcc.c-torture/compile/pr37955.c  -O3 -fomit-frame-pointer  (test for excess errors)
FAIL: gcc.c-torture/compile/pr37955.c  -O3 -fomit-frame-pointer -funroll-loops  (test for excess errors)
FAIL: gcc.c-torture/compile/pr37955.c  -O3 -fomit-frame-pointer -funroll-all-loops -finline-functions  (test for excess errors)
FAIL: gcc.c-torture/compile/pr37955.c  -O3 -g  (test for excess errors)
FAIL: gcc.c-torture/execute/builtins/20010124-1.c compilation,  -O3 -fomit-frame-pointer 
UNRESOLVED: gcc.c-torture/execute/builtins/20010124-1.c execution,  -O3 -fomit-frame-pointer 
FAIL: gcc.c-torture/execute/builtins/20010124-1.c compilation,  -O3 -g 
UNRESOLVED: gcc.c-torture/execute/builtins/20010124-1.c execution,  -O3 -g 
FAIL: gcc.c-torture/execute/builtins/memcpy-chk.c compilation,  -O3 -fomit-frame-pointer 
UNRESOLVED: gcc.c-torture/execute/builtins/memcpy-chk.c execution,  -O3 -fomit-frame-pointer 
FAIL: gcc.c-torture/execute/builtins/memcpy-chk.c compilation,  -O3 -fomit-frame-pointer -funroll-loops 
UNRESOLVED: gcc.c-torture/execute/builtins/memcpy-chk.c execution,  -O3 -fomit-frame-pointer -funroll-loops 
FAIL: gcc.c-torture/execute/builtins/memcpy-chk.c compilation,  -O3 -fomit-frame-pointer -funroll-all-loops -finline-functions 
UNRESOLVED: gcc.c-torture/execute/builtins/memcpy-chk.c execution,  -O3 -fomit-frame-pointer -funroll-all-loops -finline-functions 
FAIL: gcc.c-torture/execute/builtins/memcpy-chk.c compilation,  -O3 -g 
UNRESOLVED: gcc.c-torture/execute/builtins/memcpy-chk.c execution,  -O3 -g 
FAIL: gcc.c-torture/execute/builtins/memmove-2.c compilation,  -O3 -fomit-frame-pointer 
UNRESOLVED: gcc.c-torture/execute/builtins/memmove-2.c execution,  -O3 -fomit-frame-pointer 
FAIL: gcc.c-torture/execute/builtins/memmove-2.c compilation,  -O3 -g 
UNRESOLVED: gcc.c-torture/execute/builtins/memmove-2.c execution,  -O3 -g 
FAIL: gcc.c-torture/execute/builtins/memmove-chk.c compilation,  -O3 -fomit-frame-pointer 
UNRESOLVED: gcc.c-torture/execute/builtins/memmove-chk.c execution,  -O3 -fomit-frame-pointer 
FAIL: gcc.c-torture/execute/builtins/memmove-chk.c compilation,  -O3 -fomit-frame-pointer -funroll-loops 
UNRESOLVED: gcc.c-torture/execute/builtins/memmove-chk.c execution,  -O3 -fomit-frame-pointer -funroll-loops 
FAIL: gcc.c-torture/execute/builtins/memmove-chk.c compilation,  -O3 -fomit-frame-pointer -funroll-all-loops -finline-functions 
UNRESOLVED: gcc.c-torture/execute/builtins/memmove-chk.c execution,  -O3 -fomit-frame-pointer -funroll-all-loops -finline-functions 
FAIL: gcc.c-torture/execute/builtins/memmove-chk.c compilation,  -O3 -g 
UNRESOLVED: gcc.c-torture/execute/builtins/memmove-chk.c execution,  -O3 -g 
FAIL: gcc.c-torture/execute/builtins/memmove.c compilation,  -O3 -fomit-frame-pointer 
UNRESOLVED: gcc.c-torture/execute/builtins/memmove.c execution,  -O3 -fomit-frame-pointer 
FAIL: gcc.c-torture/execute/builtins/memmove.c compilation,  -O3 -g 
UNRESOLVED: gcc.c-torture/execute/builtins/memmove.c execution,  -O3 -g 
FAIL: gcc.c-torture/execute/builtins/memops-asm.c compilation,  -O3 -fomit-frame-pointer 
UNRESOLVED: gcc.c-torture/execute/builtins/memops-asm.c execution,  -O3 -fomit-frame-pointer 
FAIL: gcc.c-torture/execute/builtins/memops-asm.c compilation,  -O3 -g 
UNRESOLVED: gcc.c-torture/execute/builtins/memops-asm.c execution,  -O3 -g 
FAIL: gcc.c-torture/execute/builtins/mempcpy-2.c compilation,  -O3 -fomit-frame-pointer 
UNRESOLVED: gcc.c-torture/execute/builtins/mempcpy-2.c execution,  -O3 -fomit-frame-pointer 
FAIL: gcc.c-torture/execute/builtins/mempcpy-2.c compilation,  -O3 -g 
UNRESOLVED: gcc.c-torture/execute/builtins/mempcpy-2.c execution,  -O3 -g 
FAIL: gcc.c-torture/execute/builtins/mempcpy-chk.c compilation,  -O3 -fomit-frame-pointer 
UNRESOLVED: gcc.c-torture/execute/builtins/mempcpy-chk.c execution,  -O3 -fomit-frame-pointer 
FAIL: gcc.c-torture/execute/builtins/mempcpy-chk.c compilation,  -O3 -fomit-frame-pointer -funroll-loops 
UNRESOLVED: gcc.c-torture/execute/builtins/mempcpy-chk.c execution,  -O3 -fomit-frame-pointer -funroll-loops 
FAIL: gcc.c-torture/execute/builtins/mempcpy-chk.c compilation,  -O3 -fomit-frame-pointer -funroll-all-loops -finline-functions 
UNRESOLVED: gcc.c-torture/execute/builtins/mempcpy-chk.c execution,  -O3 -fomit-frame-pointer -funroll-all-loops -finline-functions 
FAIL: gcc.c-torture/execute/builtins/mempcpy-chk.c compilation,  -O3 -g 
UNRESOLVED: gcc.c-torture/execute/builtins/mempcpy-chk.c execution,  -O3 -g 
FAIL: gcc.c-torture/execute/builtins/mempcpy.c compilation,  -O3 -fomit-frame-pointer 
UNRESOLVED: gcc.c-torture/execute/builtins/mempcpy.c execution,  -O3 -fomit-frame-pointer 
FAIL: gcc.c-torture/execute/builtins/mempcpy.c compilation,  -O3 -g 
UNRESOLVED: gcc.c-torture/execute/builtins/mempcpy.c execution,  -O3 -g 
FAIL: gcc.c-torture/execute/builtins/memset-chk.c compilation,  -O3 -fomit-frame-pointer 
UNRESOLVED: gcc.c-torture/execute/builtins/memset-chk.c execution,  -O3 -fomit-frame-pointer 
FAIL: gcc.c-torture/execute/builtins/memset-chk.c compilation,  -O3 -fomit-frame-pointer -funroll-loops 
UNRESOLVED: gcc.c-torture/execute/builtins/memset-chk.c execution,  -O3 -fomit-frame-pointer -funroll-loops 
FAIL: gcc.c-torture/execute/builtins/memset-chk.c compilation,  -O3 -fomit-frame-pointer -funroll-all-loops -finline-functions 
UNRESOLVED: gcc.c-torture/execute/builtins/memset-chk.c execution,  -O3 -fomit-frame-pointer -funroll-all-loops -finline-functions 
FAIL: gcc.c-torture/execute/builtins/memset-chk.c compilation,  -O3 -g 
UNRESOLVED: gcc.c-torture/execute/builtins/memset-chk.c execution,  -O3 -g 
FAIL: gcc.c-torture/execute/builtins/pr22237.c compilation,  -O3 -fomit-frame-pointer 
UNRESOLVED: gcc.c-torture/execute/builtins/pr22237.c execution,  -O3 -fomit-frame-pointer 
FAIL: gcc.c-torture/execute/builtins/pr22237.c compilation,  -O3 -fomit-frame-pointer -funroll-loops 
UNRESOLVED: gcc.c-torture/execute/builtins/pr22237.c execution,  -O3 -fomit-frame-pointer -funroll-loops 
FAIL: gcc.c-torture/execute/builtins/pr22237.c compilation,  -O3 -fomit-frame-pointer -funroll-all-loops -finline-functions 
UNRESOLVED: gcc.c-torture/execute/builtins/pr22237.c execution,  -O3 -fomit-frame-pointer -funroll-all-loops -finline-functions 
FAIL: gcc.c-torture/execute/builtins/pr22237.c compilation,  -O3 -g 
UNRESOLVED: gcc.c-torture/execute/builtins/pr22237.c execution,  -O3 -g 
FAIL: gcc.c-torture/execute/builtins/pr23484-chk.c compilation,  -O3 -fomit-frame-pointer 
UNRESOLVED: gcc.c-torture/execute/builtins/pr23484-chk.c execution,  -O3 -fomit-frame-pointer 
FAIL: gcc.c-torture/execute/builtins/pr23484-chk.c compilation,  -O3 -g 
UNRESOLVED: gcc.c-torture/execute/builtins/pr23484-chk.c execution,  -O3 -g 
FAIL: gcc.c-torture/execute/builtins/snprintf-chk.c compilation,  -O3 -fomit-frame-pointer 
UNRESOLVED: gcc.c-torture/execute/builtins/snprintf-chk.c execution,  -O3 -fomit-frame-pointer 
FAIL: gcc.c-torture/execute/builtins/snprintf-chk.c compilation,  -O3 -fomit-frame-pointer -funroll-loops 
UNRESOLVED: gcc.c-torture/execute/builtins/snprintf-chk.c execution,  -O3 -fomit-frame-pointer -funroll-loops 
FAIL: gcc.c-torture/execute/builtins/snprintf-chk.c compilation,  -O3 -fomit-frame-pointer -funroll-all-loops -finline-functions 
UNRESOLVED: gcc.c-torture/execute/builtins/snprintf-chk.c execution,  -O3 -fomit-frame-pointer -funroll-all-loops -finline-functions 
FAIL: gcc.c-torture/execute/builtins/snprintf-chk.c compilation,  -O3 -g 
UNRESOLVED: gcc.c-torture/execute/builtins/snprintf-chk.c execution,  -O3 -g 
FAIL: gcc.c-torture/execute/builtins/sprintf-chk.c compilation,  -O3 -fomit-frame-pointer 
UNRESOLVED: gcc.c-torture/execute/builtins/sprintf-chk.c execution,  -O3 -fomit-frame-pointer 
FAIL: gcc.c-torture/execute/builtins/sprintf-chk.c compilation,  -O3 -fomit-frame-pointer -funroll-loops 
UNRESOLVED: gcc.c-torture/execute/builtins/sprintf-chk.c execution,  -O3 -fomit-frame-pointer -funroll-loops 
FAIL: gcc.c-torture/execute/builtins/sprintf-chk.c compilation,  -O3 -fomit-frame-pointer -funroll-all-loops -finline-functions 
UNRESOLVED: gcc.c-torture/execute/builtins/sprintf-chk.c execution,  -O3 -fomit-frame-pointer -funroll-all-loops -finline-functions 
FAIL: gcc.c-torture/execute/builtins/sprintf-chk.c compilation,  -O3 -g 
UNRESOLVED: gcc.c-torture/execute/builtins/sprintf-chk.c execution,  -O3 -g 
FAIL: gcc.c-torture/execute/builtins/stpcpy-chk.c compilation,  -O3 -fomit-frame-pointer 
UNRESOLVED: gcc.c-torture/execute/builtins/stpcpy-chk.c execution,  -O3 -fomit-frame-pointer 
FAIL: gcc.c-torture/execute/builtins/stpcpy-chk.c compilation,  -O3 -fomit-frame-pointer -funroll-loops 
UNRESOLVED: gcc.c-torture/execute/builtins/stpcpy-chk.c execution,  -O3 -fomit-frame-pointer -funroll-loops 
FAIL: gcc.c-torture/execute/builtins/stpcpy-chk.c compilation,  -O3 -fomit-frame-pointer -funroll-all-loops -finline-functions 
UNRESOLVED: gcc.c-torture/execute/builtins/stpcpy-chk.c execution,  -O3 -fomit-frame-pointer -funroll-all-loops -finline-functions 
FAIL: gcc.c-torture/execute/builtins/stpcpy-chk.c compilation,  -O3 -g 
UNRESOLVED: gcc.c-torture/execute/builtins/stpcpy-chk.c execution,  -O3 -g 
FAIL: gcc.c-torture/execute/builtins/strcat-chk.c compilation,  -O3 -fomit-frame-pointer 
UNRESOLVED: gcc.c-torture/execute/builtins/strcat-chk.c execution,  -O3 -fomit-frame-pointer 
FAIL: gcc.c-torture/execute/builtins/strcat-chk.c compilation,  -O3 -fomit-frame-pointer -funroll-loops 
UNRESOLVED: gcc.c-torture/execute/builtins/strcat-chk.c execution,  -O3 -fomit-frame-pointer -funroll-loops 
FAIL: gcc.c-torture/execute/builtins/strcat-chk.c compilation,  -O3 -fomit-frame-pointer -funroll-all-loops -finline-functions 
UNRESOLVED: gcc.c-torture/execute/builtins/strcat-chk.c execution,  -O3 -fomit-frame-pointer -funroll-all-loops -finline-functions 
FAIL: gcc.c-torture/execute/builtins/strcat-chk.c compilation,  -O3 -g 
UNRESOLVED: gcc.c-torture/execute/builtins/strcat-chk.c execution,  -O3 -g 
FAIL: gcc.c-torture/execute/builtins/strcpy-chk.c compilation,  -O3 -fomit-frame-pointer 
UNRESOLVED: gcc.c-torture/execute/builtins/strcpy-chk.c execution,  -O3 -fomit-frame-pointer 
FAIL: gcc.c-torture/execute/builtins/strcpy-chk.c compilation,  -O3 -fomit-frame-pointer -funroll-loops 
UNRESOLVED: gcc.c-torture/execute/builtins/strcpy-chk.c execution,  -O3 -fomit-frame-pointer -funroll-loops 
FAIL: gcc.c-torture/execute/builtins/strcpy-chk.c compilation,  -O3 -fomit-frame-pointer -funroll-all-loops -finline-functions 
UNRESOLVED: gcc.c-torture/execute/builtins/strcpy-chk.c execution,  -O3 -fomit-frame-pointer -funroll-all-loops -finline-functions 
FAIL: gcc.c-torture/execute/builtins/strcpy-chk.c compilation,  -O3 -g 
UNRESOLVED: gcc.c-torture/execute/builtins/strcpy-chk.c execution,  -O3 -g 
FAIL: gcc.c-torture/execute/builtins/strncat-chk.c compilation,  -O3 -fomit-frame-pointer 
UNRESOLVED: gcc.c-torture/execute/builtins/strncat-chk.c execution,  -O3 -fomit-frame-pointer 
FAIL: gcc.c-torture/execute/builtins/strncat-chk.c compilation,  -O3 -fomit-frame-pointer -funroll-loops 
UNRESOLVED: gcc.c-torture/execute/builtins/strncat-chk.c execution,  -O3 -fomit-frame-pointer -funroll-loops 
FAIL: gcc.c-torture/execute/builtins/strncat-chk.c compilation,  -O3 -fomit-frame-pointer -funroll-all-loops -finline-functions 
UNRESOLVED: gcc.c-torture/execute/builtins/strncat-chk.c execution,  -O3 -fomit-frame-pointer -funroll-all-loops -finline-functions 
FAIL: gcc.c-torture/execute/builtins/strncat-chk.c compilation,  -O3 -g 
UNRESOLVED: gcc.c-torture/execute/builtins/strncat-chk.c execution,  -O3 -g 
FAIL: gcc.c-torture/execute/builtins/strncpy-chk.c compilation,  -O3 -fomit-frame-pointer 
UNRESOLVED: gcc.c-torture/execute/builtins/strncpy-chk.c execution,  -O3 -fomit-frame-pointer 
FAIL: gcc.c-torture/execute/builtins/strncpy-chk.c compilation,  -O3 -fomit-frame-pointer -funroll-loops 
UNRESOLVED: gcc.c-torture/execute/builtins/strncpy-chk.c execution,  -O3 -fomit-frame-pointer -funroll-loops 
FAIL: gcc.c-torture/execute/builtins/strncpy-chk.c compilation,  -O3 -fomit-frame-pointer -funroll-all-loops -finline-functions 
UNRESOLVED: gcc.c-torture/execute/builtins/strncpy-chk.c execution,  -O3 -fomit-frame-pointer -funroll-all-loops -finline-functions 
FAIL: gcc.c-torture/execute/builtins/strncpy-chk.c compilation,  -O3 -g 
UNRESOLVED: gcc.c-torture/execute/builtins/strncpy-chk.c execution,  -O3 -g 
FAIL: gcc.c-torture/execute/builtins/vsnprintf-chk.c compilation,  -O3 -fomit-frame-pointer 
UNRESOLVED: gcc.c-torture/execute/builtins/vsnprintf-chk.c execution,  -O3 -fomit-frame-pointer 
FAIL: gcc.c-torture/execute/builtins/vsnprintf-chk.c compilation,  -O3 -fomit-frame-pointer -funroll-loops 
UNRESOLVED: gcc.c-torture/execute/builtins/vsnprintf-chk.c execution,  -O3 -fomit-frame-pointer -funroll-loops 
FAIL: gcc.c-torture/execute/builtins/vsnprintf-chk.c compilation,  -O3 -fomit-frame-pointer -funroll-all-loops -finline-functions 
UNRESOLVED: gcc.c-torture/execute/builtins/vsnprintf-chk.c execution,  -O3 -fomit-frame-pointer -funroll-all-loops -finline-functions 
FAIL: gcc.c-torture/execute/builtins/vsnprintf-chk.c compilation,  -O3 -g 
UNRESOLVED: gcc.c-torture/execute/builtins/vsnprintf-chk.c execution,  -O3 -g 
FAIL: gcc.c-torture/execute/builtins/vsprintf-chk.c compilation,  -O3 -fomit-frame-pointer 
UNRESOLVED: gcc.c-torture/execute/builtins/vsprintf-chk.c execution,  -O3 -fomit-frame-pointer 
FAIL: gcc.c-torture/execute/builtins/vsprintf-chk.c compilation,  -O3 -fomit-frame-pointer -funroll-loops 
UNRESOLVED: gcc.c-torture/execute/builtins/vsprintf-chk.c execution,  -O3 -fomit-frame-pointer -funroll-loops 
FAIL: gcc.c-torture/execute/builtins/vsprintf-chk.c compilation,  -O3 -fomit-frame-pointer -funroll-all-loops -finline-functions 
UNRESOLVED: gcc.c-torture/execute/builtins/vsprintf-chk.c execution,  -O3 -fomit-frame-pointer -funroll-all-loops -finline-functions 
FAIL: gcc.c-torture/execute/builtins/vsprintf-chk.c compilation,  -O3 -g 
UNRESOLVED: gcc.c-torture/execute/builtins/vsprintf-chk.c execution,  -O3 -g 
FAIL: gcc.c-torture/execute/20011126-2.c compilation,  -O3 -fomit-frame-pointer 
UNRESOLVED: gcc.c-torture/execute/20011126-2.c execution,  -O3 -fomit-frame-pointer 
FAIL: gcc.c-torture/execute/20011126-2.c compilation,  -O3 -fomit-frame-pointer -funroll-loops 
UNRESOLVED: gcc.c-torture/execute/20011126-2.c execution,  -O3 -fomit-frame-pointer -funroll-loops 
FAIL: gcc.c-torture/execute/20011126-2.c compilation,  -O3 -fomit-frame-pointer -funroll-all-loops -finline-functions 
UNRESOLVED: gcc.c-torture/execute/20011126-2.c execution,  -O3 -fomit-frame-pointer -funroll-all-loops -finline-functions 
FAIL: gcc.c-torture/execute/20011126-2.c compilation,  -O3 -g 
UNRESOLVED: gcc.c-torture/execute/20011126-2.c execution,  -O3 -g 
FAIL: gcc.c-torture/execute/20071108-1.c compilation,  -O3 -fomit-frame-pointer 
UNRESOLVED: gcc.c-torture/execute/20071108-1.c execution,  -O3 -fomit-frame-pointer 
FAIL: gcc.c-torture/execute/20071108-1.c compilation,  -O3 -g 
UNRESOLVED: gcc.c-torture/execute/20071108-1.c execution,  -O3 -g 
FAIL: gcc.c-torture/execute/divconst-1.c compilation,  -O3 -fomit-frame-pointer 
UNRESOLVED: gcc.c-torture/execute/divconst-1.c execution,  -O3 -fomit-frame-pointer 
FAIL: gcc.c-torture/execute/divconst-1.c compilation,  -O3 -g 
UNRESOLVED: gcc.c-torture/execute/divconst-1.c execution,  -O3 -g 
FAIL: gcc.c-torture/execute/loop-13.c compilation,  -O3 -fomit-frame-pointer 
UNRESOLVED: gcc.c-torture/execute/loop-13.c execution,  -O3 -fomit-frame-pointer 
FAIL: gcc.c-torture/execute/loop-13.c compilation,  -O3 -fomit-frame-pointer -funroll-loops 
UNRESOLVED: gcc.c-torture/execute/loop-13.c execution,  -O3 -fomit-frame-pointer -funroll-loops 
FAIL: gcc.c-torture/execute/loop-13.c compilation,  -O3 -fomit-frame-pointer -funroll-all-loops -finline-functions 
UNRESOLVED: gcc.c-torture/execute/loop-13.c execution,  -O3 -fomit-frame-pointer -funroll-all-loops -finline-functions 
FAIL: gcc.c-torture/execute/loop-13.c compilation,  -O3 -g 
UNRESOLVED: gcc.c-torture/execute/loop-13.c execution,  -O3 -g 
FAIL: gcc.c-torture/execute/loop-14.c compilation,  -O3 -fomit-frame-pointer 
UNRESOLVED: gcc.c-torture/execute/loop-14.c execution,  -O3 -fomit-frame-pointer 
FAIL: gcc.c-torture/execute/loop-14.c compilation,  -O3 -fomit-frame-pointer -funroll-loops 
UNRESOLVED: gcc.c-torture/execute/loop-14.c execution,  -O3 -fomit-frame-pointer -funroll-loops 
FAIL: gcc.c-torture/execute/loop-14.c compilation,  -O3 -fomit-frame-pointer -funroll-all-loops -finline-functions 
UNRESOLVED: gcc.c-torture/execute/loop-14.c execution,  -O3 -fomit-frame-pointer -funroll-all-loops -finline-functions 
FAIL: gcc.c-torture/execute/loop-14.c compilation,  -O3 -g 
UNRESOLVED: gcc.c-torture/execute/loop-14.c execution,  -O3 -g 
FAIL: gcc.c-torture/execute/loop-ivopts-1.c compilation,  -O3 -fomit-frame-pointer 
UNRESOLVED: gcc.c-torture/execute/loop-ivopts-1.c execution,  -O3 -fomit-frame-pointer 
FAIL: gcc.c-torture/execute/loop-ivopts-1.c compilation,  -O3 -fomit-frame-pointer -funroll-loops 
UNRESOLVED: gcc.c-torture/execute/loop-ivopts-1.c execution,  -O3 -fomit-frame-pointer -funroll-loops 
FAIL: gcc.c-torture/execute/loop-ivopts-1.c compilation,  -O3 -fomit-frame-pointer -funroll-all-loops -finline-functions 
UNRESOLVED: gcc.c-torture/execute/loop-ivopts-1.c execution,  -O3 -fomit-frame-pointer -funroll-all-loops -finline-functions 
FAIL: gcc.c-torture/execute/loop-ivopts-1.c compilation,  -O3 -g 
UNRESOLVED: gcc.c-torture/execute/loop-ivopts-1.c execution,  -O3 -g 
FAIL: gcc.c-torture/execute/pr27073.c compilation,  -O3 -fomit-frame-pointer 
UNRESOLVED: gcc.c-torture/execute/pr27073.c execution,  -O3 -fomit-frame-pointer 
FAIL: gcc.c-torture/execute/pr27073.c compilation,  -O3 -fomit-frame-pointer -funroll-loops 
UNRESOLVED: gcc.c-torture/execute/pr27073.c execution,  -O3 -fomit-frame-pointer -funroll-loops 
FAIL: gcc.c-torture/execute/pr27073.c compilation,  -O3 -fomit-frame-pointer -funroll-all-loops -finline-functions 
UNRESOLVED: gcc.c-torture/execute/pr27073.c execution,  -O3 -fomit-frame-pointer -funroll-all-loops -finline-functions 
FAIL: gcc.c-torture/execute/pr27073.c compilation,  -O3 -g 
UNRESOLVED: gcc.c-torture/execute/pr27073.c execution,  -O3 -g 
FAIL: gcc.c-torture/execute/pr37573.c compilation,  -O3 -fomit-frame-pointer 
UNRESOLVED: gcc.c-torture/execute/pr37573.c execution,  -O3 -fomit-frame-pointer 
FAIL: gcc.c-torture/execute/pr37573.c compilation,  -O3 -fomit-frame-pointer -funroll-loops 
UNRESOLVED: gcc.c-torture/execute/pr37573.c execution,  -O3 -fomit-frame-pointer -funroll-loops 
FAIL: gcc.c-torture/execute/pr37573.c compilation,  -O3 -fomit-frame-pointer -funroll-all-loops -finline-functions 
UNRESOLVED: gcc.c-torture/execute/pr37573.c execution,  -O3 -fomit-frame-pointer -funroll-all-loops -finline-functions 
FAIL: gcc.c-torture/execute/pr37573.c compilation,  -O3 -g 
UNRESOLVED: gcc.c-torture/execute/pr37573.c execution,  -O3 -g 
FAIL: gcc.c-torture/execute/va-arg-24.c compilation,  -O3 -fomit-frame-pointer 
UNRESOLVED: gcc.c-torture/execute/va-arg-24.c execution,  -O3 -fomit-frame-pointer 
FAIL: gcc.c-torture/execute/va-arg-24.c compilation,  -O3 -fomit-frame-pointer -funroll-loops 
UNRESOLVED: gcc.c-torture/execute/va-arg-24.c execution,  -O3 -fomit-frame-pointer -funroll-loops 
FAIL: gcc.c-torture/execute/va-arg-24.c compilation,  -O3 -fomit-frame-pointer -funroll-all-loops -finline-functions 
UNRESOLVED: gcc.c-torture/execute/va-arg-24.c execution,  -O3 -fomit-frame-pointer -funroll-all-loops -finline-functions 
FAIL: gcc.c-torture/execute/va-arg-24.c compilation,  -O3 -g 
UNRESOLVED: gcc.c-torture/execute/va-arg-24.c execution,  -O3 -g 
FAIL: gcc.c-torture/execute/vector-shift1.c compilation,  -O0  (internal compiler error)
UNRESOLVED: gcc.c-torture/execute/vector-shift1.c execution,  -O0 
FAIL: gcc.c-torture/unsorted/a1.c,  -O3 -fomit-frame-pointer  
FAIL: gcc.c-torture/unsorted/a1.c,  -O3 -g  
FAIL: gcc.c-torture/unsorted/andok.c,  -O3 -fomit-frame-pointer  
FAIL: gcc.c-torture/unsorted/andok.c,  -O3 -g  
FAIL: gcc.c-torture/unsorted/bcopy.c,  -O3 -fomit-frame-pointer  
FAIL: gcc.c-torture/unsorted/bcopy.c,  -O3 -fomit-frame-pointer -funroll-loops  
FAIL: gcc.c-torture/unsorted/bcopy.c,  -O3 -fomit-frame-pointer -funroll-all-loops -finline-functions  
FAIL: gcc.c-torture/unsorted/bcopy.c,  -O3 -g  
FAIL: gcc.c-torture/unsorted/dump-noaddr.c,  -O3 -fomit-frame-pointer   -dumpbase dump1/dump-noaddr.c -DMASK=1 -x c --param ggc-min-heapsize=1 -fdump-ipa-all -fdump-rtl-all -fdump-tree-all -fdump-noaddr
FAIL: gcc.c-torture/unsorted/dump-noaddr.c,  -O3 -fomit-frame-pointer   -dumpbase dump2/dump-noaddr.c -DMASK=2 -x c -fdump-ipa-all -fdump-rtl-all -fdump-tree-all -fdump-noaddr
FAIL: gcc.c-torture/unsorted/dump-noaddr.c,  -O3 -fomit-frame-pointer -funroll-loops   -dumpbase dump1/dump-noaddr.c -DMASK=1 -x c --param ggc-min-heapsize=1 -fdump-ipa-all -fdump-rtl-all -fdump-tree-all -fdump-noaddr
FAIL: gcc.c-torture/unsorted/dump-noaddr.c,  -O3 -fomit-frame-pointer -funroll-loops   -dumpbase dump2/dump-noaddr.c -DMASK=2 -x c -fdump-ipa-all -fdump-rtl-all -fdump-tree-all -fdump-noaddr
FAIL: gcc.c-torture/unsorted/dump-noaddr.c,  -O3 -fomit-frame-pointer -funroll-all-loops -finline-functions   -dumpbase dump1/dump-noaddr.c -DMASK=1 -x c --param ggc-min-heapsize=1 -fdump-ipa-all -fdump-rtl-all -fdump-tree-all -fdump-noaddr
FAIL: gcc.c-torture/unsorted/dump-noaddr.c,  -O3 -fomit-frame-pointer -funroll-all-loops -finline-functions   -dumpbase dump2/dump-noaddr.c -DMASK=2 -x c -fdump-ipa-all -fdump-rtl-all -fdump-tree-all -fdump-noaddr
FAIL: gcc.c-torture/unsorted/dump-noaddr.c,  -O3 -g   -dumpbase dump1/dump-noaddr.c -DMASK=1 -x c --param ggc-min-heapsize=1 -fdump-ipa-all -fdump-rtl-all -fdump-tree-all -fdump-noaddr
FAIL: gcc.c-torture/unsorted/dump-noaddr.c,  -O3 -g   -dumpbase dump2/dump-noaddr.c -DMASK=2 -x c -fdump-ipa-all -fdump-rtl-all -fdump-tree-all -fdump-noaddr
FAIL: gcc.c-torture/unsorted/stor.c,  -O3 -fomit-frame-pointer  
FAIL: gcc.c-torture/unsorted/stor.c,  -O3 -g  
FAIL: gcc.c-torture/unsorted/subcse.c,  -O3 -fomit-frame-pointer  
FAIL: gcc.c-torture/unsorted/subcse.c,  -O3 -g  
FAIL: gcc.dg/c99-stdint-1.c (test for excess errors)
FAIL: gcc.dg/c99-stdint-7.c (test for excess errors)
FAIL: gcc.dg/cproj-fails-with-broken-glibc.c execution test
FAIL: gcc.dg/pr17957.c (internal compiler error)
FAIL: gcc.dg/pr17957.c (test for excess errors)
FAIL: gcc.dg/uninit-13.c unconditional (test for warnings, line 8)
FAIL: gcc.dg/uninit-13.c (test for excess errors)
FAIL: gcc.dg/tls/pr45870.c (test for excess errors)
FAIL: gcc.dg/torture/pr39678.c  -O3 -fomit-frame-pointer  (test for excess errors)
UNRESOLVED: gcc.dg/torture/pr39678.c  -O3 -fomit-frame-pointer  compilation failed to produce executable
FAIL: gcc.dg/torture/pr39678.c  -O3 -g  (test for excess errors)
UNRESOLVED: gcc.dg/torture/pr39678.c  -O3 -g  compilation failed to produce executable
FAIL: gcc.dg/torture/vector-shift2.c  -O0  execution test
FAIL: gcc.dg/torture/vector-shift2.c  -O1  execution test
FAIL: gcc.dg/torture/vector-shift2.c  -O2  execution test
FAIL: gcc.dg/torture/vector-shift2.c  -O3 -fomit-frame-pointer  execution test
FAIL: gcc.dg/torture/vector-shift2.c  -O3 -g  execution test
FAIL: gcc.dg/torture/vector-shift2.c  -Os  execution test
FAIL: gcc.dg/torture/vector-shift2.c  -O2 -flto -flto-partition=none  execution test
FAIL: gcc.dg/torture/vector-shift2.c  -O2 -flto  execution test
XPASS: gcc.dg/tree-ssa/20040204-1.c scan-tree-dump-times optimized "link_error" 0
FAIL: gcc.dg/tree-ssa/pr42585.c scan-tree-dump-times optimized "struct _fat_ptr _ans" 0
FAIL: gcc.dg/tree-ssa/pr42585.c scan-tree-dump-times optimized "struct _fat_ptr _T2" 0
FAIL: gcc.dg/vect/pr20122.c (test for excess errors)
UNRESOLVED: gcc.dg/vect/pr20122.c compilation failed to produce executable
FAIL: gcc.dg/vect/pr43430-1.c (test for excess errors)
UNRESOLVED: gcc.dg/vect/pr43430-1.c compilation failed to produce executable
FAIL: gcc.dg/vect/vect-100.c (test for excess errors)
UNRESOLVED: gcc.dg/vect/vect-100.c compilation failed to produce executable
FAIL: gcc.dg/vect/vect-105.c (test for excess errors)
UNRESOLVED: gcc.dg/vect/vect-105.c compilation failed to produce executable
FAIL: gcc.dg/vect/vect-106.c (test for excess errors)
UNRESOLVED: gcc.dg/vect/vect-106.c compilation failed to produce executable
FAIL: gcc.dg/vect/vect-109.c (test for excess errors)
UNRESOLVED: gcc.dg/vect/vect-109.c compilation failed to produce executable
FAIL: gcc.dg/vect/vect-117.c (test for excess errors)
UNRESOLVED: gcc.dg/vect/vect-117.c compilation failed to produce executable
XPASS: gcc.dg/vect/vect-16.c scan-tree-dump-times vect "vectorized 1 loops" 1
FAIL: gcc.dg/vect/vect-27.c (test for excess errors)
UNRESOLVED: gcc.dg/vect/vect-27.c compilation failed to produce executable
FAIL: gcc.dg/vect/vect-29.c (test for excess errors)
UNRESOLVED: gcc.dg/vect/vect-29.c compilation failed to produce executable
FAIL: gcc.dg/vect/vect-42.c (test for excess errors)
UNRESOLVED: gcc.dg/vect/vect-42.c compilation failed to produce executable
FAIL: gcc.dg/vect/vect-44.c (test for excess errors)
UNRESOLVED: gcc.dg/vect/vect-44.c compilation failed to produce executable
FAIL: gcc.dg/vect/vect-48.c (test for excess errors)
UNRESOLVED: gcc.dg/vect/vect-48.c compilation failed to produce executable
FAIL: gcc.dg/vect/vect-50.c (test for excess errors)
UNRESOLVED: gcc.dg/vect/vect-50.c compilation failed to produce executable
FAIL: gcc.dg/vect/vect-52.c (test for excess errors)
UNRESOLVED: gcc.dg/vect/vect-52.c compilation failed to produce executable
FAIL: gcc.dg/vect/vect-56.c (test for excess errors)
UNRESOLVED: gcc.dg/vect/vect-56.c compilation failed to produce executable
FAIL: gcc.dg/vect/vect-60.c (test for excess errors)
UNRESOLVED: gcc.dg/vect/vect-60.c compilation failed to produce executable
FAIL: gcc.dg/vect/vect-72.c (test for excess errors)
UNRESOLVED: gcc.dg/vect/vect-72.c compilation failed to produce executable
FAIL: gcc.dg/vect/vect-72.c scan-tree-dump-times vect "Alignment of access forced using peeling" 0
FAIL: gcc.dg/vect/vect-74.c (test for excess errors)
UNRESOLVED: gcc.dg/vect/vect-74.c compilation failed to produce executable
FAIL: gcc.dg/vect/vect-75.c (test for excess errors)
UNRESOLVED: gcc.dg/vect/vect-75.c compilation failed to produce executable
FAIL: gcc.dg/vect/vect-76.c (test for excess errors)
UNRESOLVED: gcc.dg/vect/vect-76.c compilation failed to produce executable
FAIL: gcc.dg/vect/vect-77-alignchecks.c (test for excess errors)
UNRESOLVED: gcc.dg/vect/vect-77-alignchecks.c compilation failed to produce executable
FAIL: gcc.dg/vect/vect-77-global.c (test for excess errors)
UNRESOLVED: gcc.dg/vect/vect-77-global.c compilation failed to produce executable
FAIL: gcc.dg/vect/vect-77.c (test for excess errors)
UNRESOLVED: gcc.dg/vect/vect-77.c compilation failed to produce executable
FAIL: gcc.dg/vect/vect-78-alignchecks.c (test for excess errors)
UNRESOLVED: gcc.dg/vect/vect-78-alignchecks.c compilation failed to produce executable
FAIL: gcc.dg/vect/vect-78-global.c (test for excess errors)
UNRESOLVED: gcc.dg/vect/vect-78-global.c compilation failed to produce executable
FAIL: gcc.dg/vect/vect-78.c (test for excess errors)
UNRESOLVED: gcc.dg/vect/vect-78.c compilation failed to produce executable
FAIL: gcc.dg/vect/vect-80.c (test for excess errors)
UNRESOLVED: gcc.dg/vect/vect-80.c compilation failed to produce executable
FAIL: gcc.dg/vect/vect-93.c (test for excess errors)
UNRESOLVED: gcc.dg/vect/vect-93.c compilation failed to produce executable
FAIL: gcc.dg/vect/vect-95.c (test for excess errors)
UNRESOLVED: gcc.dg/vect/vect-95.c compilation failed to produce executable
FAIL: gcc.dg/vect/vect-96.c (test for excess errors)
UNRESOLVED: gcc.dg/vect/vect-96.c compilation failed to produce executable
FAIL: gcc.dg/vect/vect-multitypes-1.c (test for excess errors)
UNRESOLVED: gcc.dg/vect/vect-multitypes-1.c compilation failed to produce executable
FAIL: gcc.dg/vect/vect-multitypes-11.c (test for excess errors)
UNRESOLVED: gcc.dg/vect/vect-multitypes-11.c compilation failed to produce executable
FAIL: gcc.dg/vect/vect-multitypes-12.c (test for excess errors)
UNRESOLVED: gcc.dg/vect/vect-multitypes-12.c compilation failed to produce executable
FAIL: gcc.dg/vect/vect-multitypes-3.c (test for excess errors)
UNRESOLVED: gcc.dg/vect/vect-multitypes-3.c compilation failed to produce executable
FAIL: gcc.dg/vect/vect-multitypes-4.c (test for excess errors)
UNRESOLVED: gcc.dg/vect/vect-multitypes-4.c compilation failed to produce executable
FAIL: gcc.dg/vect/vect-multitypes-6.c (test for excess errors)
UNRESOLVED: gcc.dg/vect/vect-multitypes-6.c compilation failed to produce executable
FAIL: gcc.dg/vect/vect-nest-cycle-1.c (test for excess errors)
UNRESOLVED: gcc.dg/vect/vect-nest-cycle-1.c compilation failed to produce executable
FAIL: gcc.dg/vect/vect-nest-cycle-2.c (test for excess errors)
UNRESOLVED: gcc.dg/vect/vect-nest-cycle-2.c compilation failed to produce executable
FAIL: gcc.dg/vect/vect-outer-3a.c (test for excess errors)
UNRESOLVED: gcc.dg/vect/vect-outer-3a.c compilation failed to produce executable
FAIL: gcc.dg/vect/vect-outer-5.c (test for excess errors)
UNRESOLVED: gcc.dg/vect/vect-outer-5.c compilation failed to produce executable
FAIL: gcc.dg/vect/vect-outer-fir-lb.c (test for excess errors)
UNRESOLVED: gcc.dg/vect/vect-outer-fir-lb.c compilation failed to produce executable
FAIL: gcc.dg/vect/vect-outer-fir.c (test for excess errors)
UNRESOLVED: gcc.dg/vect/vect-outer-fir.c compilation failed to produce executable
FAIL: gcc.dg/vect/vect-peel-1.c (test for excess errors)
UNRESOLVED: gcc.dg/vect/vect-peel-1.c compilation failed to produce executable
FAIL: gcc.dg/vect/vect-peel-2.c (test for excess errors)
UNRESOLVED: gcc.dg/vect/vect-peel-2.c compilation failed to produce executable
FAIL: gcc.dg/vect/vect-peel-3.c scan-tree-dump-times vect "Vectorizing an unaligned access" 1
FAIL: gcc.dg/vect/vect-peel-4.c scan-tree-dump-times vect "Vectorizing an unaligned access" 1
FAIL: gcc.dg/vect/vect-vfa-01.c (test for excess errors)
UNRESOLVED: gcc.dg/vect/vect-vfa-01.c compilation failed to produce executable
FAIL: gcc.dg/vect/vect-vfa-02.c (test for excess errors)
UNRESOLVED: gcc.dg/vect/vect-vfa-02.c compilation failed to produce executable
FAIL: gcc.dg/vect/vect-vfa-04.c (test for excess errors)
UNRESOLVED: gcc.dg/vect/vect-vfa-04.c compilation failed to produce executable
FAIL: gcc.dg/vect/vect-vfa-slp.c (test for excess errors)
UNRESOLVED: gcc.dg/vect/vect-vfa-slp.c compilation failed to produce executable
FAIL: gcc.dg/vect/vect-widen-mult-sum.c (test for excess errors)
UNRESOLVED: gcc.dg/vect/vect-widen-mult-sum.c compilation failed to produce executable
FAIL: gcc.dg/vect/slp-23.c (test for excess errors)
UNRESOLVED: gcc.dg/vect/slp-23.c compilation failed to produce executable
FAIL: gcc.dg/vect/slp-24.c (test for excess errors)
UNRESOLVED: gcc.dg/vect/slp-24.c compilation failed to produce executable
FAIL: gcc.dg/vect/slp-3.c (test for excess errors)
UNRESOLVED: gcc.dg/vect/slp-3.c compilation failed to produce executable
FAIL: gcc.dg/vect/slp-35.c (test for excess errors)
UNRESOLVED: gcc.dg/vect/slp-35.c compilation failed to produce executable
FAIL: gcc.dg/vect/slp-perm-6.c (test for excess errors)
UNRESOLVED: gcc.dg/vect/slp-perm-6.c compilation failed to produce executable
FAIL: gcc.dg/vect/slp-reduc-6.c scan-tree-dump-times vect "vectorized 1 loops" 2
FAIL: gcc.dg/vect/bb-slp-10.c scan-tree-dump-times slp "unsupported alignment in basic block." 1
FAIL: gcc.dg/vect/bb-slp-8.c (test for excess errors)
UNRESOLVED: gcc.dg/vect/bb-slp-8.c compilation failed to produce executable
FAIL: gcc.dg/vect/no-vfa-pr29145.c (test for excess errors)
UNRESOLVED: gcc.dg/vect/no-vfa-pr29145.c compilation failed to produce executable
FAIL: gcc.dg/vect/no-vfa-vect-43.c (test for excess errors)
UNRESOLVED: gcc.dg/vect/no-vfa-vect-43.c compilation failed to produce executable
FAIL: gcc.dg/vect/no-vfa-vect-49.c (test for excess errors)
UNRESOLVED: gcc.dg/vect/no-vfa-vect-49.c compilation failed to produce executable
FAIL: gcc.dg/vect/no-vfa-vect-53.c (test for excess errors)
UNRESOLVED: gcc.dg/vect/no-vfa-vect-53.c compilation failed to produce executable
FAIL: gcc.dg/vect/no-vfa-vect-57.c (test for excess errors)
UNRESOLVED: gcc.dg/vect/no-vfa-vect-57.c compilation failed to produce executable
FAIL: gcc.dg/vect/no-vfa-vect-61.c (test for excess errors)
UNRESOLVED: gcc.dg/vect/no-vfa-vect-61.c compilation failed to produce executable
FAIL: gcc.dg/vect/no-vfa-vect-depend-1.c (test for excess errors)
UNRESOLVED: gcc.dg/vect/no-vfa-vect-depend-1.c compilation failed to produce executable
FAIL: gcc.dg/vect/no-scevccp-outer-6.c (test for excess errors)
UNRESOLVED: gcc.dg/vect/no-scevccp-outer-6.c compilation failed to produce executable
FAIL: gcc.dg/vect/no-scevccp-outer-8.c (test for excess errors)
UNRESOLVED: gcc.dg/vect/no-scevccp-outer-8.c compilation failed to produce executable
FAIL: gcc.dg/vect/no-tree-pre-slp-29.c (test for excess errors)
UNRESOLVED: gcc.dg/vect/no-tree-pre-slp-29.c compilation failed to produce executable
FAIL: gcc.dg/vect/O3-vect-pr34223.c (test for excess errors)
UNRESOLVED: gcc.dg/vect/O3-vect-pr34223.c compilation failed to produce executable
FAIL: gcc.target/arm/fp16-compile-none-1.c  (test for errors, line 6)
FAIL: gcc.target/arm/fp16-compile-none-1.c (test for excess errors)
FAIL: gcc.target/arm/pr42093.c scan-assembler-not tbb
FAIL: gcc.target/arm/pr42575.c scan-assembler-not mov
FAIL: gcc.target/arm/vfp-1.c scan-assembler fsts.+ \\\\[r0, #0\\\\]\$

		=== gcc Summary ===

# of expected passes		73072
# of unexpected failures	279
# of unexpected successes	2
# of expected failures		199
# of unresolved testcases	171
# of unsupported tests		961
/var/builds/opt/trunk/objdir/gcc/xgcc  version 4.6.0 20101221 (experimental) [trunk revision 168112] (GCC) 


Compiler version: 4.6.0 20101221 (experimental) [trunk revision 168112] (GCC) 
Platform: armv7l-unknown-linux-gnueabi
configure flags: --prefix=/opt/install-gcc-trunk --enable-languages=c --with-cpu=cortex-a8 --with-fpu=neon --with-float=softfp

Build Logs: http://rcn-ee.homeip.net:81/dl/gcc/


Index Nav: [Date Index] [Subject Index] [Author Index] [Thread Index]
Message Nav: [Date Prev] [Date Next] [Thread Prev] [Thread Next]