This is the mail archive of the
gcc-testresults@gcc.gnu.org
mailing list for the GCC project.
Results for 4.6.0 20101219 (experimental) [trunk revision 168075] (GCC) gcc testsuite on sparc64-unknown-linux-gnu
- From: Laurent GUERBY gcc54 <guerby at gcc54 dot fsffrance dot org>
- To: gcc-testresults at gcc dot gnu dot org
- Date: Wed, 22 Dec 2010 01:22:22 +0100
- Subject: Results for 4.6.0 20101219 (experimental) [trunk revision 168075] (GCC) gcc testsuite on sparc64-unknown-linux-gnu
LAST_UPDATED: Sun Dec 19 21:34:34 UTC 2010 (revision 168075)
Native configuration is sparc64-unknown-linux-gnu
=== gcc tests ===
Running target unix
FAIL: gcc.c-torture/compile/limits-structnest.c -O2 (test for excess errors)
FAIL: gcc.c-torture/compile/limits-structnest.c -O3 -fomit-frame-pointer (test for excess errors)
FAIL: gcc.c-torture/compile/limits-structnest.c -O3 -g (test for excess errors)
FAIL: gcc.c-torture/compile/limits-structnest.c -Os (test for excess errors)
FAIL: gcc.c-torture/compile/limits-structnest.c -O2 -flto -flto-partition=none (test for excess errors)
FAIL: gcc.c-torture/compile/limits-structnest.c -O2 -flto (test for excess errors)
=== gcc Summary ===
# of expected passes 19811
# of unexpected failures 6
# of unsupported tests 66
/home/guerby/build/gcc/xgcc version 4.6.0 20101219 (experimental) [trunk revision 168075] (GCC)
Compiler version: 4.6.0 20101219 (experimental) [trunk revision 168075] (GCC) gcc
Platform: sparc64-unknown-linux-gnu
configure flags: --prefix=/n/54/guerby/install-trunk --disable-werror --enable-languages=c,ada --enable-__cxa_atexit --disable-nls --enable-threads=posix --with-gmp=/opt/cfarm/gmp-4.2.4 --with-mpfr=/opt/cfarm/mpfr-2.4.1 --with-mpc=/opt/cfarm/mpc-0.8 --with-cpu=v8 --disable-multilib