This is the mail archive of the gcc-testresults@gcc.gnu.org mailing list for the GCC project.


Index Nav: [Date Index] [Subject Index] [Author Index] [Thread Index]
Message Nav: [Date Prev] [Date Next] [Thread Prev] [Thread Next]
Other format: [Raw text]

Results for 4.5.2 (GCC) testsuite on i386-pc-solaris2.9


LAST_UPDATED: Obtained from SVN: tags/gcc_4_5_2_release revision 167946

		=== acats tests ===

		=== acats Summary ===
# of expected passes		2321
# of unexpected failures	0
Native configuration is i386-pc-solaris2.9

		=== g++ tests ===


Running target unix

		=== g++ Summary ===

# of expected passes		23013
# of expected failures		152
# of unsupported tests		179
/var/gcc/gcc-4.5.2/gcc/testsuite/g++/../../g++  version 4.5.2 (GCC) 

		=== gcc tests ===


Running target unix
FAIL: gcc.c-torture/compile/limits-exprparen.c  -O0  (test for excess errors)
FAIL: gcc.c-torture/compile/limits-exprparen.c  -O1  (test for excess errors)
FAIL: gcc.c-torture/compile/limits-exprparen.c  -O2  (test for excess errors)
FAIL: gcc.c-torture/compile/limits-exprparen.c  -O3 -fomit-frame-pointer  (test for excess errors)
FAIL: gcc.c-torture/compile/limits-exprparen.c  -O3 -g  (test for excess errors)
FAIL: gcc.c-torture/compile/limits-exprparen.c  -Os  (test for excess errors)
FAIL: gcc.c-torture/compile/limits-exprparen.c  -O2 -flto  (test for excess errors)
FAIL: gcc.c-torture/compile/limits-exprparen.c  -O2 -fwhopr  (test for excess errors)
FAIL: gcc.dg/lto/20081201-2 c_lto_20081201-2_0.o-c_lto_20081201-2_1.o execute -O3 -fwhopr

		=== gcc Summary ===

# of expected passes		71162
# of unexpected failures	9
# of expected failures		166
# of unsupported tests		743
/var/gcc/gcc-4.5.2/gcc/xgcc  version 4.5.2 (GCC) 

		=== gfortran tests ===


Running target unix

		=== gfortran Summary ===

# of expected passes		33868
# of expected failures		20
# of unsupported tests		297
/var/gcc/gcc-4.5.2/gcc/testsuite/gfortran/../../gfortran  version 4.5.2 (GCC) 

		=== gnat tests ===


Running target unix

		=== gnat Summary ===

# of expected passes		763
# of expected failures		7
# of unsupported tests		1
		=== objc tests ===


Running target unix

		=== objc Summary ===

# of expected passes		1882
# of expected failures		7
# of unsupported tests		20
/var/gcc/gcc-4.5.2/gcc/xgcc  version 4.5.2 (GCC) 

		=== libffi tests ===


Running target unix

		=== libffi Summary ===

# of expected passes		1634
# of expected failures		10
# of unsupported tests		15
		=== libgomp tests ===


Running target unix

		=== libgomp Summary ===

# of expected passes		2506
# of unsupported tests		2
		=== libjava tests ===


Running target unix
FAIL: Divide_1 output - source compiled test
FAIL: Divide_1 -findirect-dispatch output - source compiled test
FAIL: Divide_1 -O3 output - source compiled test
FAIL: Divide_1 -O3 -findirect-dispatch output - source compiled test

		=== libjava Summary ===

# of expected passes		2570
# of unexpected failures	4
		=== libstdc++ tests ===


Running target unix

		=== libstdc++ Summary ===

# of expected passes		6334
# of expected failures		93
# of unsupported tests		622

		=== libstdc++ Summary ===


Compiler version: 4.5.2 (GCC) 
Platform: i386-pc-solaris2.9
configure flags: --prefix=/vol/gcc-4.5 --with-gmp=/vol/gcc --with-mpfr=/vol/gcc --disable-nls --enable-languages=all,ada --with-gnu-as --with-as=/vol/gcc/bin/gas-2.21
BOOT_CFLAGS=-g -O2


Index Nav: [Date Index] [Subject Index] [Author Index] [Thread Index]
Message Nav: [Date Prev] [Date Next] [Thread Prev] [Thread Next]