This is the mail archive of the gcc-testresults@gcc.gnu.org mailing list for the GCC project.


Index Nav: [Date Index] [Subject Index] [Author Index] [Thread Index]
Message Nav: [Date Prev] [Date Next] [Thread Prev] [Thread Next]
Other format: [Raw text]

Results for 4.5.3 20101217 (prerelease) [gcc-4_5-branch revision 167990] (GCC) testsuite on i386-pc-solaris2.11


LAST_UPDATED: Fri Dec 17 17:33:48 UTC 2010 (revision 167990)

		=== acats tests ===

		=== acats Summary ===
# of expected passes		2321
# of unexpected failures	0
Native configuration is i386-pc-solaris2.11

		=== g++ tests ===


Running target unix

		=== g++ Summary for unix ===

# of expected passes		23103
# of expected failures		152
# of unsupported tests		163

Running target unix/-m64
FAIL: g++.dg/tls/static-1.C execution test

		=== g++ Summary for unix/-m64 ===

# of expected passes		22722
# of unexpected failures	1
# of expected failures		152
# of unsupported tests		346

		=== g++ Summary ===

# of expected passes		45825
# of unexpected failures	1
# of expected failures		304
# of unsupported tests		509
/var/gcc/regression/gcc-4.5-branch/11-gcc-gas/build/gcc/testsuite/g++/../../g++  version 4.5.3 20101217 (prerelease) [gcc-4_5-branch revision 167990] (GCC) 

		=== gcc tests ===


Running target unix

		=== gcc Summary for unix ===

# of expected passes		71310
# of expected failures		167
# of unsupported tests		699

Running target unix/-m64
FAIL: gcc.dg/cpp/trad/include.c (internal compiler error)
FAIL: gcc.dg/cpp/trad/include.c (test for excess errors)

		=== gcc Summary for unix/-m64 ===

# of expected passes		70849
# of unexpected failures	2
# of expected failures		165
# of unsupported tests		1051

		=== gcc Summary ===

# of expected passes		142159
# of unexpected failures	2
# of expected failures		332
# of unsupported tests		1750
/var/gcc/regression/gcc-4.5-branch/11-gcc-gas/build/gcc/xgcc  version 4.5.3 20101217 (prerelease) [gcc-4_5-branch revision 167990] (GCC) 

		=== gfortran tests ===


Running target unix

		=== gfortran Summary for unix ===

# of expected passes		34214
# of expected failures		20
# of unsupported tests		146

Running target unix/-m64

		=== gfortran Summary for unix/-m64 ===

# of expected passes		34367
# of expected failures		20
# of unsupported tests		78

		=== gfortran Summary ===

# of expected passes		68581
# of expected failures		40
# of unsupported tests		224
/var/gcc/regression/gcc-4.5-branch/11-gcc-gas/build/gcc/testsuite/gfortran/../../gfortran  version 4.5.3 20101217 (prerelease) [gcc-4_5-branch revision 167990] (GCC) 

		=== gnat tests ===


Running target unix

		=== gnat Summary for unix ===

# of expected passes		766
# of expected failures		7
# of unsupported tests		1

Running target unix/-m64

		=== gnat Summary for unix/-m64 ===

# of expected passes		766
# of expected failures		7
# of unsupported tests		1

		=== gnat Summary ===

# of expected passes		1532
# of expected failures		14
# of unsupported tests		2
		=== objc tests ===


Running target unix

		=== objc Summary for unix ===

# of expected passes		1882
# of expected failures		7
# of unsupported tests		20

Running target unix/-m64

		=== objc Summary for unix/-m64 ===

# of expected passes		1874
# of expected failures		15
# of unsupported tests		20

		=== objc Summary ===

# of expected passes		3756
# of expected failures		22
# of unsupported tests		40
/var/gcc/regression/gcc-4.5-branch/11-gcc-gas/build/gcc/xgcc  version 4.5.3 20101217 (prerelease) [gcc-4_5-branch revision 167990] (GCC) 

		=== libffi tests ===


Running target unix

		=== libffi Summary for unix ===

# of expected passes		1634
# of expected failures		10
# of unsupported tests		15

Running target unix/-m64

		=== libffi Summary for unix/-m64 ===

# of expected passes		1634
# of expected failures		10
# of unsupported tests		15

		=== libffi Summary ===

# of expected passes		3268
# of expected failures		20
# of unsupported tests		30
		=== libgomp tests ===


Running target unix

		=== libgomp Summary for unix ===

# of expected passes		2506
# of unsupported tests		2

Running target unix/-m64
FAIL: libgomp.c/copyin-3.c execution test
FAIL: libgomp.c/nqueens-1.c execution test
FAIL: libgomp.c/pr24455.c execution test
FAIL: libgomp.c++/ctor-10.C  -O0  execution test
FAIL: libgomp.c++/ctor-10.C  -O1  execution test
FAIL: libgomp.c++/ctor-10.C  -O2  execution test
FAIL: libgomp.c++/ctor-10.C  -O3 -fomit-frame-pointer  execution test
FAIL: libgomp.c++/ctor-10.C  -O3 -fomit-frame-pointer -funroll-loops  execution test
FAIL: libgomp.c++/ctor-10.C  -O3 -fomit-frame-pointer -funroll-all-loops -finline-functions  execution test
FAIL: libgomp.c++/ctor-10.C  -O3 -g  execution test
FAIL: libgomp.c++/ctor-10.C  -Os  execution test
FAIL: libgomp.c++/pr24455.C  -O0  execution test
FAIL: libgomp.c++/pr24455.C  -O1  execution test
FAIL: libgomp.c++/pr24455.C  -O2  execution test
FAIL: libgomp.c++/pr24455.C  -O3 -fomit-frame-pointer  execution test
FAIL: libgomp.c++/pr24455.C  -O3 -fomit-frame-pointer -funroll-loops  execution test
FAIL: libgomp.c++/pr24455.C  -O3 -fomit-frame-pointer -funroll-all-loops -finline-functions  execution test
FAIL: libgomp.c++/pr24455.C  -O3 -g  execution test
FAIL: libgomp.c++/pr24455.C  -Os  execution test
FAIL: libgomp.fortran/appendix-a/a.22.8.f90  -O0  execution test
FAIL: libgomp.fortran/appendix-a/a.22.8.f90  -O1  execution test
FAIL: libgomp.fortran/appendix-a/a.22.8.f90  -O2  execution test
FAIL: libgomp.fortran/appendix-a/a.22.8.f90  -O3 -fomit-frame-pointer  execution test
FAIL: libgomp.fortran/appendix-a/a.22.8.f90  -O3 -fomit-frame-pointer -funroll-loops  execution test
FAIL: libgomp.fortran/appendix-a/a.22.8.f90  -O3 -fomit-frame-pointer -funroll-all-loops -finline-functions  execution test
FAIL: libgomp.fortran/appendix-a/a.22.8.f90  -O3 -g  execution test
FAIL: libgomp.fortran/appendix-a/a.22.8.f90  -Os  execution test
FAIL: libgomp.fortran/threadprivate1.f90  -O0  execution test
FAIL: libgomp.fortran/threadprivate1.f90  -O1  execution test
FAIL: libgomp.fortran/threadprivate1.f90  -O2  execution test
FAIL: libgomp.fortran/threadprivate1.f90  -O3 -fomit-frame-pointer  execution test
FAIL: libgomp.fortran/threadprivate1.f90  -O3 -fomit-frame-pointer -funroll-loops  execution test
FAIL: libgomp.fortran/threadprivate1.f90  -O3 -fomit-frame-pointer -funroll-all-loops -finline-functions  execution test
FAIL: libgomp.fortran/threadprivate1.f90  -O3 -g  execution test
FAIL: libgomp.fortran/threadprivate1.f90  -Os  execution test
FAIL: libgomp.fortran/threadprivate2.f90  -O0  execution test
FAIL: libgomp.fortran/threadprivate2.f90  -O1  execution test
FAIL: libgomp.fortran/threadprivate2.f90  -O2  execution test
FAIL: libgomp.fortran/threadprivate2.f90  -O3 -fomit-frame-pointer  execution test
FAIL: libgomp.fortran/threadprivate2.f90  -O3 -fomit-frame-pointer -funroll-loops  execution test
FAIL: libgomp.fortran/threadprivate2.f90  -O3 -fomit-frame-pointer -funroll-all-loops -finline-functions  execution test
FAIL: libgomp.fortran/threadprivate2.f90  -O3 -g  execution test
FAIL: libgomp.fortran/threadprivate2.f90  -Os  execution test

		=== libgomp Summary for unix/-m64 ===

# of expected passes		2463
# of unexpected failures	43
# of unsupported tests		2

		=== libgomp Summary ===

# of expected passes		4969
# of unexpected failures	43
# of unsupported tests		4
		=== libjava tests ===


Running target unix

		=== libjava Summary for unix ===

# of expected passes		2574

Running target unix/-m64
FAIL: PR16923 run

		=== libjava Summary for unix/-m64 ===

# of expected passes		2573
# of unexpected failures	1
# of untested testcases		1

		=== libjava Summary ===

# of expected passes		5147
# of unexpected failures	1
# of untested testcases		1
		=== libstdc++ tests ===


Running target unix

		=== libstdc++ Summary for unix ===

# of expected passes		6698
# of expected failures		92
# of unsupported tests		436

Running target unix/-m64

		=== libstdc++ Summary for unix/-m64 ===

# of expected passes		6698
# of expected failures		92
# of unsupported tests		436

		=== libstdc++ Summary ===

# of expected passes		13396
# of expected failures		184
# of unsupported tests		872

		=== libstdc++ Summary ===


Compiler version: 4.5.3 20101217 (prerelease) [gcc-4_5-branch revision 167990] (GCC) 
Platform: i386-pc-solaris2.11
configure flags: --prefix=/vol/gcc --target=i386-pc-solaris2.11 --with-as=/vol/gcc/bin/gas-2.21 --with-gnu-as --with-gmp=/vol/gcc --with-mpfr=/vol/gcc --with-mpc=/vol/gcc --enable-languages=all,ada
BOOT_CFLAGS=-g -O2


Index Nav: [Date Index] [Subject Index] [Author Index] [Thread Index]
Message Nav: [Date Prev] [Date Next] [Thread Prev] [Thread Next]