This is the mail archive of the gcc-testresults@gcc.gnu.org mailing list for the GCC project.


Index Nav: [Date Index] [Subject Index] [Author Index] [Thread Index]
Message Nav: [Date Prev] [Date Next] [Thread Prev] [Thread Next]
Other format: [Raw text]

Results for 4.5.2 (Blastwave.org Inc. Thu Dec 16 18:05:01 GMT 2010) testsuite on i386-pc-solaris2.8


[ titan ] $ uname -a
SunOS titan 5.8 Generic_127722-03 i86pc i386 i86pc
[ titan ] $  which gcc
/usr/local/gcc4/bin/gcc
[ titan ] $ gcc --version
gcc (Blastwave.org Inc. Fri Dec 10 21:37:24 GMT 2010) 4.5.2 20101208
(prerelease)
Copyright (C) 2010 Free Software Foundation, Inc.
This is free software; see the source for copying conditions.  There is NO
warranty; not even for MERCHANTABILITY or FITNESS FOR A PARTICULAR PURPOSE.

[ titan ] $  which as
/usr/local/bin/as
[ titan ] $ as --version
GNU assembler (GNU Binutils) 2.20.1.20100303
Copyright 2009 Free Software Foundation, Inc.
This program is free software; you may redistribute it under the terms of
the GNU General Public License version 3 or later.
This program has absolutely no warranty.
This assembler was configured for a target of `i386-pc-solaris2.8'.
[ titan ] $  cat /etc/release
                       Solaris 8 2/02 s28x_u7wos_08a INTEL
           Copyright 2002 Sun Microsystems, Inc.  All Rights Reserved.
                           Assembled 18 December 2001
[ titan ] $  date
Sun Dec 19 20:27:22 GMT 2010
[ titan ] $ ../gcc-4.5.2/contrib/test_summary
cat <<'EOF' |
LAST_UPDATED: Obtained from SVN: tags/gcc_4_5_2_release revision 167946

                === acats tests ===

                === acats Summary ===
# of expected passes            2321
# of unexpected failures        0
Native configuration is i386-pc-solaris2.8

                === g++ tests ===


Running target unix
FAIL: g++.dg/torture/pr44900.C  -O0  execution test
FAIL: g++.dg/torture/pr44900.C  -O1  execution test
FAIL: g++.dg/torture/pr44900.C  -O2  execution test
FAIL: g++.dg/torture/pr44900.C  -O3 -fomit-frame-pointer  execution test
FAIL: g++.dg/torture/pr44900.C  -O3 -g  execution test
FAIL: g++.dg/torture/pr44900.C  -Os  execution test
FAIL: g++.dg/torture/pr44900.C  -O2 -flto  execution test
FAIL: g++.dg/torture/pr44900.C  -O2 -fwhopr  execution test

                === g++ Summary ===

# of expected passes            22841
# of unexpected failures        8
# of expected failures          153
# of unsupported tests          245
/export/medusa/dclarke/build/GCC/4.5.2/gcc-4.5.2_i386_usr_local_SunOS5.8.001/gcc/testsuite/g++/../../g++
 version 4.5.2 (Blastwave.org Inc. Thu Dec 16 18:05:01 GMT 2010)

                === gcc tests ===


Running target unix
WARNING: program timed out.
FAIL: gcc.c-torture/compile/pr46534.c  -O0  (test for excess errors)
WARNING: program timed out.
FAIL: gcc.c-torture/compile/pr46534.c  -O1  (test for excess errors)
WARNING: program timed out.
FAIL: gcc.c-torture/compile/pr46534.c  -O3 -fomit-frame-pointer  (test for
excess errors)
WARNING: program timed out.
FAIL: gcc.c-torture/compile/pr46534.c  -O3 -g  (test for excess errors)
WARNING: program timed out.
FAIL: gcc.c-torture/compile/pr46534.c  -Os  (test for excess errors)
WARNING: program timed out.
FAIL: gcc.c-torture/compile/pr46534.c  -O2 -flto  (test for excess errors)
WARNING: program timed out.
FAIL: gcc.c-torture/compile/pr46534.c  -O2 -fwhopr  (test for excess errors)

                === gcc Summary ===

# of expected passes            70263
# of unexpected failures        7
# of expected failures          166
# of unsupported tests          947
/export/medusa/dclarke/build/GCC/4.5.2/gcc-4.5.2_i386_usr_local_SunOS5.8.001/gcc/xgcc
 version 4.5.2 (Blastwave.org Inc. Thu Dec 16 18:05:01 GMT 2010)

                === gfortran tests ===


Running target unix

                === gfortran Summary ===

# of expected passes            33350
# of expected failures          20
# of unsupported tests          298
/export/medusa/dclarke/build/GCC/4.5.2/gcc-4.5.2_i386_usr_local_SunOS5.8.001/gcc/testsuite/gfortran/../../gfortran
 version 4.5.2 (Blastwave.org Inc. Thu Dec 16 18:05:01 GMT 2010)

                === gnat tests ===


Running target unix

                === gnat Summary ===

# of expected passes            761
# of expected failures          7
# of unsupported tests          2
                === objc tests ===


Running target unix

                === objc Summary ===

# of expected passes            1912
# of expected failures          7
# of unsupported tests          20
/export/medusa/dclarke/build/GCC/4.5.2/gcc-4.5.2_i386_usr_local_SunOS5.8.001/gcc/xgcc
 version 4.5.2 (Blastwave.org Inc. Thu Dec 16 18:05:01 GMT 2010)

                === libgomp tests ===


Running target unix

                === libgomp Summary ===

# of expected passes            2506
# of unsupported tests          2
                === libstdc++ tests ===


Running target unix
XPASS: ext/enc_filebuf/char/13598.cc execution test

                === libstdc++ Summary ===

# of expected passes            6336
# of unexpected successes       1
# of expected failures          90
# of unsupported tests          622

Compiler version: 4.5.2 (Blastwave.org Inc. Thu Dec 16 18:05:01 GMT 2010)
Platform: i386-pc-solaris2.8
configure flags: --host=i386-pc-solaris2.8 --build=i386-pc-solaris2.8
--with-gnu-as --with-as=/usr/local/bin/as --without-gnu-ld
--with-ld=/usr/ccs/bin/ld --with-cpu=i386 --enable-stage1-languages=c
--enable-nls --enable-threads=posix --prefix=/usr/local/gcc4
--with-local-prefix=/usr/local --enable-shared --enable-multilib
--with-mpc=/usr/local --with-gmp=/usr/local --with-mpfr=/usr/local
--with-pkgversion='Blastwave.org Inc. Thu Dec 16 18:05:01 GMT 2010'
--with-bugurl=http://www.blastwave.org/support
--enable-languages=c,c++,objc,fortran,ada --enable-bootstrap
EOF

-- 
Dennis Clarke
dclarke@opensolaris.ca  <- Email related to the open source Solaris
dclarke@blastwave.org   <- Email related to open source for Solaris



Index Nav: [Date Index] [Subject Index] [Author Index] [Thread Index]
Message Nav: [Date Prev] [Date Next] [Thread Prev] [Thread Next]