This is the mail archive of the
gcc-testresults@gcc.gnu.org
mailing list for the GCC project.
Results for 4.5.2 (Blastwave.org Inc. Thu Dec 16 18:30:45 GMT 2010) testsuite on sparc-sun-solaris2.8
- From: Dennis Clarke <dclarke at blastwave dot org>
- To: gcc-testresults at gcc dot gnu dot org
- Date: Sun, 19 Dec 2010 15:32:21 -0500 (EST)
- Subject: Results for 4.5.2 (Blastwave.org Inc. Thu Dec 16 18:30:45 GMT 2010) testsuite on sparc-sun-solaris2.8
- Reply-to: dclarke at blastwave dot org
[ mimas ] $ uname -a
SunOS mimas 5.8 Generic_127721-03 sun4u sparc SUNW,UltraAX-i2
[ mimas ] $
[ mimas ] $ which gcc
/usr/local/gcc4/bin/gcc
[ mimas ] $
[ mimas ] $ gcc --version
gcc (Blastwave.org Inc. Fri Dec 10 21:37:24 GMT 2010) 4.5.2 20101208
(prerelease)
Copyright (C) 2010 Free Software Foundation, Inc.
This is free software; see the source for copying conditions. There is NO
warranty; not even for MERCHANTABILITY or FITNESS FOR A PARTICULAR PURPOSE.
[ mimas ] $
[ mimas ] $ which as
/usr/local/bin/as
[ mimas ] $
[ mimas ] $ as --version
GNU assembler (GNU Binutils) 2.20.1.20100303
Copyright 2009 Free Software Foundation, Inc.
This program is free software; you may redistribute it under the terms of
the GNU General Public License version 3 or later.
This program has absolutely no warranty.
This assembler was configured for a target of `sparc-sun-solaris2.8'.
[ mimas ] $
[ mimas ] $ cat /etc/release
Solaris 8 2/04 s28s_hw4wos_05a SPARC
Copyright 2004 Sun Microsystems, Inc. All Rights Reserved.
Assembled 08 January 2004
[ mimas ] $
[ mimas ] $
[ mimas ] $ date
Sun Dec 19 20:26:47 GMT 2010
[ mimas ] $ ../gcc-4.5.2/contrib/test_summary
cat <<'EOF' |
LAST_UPDATED: Obtained from SVN: tags/gcc_4_5_2_release revision 167946
=== acats tests ===
=== acats Summary ===
# of expected passes 2321
# of unexpected failures 0
Native configuration is sparc-sun-solaris2.8
=== g++ tests ===
Running target unix
FAIL: g++.dg/lto/20090303 cp_lto_20090303_0.o-cp_lto_20090303_0.o execute
-fwhopr
=== g++ Summary ===
# of expected passes 22082
# of unexpected failures 1
# of expected failures 153
# of unsupported tests 307
/export/medusa/dclarke/build/GCC/4.5.2/gcc-4.5.2_sparc_usr_local_SunOS5.8.001/gcc/testsuite/g++/../../g++
version 4.5.2 (Blastwave.org Inc. Thu Dec 16 18:30:45 GMT 2010)
=== gcc tests ===
Running target unix
WARNING: program timed out.
FAIL: gcc.dg/pr28796-2.c execution test
FAIL: gcc.dg/lto/20090210 c_lto_20090210_0.o-c_lto_20090210_1.o execute
-O0 -fwhopr
FAIL: gcc.dg/lto/20090210 c_lto_20090210_0.o-c_lto_20090210_1.o execute
-O2 -fwhopr
FAIL: gcc.dg/lto/20090210 c_lto_20090210_0.o-c_lto_20090210_1.o execute
-O0 -flto
FAIL: gcc.dg/lto/20090210 c_lto_20090210_0.o-c_lto_20090210_1.o execute
-O2 -flto
FAIL: gcc.dg/vect/pr43430-1.c scan-tree-dump-times vect "vectorized 1
loops" 1
FAIL: gcc.dg/vect/slp-multitypes-2.c execution test
=== gcc Summary ===
# of expected passes 64631
# of unexpected failures 7
# of expected failures 193
# of unsupported tests 955
/export/medusa/dclarke/build/GCC/4.5.2/gcc-4.5.2_sparc_usr_local_SunOS5.8.001/gcc/xgcc
version 4.5.2 (Blastwave.org Inc. Thu Dec 16 18:30:45 GMT 2010)
=== gfortran tests ===
Running target unix
FAIL: gfortran.fortran-torture/execute/forall_7.f90 execution, -O2
-fomit-frame-pointer -finline-functions -funroll-loops
=== gfortran Summary ===
# of expected passes 33806
# of unexpected failures 1
# of expected failures 23
# of unsupported tests 324
/export/medusa/dclarke/build/GCC/4.5.2/gcc-4.5.2_sparc_usr_local_SunOS5.8.001/gcc/testsuite/gfortran/../../gfortran
version 4.5.2 (Blastwave.org Inc. Thu Dec 16 18:30:45 GMT 2010)
=== gnat tests ===
Running target unix
=== gnat Summary ===
# of expected passes 762
# of expected failures 7
# of unsupported tests 2
=== objc tests ===
Running target unix
=== objc Summary ===
# of expected passes 1904
# of expected failures 15
# of unsupported tests 20
/export/medusa/dclarke/build/GCC/4.5.2/gcc-4.5.2_sparc_usr_local_SunOS5.8.001/gcc/xgcc
version 4.5.2 (Blastwave.org Inc. Thu Dec 16 18:30:45 GMT 2010)
=== libgomp tests ===
Running target unix
=== libgomp Summary ===
# of expected passes 2492
# of unsupported tests 9
=== libstdc++ tests ===
Running target unix
XPASS: ext/enc_filebuf/char/13598.cc execution test
=== libstdc++ Summary ===
# of expected passes 6317
# of unexpected successes 1
# of expected failures 90
# of unsupported tests 632
Compiler version: 4.5.2 (Blastwave.org Inc. Thu Dec 16 18:30:45 GMT 2010)
Platform: sparc-sun-solaris2.8
configure flags: --host=sparc-sun-solaris2.8 --build=sparc-sun-solaris2.8
--with-gnu-as --with-as=/usr/local/bin/as --without-gnu-ld
--with-ld=/usr/ccs/bin/ld --with-cpu=v7 --enable-stage1-languages=c
--enable-nls --enable-threads=posix --prefix=/usr/local/gcc4
--with-local-prefix=/usr/local --enable-shared --enable-multilib
--with-mpc=/usr/local --with-gmp=/usr/local --with-mpfr=/usr/local
--with-pkgversion='Blastwave.org Inc. Thu Dec 16 18:30:45 GMT 2010'
--with-bugurl=http://www.blastwave.org/support
--enable-languages=c,c++,objc,fortran,ada --enable-bootstrap
EOF
--
Dennis Clarke
dclarke@opensolaris.ca <- Email related to the open source Solaris
dclarke@blastwave.org <- Email related to open source for Solaris